{"id":6176,"date":"2026-07-15T23:24:28","date_gmt":"2026-07-15T21:24:28","guid":{"rendered":"https:\/\/www.visital.no\/?post_type=tribe_events&#038;p=6176"},"modified":"2026-07-15T23:26:41","modified_gmt":"2026-07-15T21:26:41","slug":"olsok-konsert-med-oyonn-groven-myhren","status":"publish","type":"tribe_events","link":"https:\/\/www.visital.no\/en\/arrangementer\/olsok-konsert-med-oyonn-groven-myhren\/","title":{"rendered":"Olsok concert with \u00d8yonn Groven Myhren"},"content":{"rendered":"<p class=\"PDq2pG_selectionAnchorContainer\" data-start=\"248\" data-end=\"441\">The concert will primarily focus on popular traditions of St. Olaf from various parts of Norway. In addition, excerpts from the visions of St. Olaf, as described by Snorri Sturluson in the 1230s, will be performed.<\/p>\n<p data-start=\"443\" data-end=\"849\">The concert concludes with <em data-start=\"467\" data-end=\"480\">The Dream Ballad<\/em>, Olav \u00c5steson recounts his visions and what he has seen of the Last Judgment. Several Draumkvede scholars have mused on the idea that Olav in <em data-start=\"621\" data-end=\"634\">The Dream Ballad<\/em> may be linked to the weekend king who died at Stiklestad on 29 July 1029. In some of the traditions of <em data-start=\"736\" data-end=\"749\">The Dream Ballad<\/em> Olav is given the nickname \u00c5steson, which some interpret as \u00abson of \u00c5sta\u00bb. The saintly king's mother was named \u00c5sta.<\/p>","protected":false},"excerpt":{"rendered":"<p>On Wednesday 29 July at 20:00, a concert is being held in Torpo Stave Church for Olsok. Here, old Olav traditions will be conveyed through words and music by \u00d8yonn Groven Myhren.<\/p>","protected":false},"author":3,"featured_media":6179,"template":"","meta":{"_acf_changed":false,"_tribe_events_status":"","_tribe_events_status_reason":"","footnotes":""},"tags":[],"tribe_events_cat":[86],"class_list":["post-6176","tribe_events","type-tribe_events","status-publish","has-post-thumbnail","hentry","tribe_events_cat-konsert","cat_konsert"],"acf":[],"yoast_head":"<title>Olsok-konsert med \u00d8yonn Groven Myhren - Visit \u00c5l<\/title>\n<meta name=\"robots\" content=\"noindex, follow\" \/>\n<meta property=\"og:locale\" content=\"en_GB\" \/>\n<meta property=\"og:type\" content=\"article\" \/>\n<meta property=\"og:title\" content=\"Olsok-konsert med \u00d8yonn Groven Myhren - Visit \u00c5l\" \/>\n<meta property=\"og:description\" content=\"Onsdag 29. juli klokken 20.00 inviteres det til Olsok-konsert i Torpo stavkirke. Her blir det gammel Olav-tradisjon formidlet gjennom ord og toner ved \u00d8yonn Groven Myhren.\" \/>\n<meta property=\"og:url\" content=\"https:\/\/www.visital.no\/en\/arrangementer\/olsok-konsert-med-oyonn-groven-myhren\/\" \/>\n<meta property=\"og:site_name\" content=\"Visit \u00c5l\" \/>\n<meta property=\"article:publisher\" content=\"https:\/\/facebook.com\/visitalihallingdal\/\" \/>\n<meta property=\"article:modified_time\" content=\"2026-07-15T21:26:41+00:00\" \/>\n<meta property=\"og:image\" content=\"https:\/\/www.visital.no\/wp-content\/uploads\/2026\/07\/dsc-0517-torpo-stavkyrkje-scaled.webp\" \/>\n\t<meta property=\"og:image:width\" content=\"2560\" \/>\n\t<meta property=\"og:image:height\" content=\"1710\" \/>\n\t<meta property=\"og:image:type\" content=\"image\/jpeg\" \/>\n<meta name=\"twitter:card\" content=\"summary_large_image\" \/>\n<script type=\"application\/ld+json\" class=\"yoast-schema-graph\">{\"@context\":\"https:\\\/\\\/schema.org\",\"@graph\":[{\"@type\":\"WebPage\",\"@id\":\"https:\\\/\\\/www.visital.no\\\/arrangementer\\\/olsok-konsert-med-oyonn-groven-myhren\\\/\",\"url\":\"https:\\\/\\\/www.visital.no\\\/arrangementer\\\/olsok-konsert-med-oyonn-groven-myhren\\\/\",\"name\":\"Olsok-konsert med \u00d8yonn Groven Myhren - Visit \u00c5l\",\"isPartOf\":{\"@id\":\"https:\\\/\\\/www.visital.no\\\/#website\"},\"primaryImageOfPage\":{\"@id\":\"https:\\\/\\\/www.visital.no\\\/arrangementer\\\/olsok-konsert-med-oyonn-groven-myhren\\\/#primaryimage\"},\"image\":{\"@id\":\"https:\\\/\\\/www.visital.no\\\/arrangementer\\\/olsok-konsert-med-oyonn-groven-myhren\\\/#primaryimage\"},\"thumbnailUrl\":\"https:\\\/\\\/www.visital.no\\\/wp-content\\\/uploads\\\/2026\\\/07\\\/dsc-0517-torpo-stavkyrkje-scaled.webp\",\"datePublished\":\"2026-07-15T21:24:28+00:00\",\"dateModified\":\"2026-07-15T21:26:41+00:00\",\"breadcrumb\":{\"@id\":\"https:\\\/\\\/www.visital.no\\\/arrangementer\\\/olsok-konsert-med-oyonn-groven-myhren\\\/#breadcrumb\"},\"inLanguage\":\"en-GB\",\"potentialAction\":[{\"@type\":\"ReadAction\",\"target\":[\"https:\\\/\\\/www.visital.no\\\/arrangementer\\\/olsok-konsert-med-oyonn-groven-myhren\\\/\"]}]},{\"@type\":\"ImageObject\",\"inLanguage\":\"en-GB\",\"@id\":\"https:\\\/\\\/www.visital.no\\\/arrangementer\\\/olsok-konsert-med-oyonn-groven-myhren\\\/#primaryimage\",\"url\":\"https:\\\/\\\/www.visital.no\\\/wp-content\\\/uploads\\\/2026\\\/07\\\/dsc-0517-torpo-stavkyrkje-scaled.webp\",\"contentUrl\":\"https:\\\/\\\/www.visital.no\\\/wp-content\\\/uploads\\\/2026\\\/07\\\/dsc-0517-torpo-stavkyrkje-scaled.webp\",\"width\":2560,\"height\":1710,\"caption\":\"Bilde av Torpo Stavkirke\"},{\"@type\":\"BreadcrumbList\",\"@id\":\"https:\\\/\\\/www.visital.no\\\/arrangementer\\\/olsok-konsert-med-oyonn-groven-myhren\\\/#breadcrumb\",\"itemListElement\":[{\"@type\":\"ListItem\",\"position\":1,\"name\":\"Home\",\"item\":\"https:\\\/\\\/www.visital.no\\\/\"},{\"@type\":\"ListItem\",\"position\":2,\"name\":\"Arrangementer\",\"item\":\"https:\\\/\\\/www.visital.no\\\/arrangementer\\\/\"},{\"@type\":\"ListItem\",\"position\":3,\"name\":\"Olsok-konsert med \u00d8yonn Groven Myhren\"}]},{\"@type\":\"WebSite\",\"@id\":\"https:\\\/\\\/www.visital.no\\\/#website\",\"url\":\"https:\\\/\\\/www.visital.no\\\/\",\"name\":\"Visit \u00c5l\",\"description\":\"\",\"publisher\":{\"@id\":\"https:\\\/\\\/www.visital.no\\\/#organization\"},\"potentialAction\":[{\"@type\":\"SearchAction\",\"target\":{\"@type\":\"EntryPoint\",\"urlTemplate\":\"https:\\\/\\\/www.visital.no\\\/?s={search_term_string}\"},\"query-input\":{\"@type\":\"PropertyValueSpecification\",\"valueRequired\":true,\"valueName\":\"search_term_string\"}}],\"inLanguage\":\"en-GB\"},{\"@type\":\"Organization\",\"@id\":\"https:\\\/\\\/www.visital.no\\\/#organization\",\"name\":\"Visit \u00c5l\",\"url\":\"https:\\\/\\\/www.visital.no\\\/\",\"logo\":{\"@type\":\"ImageObject\",\"inLanguage\":\"en-GB\",\"@id\":\"https:\\\/\\\/www.visital.no\\\/#\\\/schema\\\/logo\\\/image\\\/\",\"url\":\"https:\\\/\\\/www.visital.no\\\/wp-content\\\/uploads\\\/2024\\\/11\\\/al-i-hallingdal-logo.svg\",\"contentUrl\":\"https:\\\/\\\/www.visital.no\\\/wp-content\\\/uploads\\\/2024\\\/11\\\/al-i-hallingdal-logo.svg\",\"width\":258,\"height\":100,\"caption\":\"Visit \u00c5l\"},\"image\":{\"@id\":\"https:\\\/\\\/www.visital.no\\\/#\\\/schema\\\/logo\\\/image\\\/\"},\"sameAs\":[\"https:\\\/\\\/facebook.com\\\/visitalihallingdal\\\/\",\"https:\\\/\\\/instagram.com\\\/visitalihallingdal\\\/\",\"https:\\\/\\\/youtube.com\\\/user\\\/alutvikling\"]}]}<\/script>","yoast_head_json":{"title":"Olsok Concert with \u00d8yonn Groven Myhren - Visit \u00c5l","robots":{"index":"noindex","follow":"follow"},"og_locale":"en_GB","og_type":"article","og_title":"Olsok-konsert med \u00d8yonn Groven Myhren - Visit \u00c5l","og_description":"Onsdag 29. juli klokken 20.00 inviteres det til Olsok-konsert i Torpo stavkirke. Her blir det gammel Olav-tradisjon formidlet gjennom ord og toner ved \u00d8yonn Groven Myhren.","og_url":"https:\/\/www.visital.no\/en\/arrangementer\/olsok-konsert-med-oyonn-groven-myhren\/","og_site_name":"Visit \u00c5l","article_publisher":"https:\/\/facebook.com\/visitalihallingdal\/","article_modified_time":"2026-07-15T21:26:41+00:00","og_image":[{"width":2560,"height":1710,"url":"https:\/\/www.visital.no\/wp-content\/uploads\/2026\/07\/dsc-0517-torpo-stavkyrkje-scaled.webp","type":"image\/jpeg"}],"twitter_card":"summary_large_image","schema":{"@context":"https:\/\/schema.org","@graph":[{"@type":"WebPage","@id":"https:\/\/www.visital.no\/arrangementer\/olsok-konsert-med-oyonn-groven-myhren\/","url":"https:\/\/www.visital.no\/arrangementer\/olsok-konsert-med-oyonn-groven-myhren\/","name":"Olsok Concert with \u00d8yonn Groven Myhren - Visit \u00c5l","isPartOf":{"@id":"https:\/\/www.visital.no\/#website"},"primaryImageOfPage":{"@id":"https:\/\/www.visital.no\/arrangementer\/olsok-konsert-med-oyonn-groven-myhren\/#primaryimage"},"image":{"@id":"https:\/\/www.visital.no\/arrangementer\/olsok-konsert-med-oyonn-groven-myhren\/#primaryimage"},"thumbnailUrl":"https:\/\/www.visital.no\/wp-content\/uploads\/2026\/07\/dsc-0517-torpo-stavkyrkje-scaled.webp","datePublished":"2026-07-15T21:24:28+00:00","dateModified":"2026-07-15T21:26:41+00:00","breadcrumb":{"@id":"https:\/\/www.visital.no\/arrangementer\/olsok-konsert-med-oyonn-groven-myhren\/#breadcrumb"},"inLanguage":"en-GB","potentialAction":[{"@type":"ReadAction","target":["https:\/\/www.visital.no\/arrangementer\/olsok-konsert-med-oyonn-groven-myhren\/"]}]},{"@type":"ImageObject","inLanguage":"en-GB","@id":"https:\/\/www.visital.no\/arrangementer\/olsok-konsert-med-oyonn-groven-myhren\/#primaryimage","url":"https:\/\/www.visital.no\/wp-content\/uploads\/2026\/07\/dsc-0517-torpo-stavkyrkje-scaled.webp","contentUrl":"https:\/\/www.visital.no\/wp-content\/uploads\/2026\/07\/dsc-0517-torpo-stavkyrkje-scaled.webp","width":2560,"height":1710,"caption":"Bilde av Torpo Stavkirke"},{"@type":"BreadcrumbList","@id":"https:\/\/www.visital.no\/arrangementer\/olsok-konsert-med-oyonn-groven-myhren\/#breadcrumb","itemListElement":[{"@type":"ListItem","position":1,"name":"Home","item":"https:\/\/www.visital.no\/"},{"@type":"ListItem","position":2,"name":"Arrangementer","item":"https:\/\/www.visital.no\/arrangementer\/"},{"@type":"ListItem","position":3,"name":"Olsok-konsert med \u00d8yonn Groven Myhren"}]},{"@type":"WebSite","@id":"https:\/\/www.visital.no\/#website","url":"https:\/\/www.visital.no\/","name":"Visit \u00c5l","description":"","publisher":{"@id":"https:\/\/www.visital.no\/#organization"},"potentialAction":[{"@type":"SearchAction","target":{"@type":"EntryPoint","urlTemplate":"https:\/\/www.visital.no\/?s={search_term_string}"},"query-input":{"@type":"PropertyValueSpecification","valueRequired":true,"valueName":"search_term_string"}}],"inLanguage":"en-GB"},{"@type":"Organization","@id":"https:\/\/www.visital.no\/#organization","name":"Visit \u00c5l","url":"https:\/\/www.visital.no\/","logo":{"@type":"ImageObject","inLanguage":"en-GB","@id":"https:\/\/www.visital.no\/#\/schema\/logo\/image\/","url":"https:\/\/www.visital.no\/wp-content\/uploads\/2024\/11\/al-i-hallingdal-logo.svg","contentUrl":"https:\/\/www.visital.no\/wp-content\/uploads\/2024\/11\/al-i-hallingdal-logo.svg","width":258,"height":100,"caption":"Visit \u00c5l"},"image":{"@id":"https:\/\/www.visital.no\/#\/schema\/logo\/image\/"},"sameAs":["https:\/\/facebook.com\/visitalihallingdal\/","https:\/\/instagram.com\/visitalihallingdal\/","https:\/\/youtube.com\/user\/alutvikling"]}]}},"_links":{"self":[{"href":"https:\/\/www.visital.no\/en\/wp-json\/wp\/v2\/tribe_events\/6176","targetHints":{"allow":["GET"]}}],"collection":[{"href":"https:\/\/www.visital.no\/en\/wp-json\/wp\/v2\/tribe_events"}],"about":[{"href":"https:\/\/www.visital.no\/en\/wp-json\/wp\/v2\/types\/tribe_events"}],"author":[{"embeddable":true,"href":"https:\/\/www.visital.no\/en\/wp-json\/wp\/v2\/users\/3"}],"version-history":[{"count":1,"href":"https:\/\/www.visital.no\/en\/wp-json\/wp\/v2\/tribe_events\/6176\/revisions"}],"predecessor-version":[{"id":6178,"href":"https:\/\/www.visital.no\/en\/wp-json\/wp\/v2\/tribe_events\/6176\/revisions\/6178"}],"wp:featuredmedia":[{"embeddable":true,"href":"https:\/\/www.visital.no\/en\/wp-json\/wp\/v2\/media\/6179"}],"wp:attachment":[{"href":"https:\/\/www.visital.no\/en\/wp-json\/wp\/v2\/media?parent=6176"}],"wp:term":[{"taxonomy":"post_tag","embeddable":true,"href":"https:\/\/www.visital.no\/en\/wp-json\/wp\/v2\/tags?post=6176"},{"taxonomy":"tribe_events_cat","embeddable":true,"href":"https:\/\/www.visital.no\/en\/wp-json\/wp\/v2\/tribe_events_cat?post=6176"}],"curies":[{"name":"wp","href":"https:\/\/api.w.org\/{rel}","templated":true}]}}

Olsok concert with Øyonn Groven Myhren

<p class="PDq2pG_selectionAnchorContainer" data-start="248" data-end="441">The concert will primarily focus on popular traditions of St. Olaf from various parts of Norway. In addition, excerpts from the visions of St. Olaf, as described by Snorri Sturluson in the 1230s, will be performed.</p>
<p data-start="443" data-end="849">The concert concludes with <em data-start="467" data-end="480">The Dream Ballad</em>, Olav Åsteson recounts his visions and what he has seen of the Last Judgment. Several Draumkvede scholars have mused on the idea that Olav in <em data-start="621" data-end="634">The Dream Ballad</em> may be linked to the weekend king who died at Stiklestad on 29 July 1029. In some of the traditions of <em data-start="736" data-end="749">The Dream Ballad</em> Olav is given the nickname Åsteson, which some interpret as «son of Åsta». The saintly king's mother was named Åsta.</p>

<p>On Wednesday 29 July at 20:00, a concert is being held in Torpo Stave Church for Olsok. Here, old Olav traditions will be conveyed through words and music by Øyonn Groven Myhren.</p>

<title>Olsok-konsert med Øyonn Groven Myhren - Visit Ål</title>
<meta name="robots" content="noindex, follow" />
<meta property="og:locale" content="en_GB" />
<meta property="og:type" content="article" />
<meta property="og:title" content="Olsok-konsert med Øyonn Groven Myhren - Visit Ål" />
<meta property="og:description" content="Onsdag 29. juli klokken 20.00 inviteres det til Olsok-konsert i Torpo stavkirke. Her blir det gammel Olav-tradisjon formidlet gjennom ord og toner ved Øyonn Groven Myhren." />
<meta property="og:url" content="https://www.visital.no/en/arrangementer/olsok-konsert-med-oyonn-groven-myhren/" />
<meta property="og:site_name" content="Visit Ål" />
<meta property="article:publisher" content="https://facebook.com/visitalihallingdal/" />
<meta property="article:modified_time" content="2026-07-15T21:26:41+00:00" />
<meta property="og:image" content="https://www.visital.no/wp-content/uploads/2026/07/dsc-0517-torpo-stavkyrkje-scaled.webp" />
	<meta property="og:image:width" content="2560" />
	<meta property="og:image:height" content="1710" />
	<meta property="og:image:type" content="image/jpeg" />
<meta name="twitter:card" content="summary_large_image" />
<script type="application/ld+json" class="yoast-schema-graph">{"@context":"https:\/\/schema.org","@graph":[{"@type":"WebPage","@id":"https:\/\/www.visital.no\/arrangementer\/olsok-konsert-med-oyonn-groven-myhren\/","url":"https:\/\/www.visital.no\/arrangementer\/olsok-konsert-med-oyonn-groven-myhren\/","name":"Olsok-konsert med Øyonn Groven Myhren - Visit Ål","isPartOf":{"@id":"https:\/\/www.visital.no\/#website"},"primaryImageOfPage":{"@id":"https:\/\/www.visital.no\/arrangementer\/olsok-konsert-med-oyonn-groven-myhren\/#primaryimage"},"image":{"@id":"https:\/\/www.visital.no\/arrangementer\/olsok-konsert-med-oyonn-groven-myhren\/#primaryimage"},"thumbnailUrl":"https:\/\/www.visital.no\/wp-content\/uploads\/2026\/07\/dsc-0517-torpo-stavkyrkje-scaled.webp","datePublished":"2026-07-15T21:24:28+00:00","dateModified":"2026-07-15T21:26:41+00:00","breadcrumb":{"@id":"https:\/\/www.visital.no\/arrangementer\/olsok-konsert-med-oyonn-groven-myhren\/#breadcrumb"},"inLanguage":"en-GB","potentialAction":[{"@type":"ReadAction","target":["https:\/\/www.visital.no\/arrangementer\/olsok-konsert-med-oyonn-groven-myhren\/"]}]},{"@type":"ImageObject","inLanguage":"en-GB","@id":"https:\/\/www.visital.no\/arrangementer\/olsok-konsert-med-oyonn-groven-myhren\/#primaryimage","url":"https:\/\/www.visital.no\/wp-content\/uploads\/2026\/07\/dsc-0517-torpo-stavkyrkje-scaled.webp","contentUrl":"https:\/\/www.visital.no\/wp-content\/uploads\/2026\/07\/dsc-0517-torpo-stavkyrkje-scaled.webp","width":2560,"height":1710,"caption":"Bilde av Torpo Stavkirke"},{"@type":"BreadcrumbList","@id":"https:\/\/www.visital.no\/arrangementer\/olsok-konsert-med-oyonn-groven-myhren\/#breadcrumb","itemListElement":[{"@type":"ListItem","position":1,"name":"Home","item":"https:\/\/www.visital.no\/"},{"@type":"ListItem","position":2,"name":"Arrangementer","item":"https:\/\/www.visital.no\/arrangementer\/"},{"@type":"ListItem","position":3,"name":"Olsok-konsert med Øyonn Groven Myhren"}]},{"@type":"WebSite","@id":"https:\/\/www.visital.no\/#website","url":"https:\/\/www.visital.no\/","name":"Visit Ål","description":"","publisher":{"@id":"https:\/\/www.visital.no\/#organization"},"potentialAction":[{"@type":"SearchAction","target":{"@type":"EntryPoint","urlTemplate":"https:\/\/www.visital.no\/?s={search_term_string}"},"query-input":{"@type":"PropertyValueSpecification","valueRequired":true,"valueName":"search_term_string"}}],"inLanguage":"en-GB"},{"@type":"Organization","@id":"https:\/\/www.visital.no\/#organization","name":"Visit Ål","url":"https:\/\/www.visital.no\/","logo":{"@type":"ImageObject","inLanguage":"en-GB","@id":"https:\/\/www.visital.no\/#\/schema\/logo\/image\/","url":"https:\/\/www.visital.no\/wp-content\/uploads\/2024\/11\/al-i-hallingdal-logo.svg","contentUrl":"https:\/\/www.visital.no\/wp-content\/uploads\/2024\/11\/al-i-hallingdal-logo.svg","width":258,"height":100,"caption":"Visit Ål"},"image":{"@id":"https:\/\/www.visital.no\/#\/schema\/logo\/image\/"},"sameAs":["https:\/\/facebook.com\/visitalihallingdal\/","https:\/\/instagram.com\/visitalihallingdal\/","https:\/\/youtube.com\/user\/alutvikling"]}]}</script>

Olsok Concert with Øyonn Groven Myhren - Visit Ål

Olsok-konsert med Øyonn Groven Myhren - Visit Ål

Onsdag 29. juli klokken 20.00 inviteres det til Olsok-konsert i Torpo stavkirke. Her blir det gammel Olav-tradisjon formidlet gjennom ord og toner ved Øyonn Groven Myhren.

Visit Ål

Olsok-konsert med Øyonn Groven Myhren
