{"id":4731,"date":"2025-12-23T09:59:54","date_gmt":"2025-12-23T08:59:54","guid":{"rendered":"https:\/\/www.visital.no\/?post_type=tribe_events&#038;p=4731"},"modified":"2025-12-23T09:59:54","modified_gmt":"2025-12-23T08:59:54","slug":"kampen-om-blodet-et-foredrag-om-arsaken-var-tids-helseproblemer","status":"publish","type":"tribe_events","link":"https:\/\/www.visital.no\/en\/arrangementer\/kampen-om-blodet-et-foredrag-om-arsaken-var-tids-helseproblemer\/","title":{"rendered":"The Battle for Blood \u2013 A talk on the cause of our time's health problems."},"content":{"rendered":"<p data-start=\"295\" data-end=\"823\">The lecture poses questions that many can relate to. Can tight muscles contribute to stomach problems? Can tension in the pelvis affect sleep? Our bodies' ecosystems are not designed for the pace of modern life, and according to the lecture, the body can enter a state of alert even when you're in safe surroundings with a work deadline. When the body prioritises fight or flight over time, it can in the long run lead to lasting misalignments and problems in the musculoskeletal system, in addition to other ailments such as impaired digestive function and poor sleep.<\/p>\n<p data-start=\"825\" data-end=\"970\">The speaker is Bj\u00f8rnar Strendo. He is a teacher at Medika Nova and has run the Strendo clinic for 13 years. He works daily as a neuro-reflexologist.<\/p>","protected":false},"excerpt":{"rendered":"<p>Strendo Clinic invites you to the lecture \"The Battle for the Blood\", on the theme of how the body can remember what the mind wants to forget. The lecture discusses possible connections between stress, bodily tension, and health complaints that can affect everyday life.<\/p>","protected":false},"author":3,"featured_media":4732,"template":"","meta":{"_acf_changed":false,"_tribe_events_status":"","_tribe_events_status_reason":"","footnotes":""},"tags":[],"tribe_events_cat":[144],"class_list":["post-4731","tribe_events","type-tribe_events","status-publish","has-post-thumbnail","hentry","tribe_events_cat-foredrag","cat_foredrag"],"acf":[],"yoast_head":"<title>Kampen om blodet - Et foredrag om \u00e5rsaken v\u00e5r tids helseproblemer. - Visit \u00c5l<\/title>\n<meta name=\"robots\" content=\"noindex, follow\" \/>\n<meta property=\"og:locale\" content=\"en_GB\" \/>\n<meta property=\"og:type\" content=\"article\" \/>\n<meta property=\"og:title\" content=\"Kampen om blodet - Et foredrag om \u00e5rsaken v\u00e5r tids helseproblemer. - Visit \u00c5l\" \/>\n<meta property=\"og:description\" content=\"Strendo klinikken inviterer til foredraget Kampen om blodet, med temaet hvordan kroppen kan huske det hodet vil glemme. Foredraget tar for seg mulige sammenhenger mellom stress, spenninger i kroppen og helseplager som kan p\u00e5virke hverdagen.\" \/>\n<meta property=\"og:url\" content=\"https:\/\/www.visital.no\/en\/arrangementer\/kampen-om-blodet-et-foredrag-om-arsaken-var-tids-helseproblemer\/\" \/>\n<meta property=\"og:site_name\" content=\"Visit \u00c5l\" \/>\n<meta property=\"article:publisher\" content=\"https:\/\/facebook.com\/visitalihallingdal\/\" \/>\n<meta property=\"og:image\" content=\"https:\/\/www.visital.no\/wp-content\/uploads\/2025\/12\/600305095-1436534631603583-5364224347293145431-n-e1766480365911.webp\" \/>\n\t<meta property=\"og:image:width\" content=\"1080\" \/>\n\t<meta property=\"og:image:height\" content=\"580\" \/>\n\t<meta property=\"og:image:type\" content=\"image\/jpeg\" \/>\n<meta name=\"twitter:card\" content=\"summary_large_image\" \/>\n<meta name=\"twitter:label1\" content=\"Est. reading time\" \/>\n\t<meta name=\"twitter:data1\" content=\"1 minute\" \/>\n<script type=\"application\/ld+json\" class=\"yoast-schema-graph\">{\"@context\":\"https:\\\/\\\/schema.org\",\"@graph\":[{\"@type\":\"WebPage\",\"@id\":\"https:\\\/\\\/www.visital.no\\\/arrangementer\\\/kampen-om-blodet-et-foredrag-om-arsaken-var-tids-helseproblemer\\\/\",\"url\":\"https:\\\/\\\/www.visital.no\\\/arrangementer\\\/kampen-om-blodet-et-foredrag-om-arsaken-var-tids-helseproblemer\\\/\",\"name\":\"Kampen om blodet - Et foredrag om \u00e5rsaken v\u00e5r tids helseproblemer. - Visit \u00c5l\",\"isPartOf\":{\"@id\":\"https:\\\/\\\/www.visital.no\\\/#website\"},\"primaryImageOfPage\":{\"@id\":\"https:\\\/\\\/www.visital.no\\\/arrangementer\\\/kampen-om-blodet-et-foredrag-om-arsaken-var-tids-helseproblemer\\\/#primaryimage\"},\"image\":{\"@id\":\"https:\\\/\\\/www.visital.no\\\/arrangementer\\\/kampen-om-blodet-et-foredrag-om-arsaken-var-tids-helseproblemer\\\/#primaryimage\"},\"thumbnailUrl\":\"https:\\\/\\\/www.visital.no\\\/wp-content\\\/uploads\\\/2025\\\/12\\\/600305095-1436534631603583-5364224347293145431-n-e1766480365911.webp\",\"datePublished\":\"2025-12-23T08:59:54+00:00\",\"breadcrumb\":{\"@id\":\"https:\\\/\\\/www.visital.no\\\/arrangementer\\\/kampen-om-blodet-et-foredrag-om-arsaken-var-tids-helseproblemer\\\/#breadcrumb\"},\"inLanguage\":\"en-GB\",\"potentialAction\":[{\"@type\":\"ReadAction\",\"target\":[\"https:\\\/\\\/www.visital.no\\\/arrangementer\\\/kampen-om-blodet-et-foredrag-om-arsaken-var-tids-helseproblemer\\\/\"]}]},{\"@type\":\"ImageObject\",\"inLanguage\":\"en-GB\",\"@id\":\"https:\\\/\\\/www.visital.no\\\/arrangementer\\\/kampen-om-blodet-et-foredrag-om-arsaken-var-tids-helseproblemer\\\/#primaryimage\",\"url\":\"https:\\\/\\\/www.visital.no\\\/wp-content\\\/uploads\\\/2025\\\/12\\\/600305095-1436534631603583-5364224347293145431-n-e1766480365911.webp\",\"contentUrl\":\"https:\\\/\\\/www.visital.no\\\/wp-content\\\/uploads\\\/2025\\\/12\\\/600305095-1436534631603583-5364224347293145431-n-e1766480365911.webp\",\"width\":1080,\"height\":580,\"caption\":\"Plakat til Kampen om blodet p\u00e5 Tanken\"},{\"@type\":\"BreadcrumbList\",\"@id\":\"https:\\\/\\\/www.visital.no\\\/arrangementer\\\/kampen-om-blodet-et-foredrag-om-arsaken-var-tids-helseproblemer\\\/#breadcrumb\",\"itemListElement\":[{\"@type\":\"ListItem\",\"position\":1,\"name\":\"Home\",\"item\":\"https:\\\/\\\/www.visital.no\\\/\"},{\"@type\":\"ListItem\",\"position\":2,\"name\":\"Arrangementer\",\"item\":\"https:\\\/\\\/www.visital.no\\\/arrangementer\\\/\"},{\"@type\":\"ListItem\",\"position\":3,\"name\":\"Kampen om blodet &#8211; Et foredrag om \u00e5rsaken v\u00e5r tids helseproblemer.\"}]},{\"@type\":\"WebSite\",\"@id\":\"https:\\\/\\\/www.visital.no\\\/#website\",\"url\":\"https:\\\/\\\/www.visital.no\\\/\",\"name\":\"Visit \u00c5l\",\"description\":\"\",\"publisher\":{\"@id\":\"https:\\\/\\\/www.visital.no\\\/#organization\"},\"potentialAction\":[{\"@type\":\"SearchAction\",\"target\":{\"@type\":\"EntryPoint\",\"urlTemplate\":\"https:\\\/\\\/www.visital.no\\\/?s={search_term_string}\"},\"query-input\":{\"@type\":\"PropertyValueSpecification\",\"valueRequired\":true,\"valueName\":\"search_term_string\"}}],\"inLanguage\":\"en-GB\"},{\"@type\":\"Organization\",\"@id\":\"https:\\\/\\\/www.visital.no\\\/#organization\",\"name\":\"Visit \u00c5l\",\"url\":\"https:\\\/\\\/www.visital.no\\\/\",\"logo\":{\"@type\":\"ImageObject\",\"inLanguage\":\"en-GB\",\"@id\":\"https:\\\/\\\/www.visital.no\\\/#\\\/schema\\\/logo\\\/image\\\/\",\"url\":\"https:\\\/\\\/www.visital.no\\\/wp-content\\\/uploads\\\/2024\\\/11\\\/al-i-hallingdal-logo.svg\",\"contentUrl\":\"https:\\\/\\\/www.visital.no\\\/wp-content\\\/uploads\\\/2024\\\/11\\\/al-i-hallingdal-logo.svg\",\"width\":258,\"height\":100,\"caption\":\"Visit \u00c5l\"},\"image\":{\"@id\":\"https:\\\/\\\/www.visital.no\\\/#\\\/schema\\\/logo\\\/image\\\/\"},\"sameAs\":[\"https:\\\/\\\/facebook.com\\\/visitalihallingdal\\\/\",\"https:\\\/\\\/instagram.com\\\/visitalihallingdal\\\/\",\"https:\\\/\\\/youtube.com\\\/user\\\/alutvikling\"]}]}<\/script>","yoast_head_json":{"title":"Kampen om blodet - Et foredrag om \u00e5rsaken v\u00e5r tids helseproblemer. - Visit \u00c5l","robots":{"index":"noindex","follow":"follow"},"og_locale":"en_GB","og_type":"article","og_title":"Kampen om blodet - Et foredrag om \u00e5rsaken v\u00e5r tids helseproblemer. - Visit \u00c5l","og_description":"Strendo klinikken inviterer til foredraget Kampen om blodet, med temaet hvordan kroppen kan huske det hodet vil glemme. Foredraget tar for seg mulige sammenhenger mellom stress, spenninger i kroppen og helseplager som kan p\u00e5virke hverdagen.","og_url":"https:\/\/www.visital.no\/en\/arrangementer\/kampen-om-blodet-et-foredrag-om-arsaken-var-tids-helseproblemer\/","og_site_name":"Visit \u00c5l","article_publisher":"https:\/\/facebook.com\/visitalihallingdal\/","og_image":[{"width":1080,"height":580,"url":"https:\/\/www.visital.no\/wp-content\/uploads\/2025\/12\/600305095-1436534631603583-5364224347293145431-n-e1766480365911.webp","type":"image\/jpeg"}],"twitter_card":"summary_large_image","twitter_misc":{"Est. reading time":"1 minute"},"schema":{"@context":"https:\/\/schema.org","@graph":[{"@type":"WebPage","@id":"https:\/\/www.visital.no\/arrangementer\/kampen-om-blodet-et-foredrag-om-arsaken-var-tids-helseproblemer\/","url":"https:\/\/www.visital.no\/arrangementer\/kampen-om-blodet-et-foredrag-om-arsaken-var-tids-helseproblemer\/","name":"Kampen om blodet - Et foredrag om \u00e5rsaken v\u00e5r tids helseproblemer. - Visit \u00c5l","isPartOf":{"@id":"https:\/\/www.visital.no\/#website"},"primaryImageOfPage":{"@id":"https:\/\/www.visital.no\/arrangementer\/kampen-om-blodet-et-foredrag-om-arsaken-var-tids-helseproblemer\/#primaryimage"},"image":{"@id":"https:\/\/www.visital.no\/arrangementer\/kampen-om-blodet-et-foredrag-om-arsaken-var-tids-helseproblemer\/#primaryimage"},"thumbnailUrl":"https:\/\/www.visital.no\/wp-content\/uploads\/2025\/12\/600305095-1436534631603583-5364224347293145431-n-e1766480365911.webp","datePublished":"2025-12-23T08:59:54+00:00","breadcrumb":{"@id":"https:\/\/www.visital.no\/arrangementer\/kampen-om-blodet-et-foredrag-om-arsaken-var-tids-helseproblemer\/#breadcrumb"},"inLanguage":"en-GB","potentialAction":[{"@type":"ReadAction","target":["https:\/\/www.visital.no\/arrangementer\/kampen-om-blodet-et-foredrag-om-arsaken-var-tids-helseproblemer\/"]}]},{"@type":"ImageObject","inLanguage":"en-GB","@id":"https:\/\/www.visital.no\/arrangementer\/kampen-om-blodet-et-foredrag-om-arsaken-var-tids-helseproblemer\/#primaryimage","url":"https:\/\/www.visital.no\/wp-content\/uploads\/2025\/12\/600305095-1436534631603583-5364224347293145431-n-e1766480365911.webp","contentUrl":"https:\/\/www.visital.no\/wp-content\/uploads\/2025\/12\/600305095-1436534631603583-5364224347293145431-n-e1766480365911.webp","width":1080,"height":580,"caption":"Plakat til Kampen om blodet p\u00e5 Tanken"},{"@type":"BreadcrumbList","@id":"https:\/\/www.visital.no\/arrangementer\/kampen-om-blodet-et-foredrag-om-arsaken-var-tids-helseproblemer\/#breadcrumb","itemListElement":[{"@type":"ListItem","position":1,"name":"Home","item":"https:\/\/www.visital.no\/"},{"@type":"ListItem","position":2,"name":"Arrangementer","item":"https:\/\/www.visital.no\/arrangementer\/"},{"@type":"ListItem","position":3,"name":"Kampen om blodet &#8211; Et foredrag om \u00e5rsaken v\u00e5r tids helseproblemer."}]},{"@type":"WebSite","@id":"https:\/\/www.visital.no\/#website","url":"https:\/\/www.visital.no\/","name":"Visit \u00c5l","description":"","publisher":{"@id":"https:\/\/www.visital.no\/#organization"},"potentialAction":[{"@type":"SearchAction","target":{"@type":"EntryPoint","urlTemplate":"https:\/\/www.visital.no\/?s={search_term_string}"},"query-input":{"@type":"PropertyValueSpecification","valueRequired":true,"valueName":"search_term_string"}}],"inLanguage":"en-GB"},{"@type":"Organization","@id":"https:\/\/www.visital.no\/#organization","name":"Visit \u00c5l","url":"https:\/\/www.visital.no\/","logo":{"@type":"ImageObject","inLanguage":"en-GB","@id":"https:\/\/www.visital.no\/#\/schema\/logo\/image\/","url":"https:\/\/www.visital.no\/wp-content\/uploads\/2024\/11\/al-i-hallingdal-logo.svg","contentUrl":"https:\/\/www.visital.no\/wp-content\/uploads\/2024\/11\/al-i-hallingdal-logo.svg","width":258,"height":100,"caption":"Visit \u00c5l"},"image":{"@id":"https:\/\/www.visital.no\/#\/schema\/logo\/image\/"},"sameAs":["https:\/\/facebook.com\/visitalihallingdal\/","https:\/\/instagram.com\/visitalihallingdal\/","https:\/\/youtube.com\/user\/alutvikling"]}]}},"_links":{"self":[{"href":"https:\/\/www.visital.no\/en\/wp-json\/wp\/v2\/tribe_events\/4731","targetHints":{"allow":["GET"]}}],"collection":[{"href":"https:\/\/www.visital.no\/en\/wp-json\/wp\/v2\/tribe_events"}],"about":[{"href":"https:\/\/www.visital.no\/en\/wp-json\/wp\/v2\/types\/tribe_events"}],"author":[{"embeddable":true,"href":"https:\/\/www.visital.no\/en\/wp-json\/wp\/v2\/users\/3"}],"version-history":[{"count":1,"href":"https:\/\/www.visital.no\/en\/wp-json\/wp\/v2\/tribe_events\/4731\/revisions"}],"predecessor-version":[{"id":4734,"href":"https:\/\/www.visital.no\/en\/wp-json\/wp\/v2\/tribe_events\/4731\/revisions\/4734"}],"wp:featuredmedia":[{"embeddable":true,"href":"https:\/\/www.visital.no\/en\/wp-json\/wp\/v2\/media\/4732"}],"wp:attachment":[{"href":"https:\/\/www.visital.no\/en\/wp-json\/wp\/v2\/media?parent=4731"}],"wp:term":[{"taxonomy":"post_tag","embeddable":true,"href":"https:\/\/www.visital.no\/en\/wp-json\/wp\/v2\/tags?post=4731"},{"taxonomy":"tribe_events_cat","embeddable":true,"href":"https:\/\/www.visital.no\/en\/wp-json\/wp\/v2\/tribe_events_cat?post=4731"}],"curies":[{"name":"wp","href":"https:\/\/api.w.org\/{rel}","templated":true}]}}

<p data-start="295" data-end="823">The lecture poses questions that many can relate to. Can tight muscles contribute to stomach problems? Can tension in the pelvis affect sleep? Our bodies' ecosystems are not designed for the pace of modern life, and according to the lecture, the body can enter a state of alert even when you're in safe surroundings with a work deadline. When the body prioritises fight or flight over time, it can in the long run lead to lasting misalignments and problems in the musculoskeletal system, in addition to other ailments such as impaired digestive function and poor sleep.</p>
<p data-start="825" data-end="970">The speaker is Bjørnar Strendo. He is a teacher at Medika Nova and has run the Strendo clinic for 13 years. He works daily as a neuro-reflexologist.</p>

<title>Kampen om blodet - Et foredrag om årsaken vår tids helseproblemer. - Visit Ål</title>
<meta name="robots" content="noindex, follow" />
<meta property="og:locale" content="en_GB" />
<meta property="og:type" content="article" />
<meta property="og:title" content="Kampen om blodet - Et foredrag om årsaken vår tids helseproblemer. - Visit Ål" />
<meta property="og:description" content="Strendo klinikken inviterer til foredraget Kampen om blodet, med temaet hvordan kroppen kan huske det hodet vil glemme. Foredraget tar for seg mulige sammenhenger mellom stress, spenninger i kroppen og helseplager som kan påvirke hverdagen." />
<meta property="og:url" content="https://www.visital.no/en/arrangementer/kampen-om-blodet-et-foredrag-om-arsaken-var-tids-helseproblemer/" />
<meta property="og:site_name" content="Visit Ål" />
<meta property="article:publisher" content="https://facebook.com/visitalihallingdal/" />
<meta property="og:image" content="https://www.visital.no/wp-content/uploads/2025/12/600305095-1436534631603583-5364224347293145431-n-e1766480365911.webp" />
	<meta property="og:image:width" content="1080" />
	<meta property="og:image:height" content="580" />
	<meta property="og:image:type" content="image/jpeg" />
<meta name="twitter:card" content="summary_large_image" />
<meta name="twitter:label1" content="Est. reading time" />
	<meta name="twitter:data1" content="1 minute" />
<script type="application/ld+json" class="yoast-schema-graph">{"@context":"https:\/\/schema.org","@graph":[{"@type":"WebPage","@id":"https:\/\/www.visital.no\/arrangementer\/kampen-om-blodet-et-foredrag-om-arsaken-var-tids-helseproblemer\/","url":"https:\/\/www.visital.no\/arrangementer\/kampen-om-blodet-et-foredrag-om-arsaken-var-tids-helseproblemer\/","name":"Kampen om blodet - Et foredrag om årsaken vår tids helseproblemer. - Visit Ål","isPartOf":{"@id":"https:\/\/www.visital.no\/#website"},"primaryImageOfPage":{"@id":"https:\/\/www.visital.no\/arrangementer\/kampen-om-blodet-et-foredrag-om-arsaken-var-tids-helseproblemer\/#primaryimage"},"image":{"@id":"https:\/\/www.visital.no\/arrangementer\/kampen-om-blodet-et-foredrag-om-arsaken-var-tids-helseproblemer\/#primaryimage"},"thumbnailUrl":"https:\/\/www.visital.no\/wp-content\/uploads\/2025\/12\/600305095-1436534631603583-5364224347293145431-n-e1766480365911.webp","datePublished":"2025-12-23T08:59:54+00:00","breadcrumb":{"@id":"https:\/\/www.visital.no\/arrangementer\/kampen-om-blodet-et-foredrag-om-arsaken-var-tids-helseproblemer\/#breadcrumb"},"inLanguage":"en-GB","potentialAction":[{"@type":"ReadAction","target":["https:\/\/www.visital.no\/arrangementer\/kampen-om-blodet-et-foredrag-om-arsaken-var-tids-helseproblemer\/"]}]},{"@type":"ImageObject","inLanguage":"en-GB","@id":"https:\/\/www.visital.no\/arrangementer\/kampen-om-blodet-et-foredrag-om-arsaken-var-tids-helseproblemer\/#primaryimage","url":"https:\/\/www.visital.no\/wp-content\/uploads\/2025\/12\/600305095-1436534631603583-5364224347293145431-n-e1766480365911.webp","contentUrl":"https:\/\/www.visital.no\/wp-content\/uploads\/2025\/12\/600305095-1436534631603583-5364224347293145431-n-e1766480365911.webp","width":1080,"height":580,"caption":"Plakat til Kampen om blodet på Tanken"},{"@type":"BreadcrumbList","@id":"https:\/\/www.visital.no\/arrangementer\/kampen-om-blodet-et-foredrag-om-arsaken-var-tids-helseproblemer\/#breadcrumb","itemListElement":[{"@type":"ListItem","position":1,"name":"Home","item":"https:\/\/www.visital.no\/"},{"@type":"ListItem","position":2,"name":"Arrangementer","item":"https:\/\/www.visital.no\/arrangementer\/"},{"@type":"ListItem","position":3,"name":"Kampen om blodet &#8211; Et foredrag om årsaken vår tids helseproblemer."}]},{"@type":"WebSite","@id":"https:\/\/www.visital.no\/#website","url":"https:\/\/www.visital.no\/","name":"Visit Ål","description":"","publisher":{"@id":"https:\/\/www.visital.no\/#organization"},"potentialAction":[{"@type":"SearchAction","target":{"@type":"EntryPoint","urlTemplate":"https:\/\/www.visital.no\/?s={search_term_string}"},"query-input":{"@type":"PropertyValueSpecification","valueRequired":true,"valueName":"search_term_string"}}],"inLanguage":"en-GB"},{"@type":"Organization","@id":"https:\/\/www.visital.no\/#organization","name":"Visit Ål","url":"https:\/\/www.visital.no\/","logo":{"@type":"ImageObject","inLanguage":"en-GB","@id":"https:\/\/www.visital.no\/#\/schema\/logo\/image\/","url":"https:\/\/www.visital.no\/wp-content\/uploads\/2024\/11\/al-i-hallingdal-logo.svg","contentUrl":"https:\/\/www.visital.no\/wp-content\/uploads\/2024\/11\/al-i-hallingdal-logo.svg","width":258,"height":100,"caption":"Visit Ål"},"image":{"@id":"https:\/\/www.visital.no\/#\/schema\/logo\/image\/"},"sameAs":["https:\/\/facebook.com\/visitalihallingdal\/","https:\/\/instagram.com\/visitalihallingdal\/","https:\/\/youtube.com\/user\/alutvikling"]}]}</script>

Kampen om blodet - Et foredrag om årsaken vår tids helseproblemer. - Visit Ål

Strendo klinikken inviterer til foredraget Kampen om blodet, med temaet hvordan kroppen kan huske det hodet vil glemme. Foredraget tar for seg mulige sammenhenger mellom stress, spenninger i kroppen og helseplager som kan påvirke hverdagen.

Visit Ål

Plakat til Kampen om blodet på Tanken

Kampen om blodet &#8211; Et foredrag om årsaken vår tids helseproblemer.
