{"id":3252,"date":"2025-07-03T10:29:13","date_gmt":"2025-07-03T08:29:13","guid":{"rendered":"https:\/\/www.visital.no\/?post_type=tribe_events&#038;p=3252"},"modified":"2025-07-03T10:29:13","modified_gmt":"2025-07-03T08:29:13","slug":"al-dagen","status":"publish","type":"tribe_events","link":"https:\/\/www.visital.no\/en\/arrangementer\/al-dagen\/","title":{"rendered":"\u00c5l Marked Day"},"content":{"rendered":"<h2 data-start=\"334\" data-end=\"349\">Programme<\/h2>\n<h3 data-start=\"351\" data-end=\"370\"><strong data-start=\"351\" data-end=\"370\">Friday 25 July<\/strong><\/h3>\n<ul data-start=\"371\" data-end=\"415\">\n<li data-start=\"371\" data-end=\"415\">\n<p data-start=\"373\" data-end=\"415\">19:00: Shellfish night at Bear House Burger<\/p>\n<\/li>\n<\/ul>\n<h3 data-start=\"417\" data-end=\"436\"><strong data-start=\"417\" data-end=\"436\">Saturday 26 July<\/strong><\/h3>\n<ul data-start=\"437\" data-end=\"747\">\n<li data-start=\"437\" data-end=\"476\">\n<p data-start=\"439\" data-end=\"476\">09:00: Auction viewing in Sundrehall<\/p>\n<\/li>\n<li data-start=\"477\" data-end=\"501\">\n<p data-start=\"479\" data-end=\"501\">10:00: Auction start<\/p>\n<\/li>\n<li data-start=\"502\" data-end=\"543\">\n<p data-start=\"504\" data-end=\"543\">10:00-16:00: Market stalls and local food<\/p>\n<\/li>\n<li data-start=\"544\" data-end=\"577\">\n<p data-start=\"546\" data-end=\"577\">11:00-13:00: Free vassgraut<\/p>\n<\/li>\n<li data-start=\"578\" data-end=\"604\">\n<p data-start=\"580\" data-end=\"604\">12:00: Peppa Pig show<\/p>\n<\/li>\n<li data-start=\"605\" data-end=\"640\">\n<p data-start=\"607\" data-end=\"640\">13:00 &amp; 14:00: Meet &amp; greet Peppa<\/p>\n<\/li>\n<li data-start=\"641\" data-end=\"690\">\n<p data-start=\"643\" data-end=\"690\">All day long: Children's activities and entertainment<\/p>\n<\/li>\n<li data-start=\"691\" data-end=\"747\">\n<p data-start=\"693\" data-end=\"747\">21:00: Outdoor concert with Tom &amp; The Fortunates + DJ Jonas1<\/p>\n<\/li>\n<\/ul>\n<p>&nbsp;<\/p>\n<p>Bring your family and friends and join us for the most enjoyable day of the summer in \u00c5l!<\/p>\n<p>&nbsp;<\/p>\n<p>Do you want to contribute or participate as an exhibitor? Contact us at <a class=\"cursor-pointer\" rel=\"noopener\" data-start=\"962\" data-end=\"1007\">dl@alutvikling.no<\/a><\/p>","protected":false},"excerpt":{"rendered":"<p>On Saturday 26 July, \u00c5l town centre will be filled with market stalls, activities, music and a party atmosphere! There will be local food, children's entertainment, surprises and life from morning to night.<\/p>","protected":false},"author":3,"featured_media":2650,"template":"","meta":{"_acf_changed":false,"_tribe_events_status":"","_tribe_events_status_reason":"","footnotes":""},"tags":[],"tribe_events_cat":[98,90],"class_list":["post-3252","tribe_events","type-tribe_events","status-publish","has-post-thumbnail","hentry","tribe_events_cat-marked","tribe_events_cat-sosial-moteplass","cat_marked","cat_sosial-moteplass"],"acf":[],"yoast_head":"<title>\u00c5l-dagen - Visit \u00c5l<\/title>\n<meta name=\"robots\" content=\"noindex, follow\" \/>\n<meta property=\"og:locale\" content=\"en_GB\" \/>\n<meta property=\"og:type\" content=\"article\" \/>\n<meta property=\"og:title\" content=\"\u00c5l-dagen - Visit \u00c5l\" \/>\n<meta property=\"og:description\" content=\"L\u00f8rdag 26. juli fylles \u00c5l sentrum med markedsboder, aktiviteter, musikk og feststemning! Her blir det kortreist mat, barneunderholdning, overraskelser og liv fra morgen til kveld.\" \/>\n<meta property=\"og:url\" content=\"https:\/\/www.visital.no\/en\/arrangementer\/al-dagen\/\" \/>\n<meta property=\"og:site_name\" content=\"Visit \u00c5l\" \/>\n<meta property=\"article:publisher\" content=\"https:\/\/facebook.com\/visitalihallingdal\/\" \/>\n<meta property=\"og:image\" content=\"https:\/\/www.visital.no\/wp-content\/uploads\/2025\/05\/494188640-1250925190374924-243190593928847282-n.jpg\" \/>\n\t<meta property=\"og:image:width\" content=\"1325\" \/>\n\t<meta property=\"og:image:height\" content=\"883\" \/>\n\t<meta property=\"og:image:type\" content=\"image\/jpeg\" \/>\n<meta name=\"twitter:card\" content=\"summary_large_image\" \/>\n<script type=\"application\/ld+json\" class=\"yoast-schema-graph\">{\"@context\":\"https:\\\/\\\/schema.org\",\"@graph\":[{\"@type\":\"WebPage\",\"@id\":\"https:\\\/\\\/www.visital.no\\\/arrangementer\\\/al-dagen\\\/\",\"url\":\"https:\\\/\\\/www.visital.no\\\/arrangementer\\\/al-dagen\\\/\",\"name\":\"\u00c5l-dagen - Visit \u00c5l\",\"isPartOf\":{\"@id\":\"https:\\\/\\\/www.visital.no\\\/#website\"},\"primaryImageOfPage\":{\"@id\":\"https:\\\/\\\/www.visital.no\\\/arrangementer\\\/al-dagen\\\/#primaryimage\"},\"image\":{\"@id\":\"https:\\\/\\\/www.visital.no\\\/arrangementer\\\/al-dagen\\\/#primaryimage\"},\"thumbnailUrl\":\"https:\\\/\\\/www.visital.no\\\/wp-content\\\/uploads\\\/2025\\\/05\\\/494188640-1250925190374924-243190593928847282-n.jpg\",\"datePublished\":\"2025-07-03T08:29:13+00:00\",\"breadcrumb\":{\"@id\":\"https:\\\/\\\/www.visital.no\\\/arrangementer\\\/al-dagen\\\/#breadcrumb\"},\"inLanguage\":\"en-GB\",\"potentialAction\":[{\"@type\":\"ReadAction\",\"target\":[\"https:\\\/\\\/www.visital.no\\\/arrangementer\\\/al-dagen\\\/\"]}]},{\"@type\":\"ImageObject\",\"inLanguage\":\"en-GB\",\"@id\":\"https:\\\/\\\/www.visital.no\\\/arrangementer\\\/al-dagen\\\/#primaryimage\",\"url\":\"https:\\\/\\\/www.visital.no\\\/wp-content\\\/uploads\\\/2025\\\/05\\\/494188640-1250925190374924-243190593928847282-n.jpg\",\"contentUrl\":\"https:\\\/\\\/www.visital.no\\\/wp-content\\\/uploads\\\/2025\\\/05\\\/494188640-1250925190374924-243190593928847282-n.jpg\",\"width\":1325,\"height\":883,\"caption\":\"\u00c5l-dagen\"},{\"@type\":\"BreadcrumbList\",\"@id\":\"https:\\\/\\\/www.visital.no\\\/arrangementer\\\/al-dagen\\\/#breadcrumb\",\"itemListElement\":[{\"@type\":\"ListItem\",\"position\":1,\"name\":\"Home\",\"item\":\"https:\\\/\\\/www.visital.no\\\/\"},{\"@type\":\"ListItem\",\"position\":2,\"name\":\"Arrangementer\",\"item\":\"https:\\\/\\\/www.visital.no\\\/arrangementer\\\/\"},{\"@type\":\"ListItem\",\"position\":3,\"name\":\"\u00c5l-dagen\"}]},{\"@type\":\"WebSite\",\"@id\":\"https:\\\/\\\/www.visital.no\\\/#website\",\"url\":\"https:\\\/\\\/www.visital.no\\\/\",\"name\":\"Visit \u00c5l\",\"description\":\"\",\"publisher\":{\"@id\":\"https:\\\/\\\/www.visital.no\\\/#organization\"},\"potentialAction\":[{\"@type\":\"SearchAction\",\"target\":{\"@type\":\"EntryPoint\",\"urlTemplate\":\"https:\\\/\\\/www.visital.no\\\/?s={search_term_string}\"},\"query-input\":{\"@type\":\"PropertyValueSpecification\",\"valueRequired\":true,\"valueName\":\"search_term_string\"}}],\"inLanguage\":\"en-GB\"},{\"@type\":\"Organization\",\"@id\":\"https:\\\/\\\/www.visital.no\\\/#organization\",\"name\":\"Visit \u00c5l\",\"url\":\"https:\\\/\\\/www.visital.no\\\/\",\"logo\":{\"@type\":\"ImageObject\",\"inLanguage\":\"en-GB\",\"@id\":\"https:\\\/\\\/www.visital.no\\\/#\\\/schema\\\/logo\\\/image\\\/\",\"url\":\"https:\\\/\\\/www.visital.no\\\/wp-content\\\/uploads\\\/2024\\\/11\\\/al-i-hallingdal-logo.svg\",\"contentUrl\":\"https:\\\/\\\/www.visital.no\\\/wp-content\\\/uploads\\\/2024\\\/11\\\/al-i-hallingdal-logo.svg\",\"width\":258,\"height\":100,\"caption\":\"Visit \u00c5l\"},\"image\":{\"@id\":\"https:\\\/\\\/www.visital.no\\\/#\\\/schema\\\/logo\\\/image\\\/\"},\"sameAs\":[\"https:\\\/\\\/facebook.com\\\/visitalihallingdal\\\/\",\"https:\\\/\\\/instagram.com\\\/visitalihallingdal\\\/\",\"https:\\\/\\\/youtube.com\\\/user\\\/alutvikling\"]}]}<\/script>","yoast_head_json":{"title":"\u00c5l-dagen - Visit \u00c5l","robots":{"index":"noindex","follow":"follow"},"og_locale":"en_GB","og_type":"article","og_title":"\u00c5l-dagen - Visit \u00c5l","og_description":"L\u00f8rdag 26. juli fylles \u00c5l sentrum med markedsboder, aktiviteter, musikk og feststemning! Her blir det kortreist mat, barneunderholdning, overraskelser og liv fra morgen til kveld.","og_url":"https:\/\/www.visital.no\/en\/arrangementer\/al-dagen\/","og_site_name":"Visit \u00c5l","article_publisher":"https:\/\/facebook.com\/visitalihallingdal\/","og_image":[{"width":1325,"height":883,"url":"https:\/\/www.visital.no\/wp-content\/uploads\/2025\/05\/494188640-1250925190374924-243190593928847282-n.jpg","type":"image\/jpeg"}],"twitter_card":"summary_large_image","schema":{"@context":"https:\/\/schema.org","@graph":[{"@type":"WebPage","@id":"https:\/\/www.visital.no\/arrangementer\/al-dagen\/","url":"https:\/\/www.visital.no\/arrangementer\/al-dagen\/","name":"\u00c5l-dagen - Visit \u00c5l","isPartOf":{"@id":"https:\/\/www.visital.no\/#website"},"primaryImageOfPage":{"@id":"https:\/\/www.visital.no\/arrangementer\/al-dagen\/#primaryimage"},"image":{"@id":"https:\/\/www.visital.no\/arrangementer\/al-dagen\/#primaryimage"},"thumbnailUrl":"https:\/\/www.visital.no\/wp-content\/uploads\/2025\/05\/494188640-1250925190374924-243190593928847282-n.jpg","datePublished":"2025-07-03T08:29:13+00:00","breadcrumb":{"@id":"https:\/\/www.visital.no\/arrangementer\/al-dagen\/#breadcrumb"},"inLanguage":"en-GB","potentialAction":[{"@type":"ReadAction","target":["https:\/\/www.visital.no\/arrangementer\/al-dagen\/"]}]},{"@type":"ImageObject","inLanguage":"en-GB","@id":"https:\/\/www.visital.no\/arrangementer\/al-dagen\/#primaryimage","url":"https:\/\/www.visital.no\/wp-content\/uploads\/2025\/05\/494188640-1250925190374924-243190593928847282-n.jpg","contentUrl":"https:\/\/www.visital.no\/wp-content\/uploads\/2025\/05\/494188640-1250925190374924-243190593928847282-n.jpg","width":1325,"height":883,"caption":"\u00c5l-dagen"},{"@type":"BreadcrumbList","@id":"https:\/\/www.visital.no\/arrangementer\/al-dagen\/#breadcrumb","itemListElement":[{"@type":"ListItem","position":1,"name":"Home","item":"https:\/\/www.visital.no\/"},{"@type":"ListItem","position":2,"name":"Arrangementer","item":"https:\/\/www.visital.no\/arrangementer\/"},{"@type":"ListItem","position":3,"name":"\u00c5l-dagen"}]},{"@type":"WebSite","@id":"https:\/\/www.visital.no\/#website","url":"https:\/\/www.visital.no\/","name":"Visit \u00c5l","description":"","publisher":{"@id":"https:\/\/www.visital.no\/#organization"},"potentialAction":[{"@type":"SearchAction","target":{"@type":"EntryPoint","urlTemplate":"https:\/\/www.visital.no\/?s={search_term_string}"},"query-input":{"@type":"PropertyValueSpecification","valueRequired":true,"valueName":"search_term_string"}}],"inLanguage":"en-GB"},{"@type":"Organization","@id":"https:\/\/www.visital.no\/#organization","name":"Visit \u00c5l","url":"https:\/\/www.visital.no\/","logo":{"@type":"ImageObject","inLanguage":"en-GB","@id":"https:\/\/www.visital.no\/#\/schema\/logo\/image\/","url":"https:\/\/www.visital.no\/wp-content\/uploads\/2024\/11\/al-i-hallingdal-logo.svg","contentUrl":"https:\/\/www.visital.no\/wp-content\/uploads\/2024\/11\/al-i-hallingdal-logo.svg","width":258,"height":100,"caption":"Visit \u00c5l"},"image":{"@id":"https:\/\/www.visital.no\/#\/schema\/logo\/image\/"},"sameAs":["https:\/\/facebook.com\/visitalihallingdal\/","https:\/\/instagram.com\/visitalihallingdal\/","https:\/\/youtube.com\/user\/alutvikling"]}]}},"_links":{"self":[{"href":"https:\/\/www.visital.no\/en\/wp-json\/wp\/v2\/tribe_events\/3252","targetHints":{"allow":["GET"]}}],"collection":[{"href":"https:\/\/www.visital.no\/en\/wp-json\/wp\/v2\/tribe_events"}],"about":[{"href":"https:\/\/www.visital.no\/en\/wp-json\/wp\/v2\/types\/tribe_events"}],"author":[{"embeddable":true,"href":"https:\/\/www.visital.no\/en\/wp-json\/wp\/v2\/users\/3"}],"version-history":[{"count":1,"href":"https:\/\/www.visital.no\/en\/wp-json\/wp\/v2\/tribe_events\/3252\/revisions"}],"predecessor-version":[{"id":3253,"href":"https:\/\/www.visital.no\/en\/wp-json\/wp\/v2\/tribe_events\/3252\/revisions\/3253"}],"wp:featuredmedia":[{"embeddable":true,"href":"https:\/\/www.visital.no\/en\/wp-json\/wp\/v2\/media\/2650"}],"wp:attachment":[{"href":"https:\/\/www.visital.no\/en\/wp-json\/wp\/v2\/media?parent=3252"}],"wp:term":[{"taxonomy":"post_tag","embeddable":true,"href":"https:\/\/www.visital.no\/en\/wp-json\/wp\/v2\/tags?post=3252"},{"taxonomy":"tribe_events_cat","embeddable":true,"href":"https:\/\/www.visital.no\/en\/wp-json\/wp\/v2\/tribe_events_cat?post=3252"}],"curies":[{"name":"wp","href":"https:\/\/api.w.org\/{rel}","templated":true}]}}

Ål Marked Day

<h2 data-start="334" data-end="349">Programme</h2>
<h3 data-start="351" data-end="370"><strong data-start="351" data-end="370">Friday 25 July</strong></h3>
<ul data-start="371" data-end="415">
<li data-start="371" data-end="415">
<p data-start="373" data-end="415">19:00: Shellfish night at Bear House Burger</p>
</li>
</ul>
<h3 data-start="417" data-end="436"><strong data-start="417" data-end="436">Saturday 26 July</strong></h3>
<ul data-start="437" data-end="747">
<li data-start="437" data-end="476">
<p data-start="439" data-end="476">09:00: Auction viewing in Sundrehall</p>
</li>
<li data-start="477" data-end="501">
<p data-start="479" data-end="501">10:00: Auction start</p>
</li>
<li data-start="502" data-end="543">
<p data-start="504" data-end="543">10:00-16:00: Market stalls and local food</p>
</li>
<li data-start="544" data-end="577">
<p data-start="546" data-end="577">11:00-13:00: Free vassgraut</p>
</li>
<li data-start="578" data-end="604">
<p data-start="580" data-end="604">12:00: Peppa Pig show</p>
</li>
<li data-start="605" data-end="640">
<p data-start="607" data-end="640">13:00 &amp; 14:00: Meet &amp; greet Peppa</p>
</li>
<li data-start="641" data-end="690">
<p data-start="643" data-end="690">All day long: Children's activities and entertainment</p>
</li>
<li data-start="691" data-end="747">
<p data-start="693" data-end="747">21:00: Outdoor concert with Tom &amp; The Fortunates + DJ Jonas1</p>
</li>
</ul>
<p>&nbsp;</p>
<p>Bring your family and friends and join us for the most enjoyable day of the summer in Ål!</p>
<p>&nbsp;</p>
<p>Do you want to contribute or participate as an exhibitor? Contact us at <a class="cursor-pointer" rel="noopener" data-start="962" data-end="1007">dl@alutvikling.no</a></p>

<p>On Saturday 26 July, Ål town centre will be filled with market stalls, activities, music and a party atmosphere! There will be local food, children's entertainment, surprises and life from morning to night.</p>

<title>Ål-dagen - Visit Ål</title>
<meta name="robots" content="noindex, follow" />
<meta property="og:locale" content="en_GB" />
<meta property="og:type" content="article" />
<meta property="og:title" content="Ål-dagen - Visit Ål" />
<meta property="og:description" content="Lørdag 26. juli fylles Ål sentrum med markedsboder, aktiviteter, musikk og feststemning! Her blir det kortreist mat, barneunderholdning, overraskelser og liv fra morgen til kveld." />
<meta property="og:url" content="https://www.visital.no/en/arrangementer/al-dagen/" />
<meta property="og:site_name" content="Visit Ål" />
<meta property="article:publisher" content="https://facebook.com/visitalihallingdal/" />
<meta property="og:image" content="https://www.visital.no/wp-content/uploads/2025/05/494188640-1250925190374924-243190593928847282-n.jpg" />
	<meta property="og:image:width" content="1325" />
	<meta property="og:image:height" content="883" />
	<meta property="og:image:type" content="image/jpeg" />
<meta name="twitter:card" content="summary_large_image" />
<script type="application/ld+json" class="yoast-schema-graph">{"@context":"https:\/\/schema.org","@graph":[{"@type":"WebPage","@id":"https:\/\/www.visital.no\/arrangementer\/al-dagen\/","url":"https:\/\/www.visital.no\/arrangementer\/al-dagen\/","name":"Ål-dagen - Visit Ål","isPartOf":{"@id":"https:\/\/www.visital.no\/#website"},"primaryImageOfPage":{"@id":"https:\/\/www.visital.no\/arrangementer\/al-dagen\/#primaryimage"},"image":{"@id":"https:\/\/www.visital.no\/arrangementer\/al-dagen\/#primaryimage"},"thumbnailUrl":"https:\/\/www.visital.no\/wp-content\/uploads\/2025\/05\/494188640-1250925190374924-243190593928847282-n.jpg","datePublished":"2025-07-03T08:29:13+00:00","breadcrumb":{"@id":"https:\/\/www.visital.no\/arrangementer\/al-dagen\/#breadcrumb"},"inLanguage":"en-GB","potentialAction":[{"@type":"ReadAction","target":["https:\/\/www.visital.no\/arrangementer\/al-dagen\/"]}]},{"@type":"ImageObject","inLanguage":"en-GB","@id":"https:\/\/www.visital.no\/arrangementer\/al-dagen\/#primaryimage","url":"https:\/\/www.visital.no\/wp-content\/uploads\/2025\/05\/494188640-1250925190374924-243190593928847282-n.jpg","contentUrl":"https:\/\/www.visital.no\/wp-content\/uploads\/2025\/05\/494188640-1250925190374924-243190593928847282-n.jpg","width":1325,"height":883,"caption":"Ål-dagen"},{"@type":"BreadcrumbList","@id":"https:\/\/www.visital.no\/arrangementer\/al-dagen\/#breadcrumb","itemListElement":[{"@type":"ListItem","position":1,"name":"Home","item":"https:\/\/www.visital.no\/"},{"@type":"ListItem","position":2,"name":"Arrangementer","item":"https:\/\/www.visital.no\/arrangementer\/"},{"@type":"ListItem","position":3,"name":"Ål-dagen"}]},{"@type":"WebSite","@id":"https:\/\/www.visital.no\/#website","url":"https:\/\/www.visital.no\/","name":"Visit Ål","description":"","publisher":{"@id":"https:\/\/www.visital.no\/#organization"},"potentialAction":[{"@type":"SearchAction","target":{"@type":"EntryPoint","urlTemplate":"https:\/\/www.visital.no\/?s={search_term_string}"},"query-input":{"@type":"PropertyValueSpecification","valueRequired":true,"valueName":"search_term_string"}}],"inLanguage":"en-GB"},{"@type":"Organization","@id":"https:\/\/www.visital.no\/#organization","name":"Visit Ål","url":"https:\/\/www.visital.no\/","logo":{"@type":"ImageObject","inLanguage":"en-GB","@id":"https:\/\/www.visital.no\/#\/schema\/logo\/image\/","url":"https:\/\/www.visital.no\/wp-content\/uploads\/2024\/11\/al-i-hallingdal-logo.svg","contentUrl":"https:\/\/www.visital.no\/wp-content\/uploads\/2024\/11\/al-i-hallingdal-logo.svg","width":258,"height":100,"caption":"Visit Ål"},"image":{"@id":"https:\/\/www.visital.no\/#\/schema\/logo\/image\/"},"sameAs":["https:\/\/facebook.com\/visitalihallingdal\/","https:\/\/instagram.com\/visitalihallingdal\/","https:\/\/youtube.com\/user\/alutvikling"]}]}</script>

Ål-dagen - Visit Ål

Lørdag 26. juli fylles Ål sentrum med markedsboder, aktiviteter, musikk og feststemning! Her blir det kortreist mat, barneunderholdning, overraskelser og liv fra morgen til kveld.

Visit Ål

Ål-dagen
