{"id":2477,"date":"2025-05-08T12:04:33","date_gmt":"2025-05-08T10:04:33","guid":{"rendered":"https:\/\/www.visital.no\/?post_type=tribe_events&#038;p=2477"},"modified":"2025-06-24T13:58:24","modified_gmt":"2025-06-24T11:58:24","slug":"utstilling-den-bla-timen-med-sodal-og-kjelland","status":"publish","type":"tribe_events","link":"https:\/\/www.visital.no\/en\/arrangementer\/utstilling-den-bla-timen-med-sodal-og-kjelland\/","title":{"rendered":"Exhibition: The blue hour with S\u00f8dal and Kjelland"},"content":{"rendered":"<p class=\"\" data-start=\"663\" data-end=\"776\"><strong data-start=\"663\" data-end=\"701\">Exhibition optimisation: <em data-start=\"684\" data-end=\"699\">The blue hour<\/em><\/strong><br data-start=\"701\" data-end=\"704\" \/><strong data-start=\"704\" data-end=\"741\">Per Ove S\u00f8dal - painting and graphics<\/strong><br data-start=\"741\" data-end=\"744\" \/><strong data-start=\"744\" data-end=\"776\">Katarina Kjelland - ceramics<\/strong><\/p>\n<p class=\"\" data-start=\"778\" data-end=\"910\">In this summer's exhibition <em data-start=\"801\" data-end=\"816\">The blue hour<\/em> We meet two artists who, each in their own way, explore the space between the visible and the sensed.<\/p>\n<p class=\"\" data-start=\"912\" data-end=\"1320\">Per Ove S\u00f8dal draws inspiration from the sea, harbours and fishing villages - the landscape that surrounds him in southern Norway. In his paintings, he creates an expression that balances between inner and outer reality, made up of simple geometric shapes, mystery and wonder. S\u00f8dal works with both painting and lithography, and has learnt printmaking at Myren Grafikk and Kristiansand Grafiske Verksted - among others with Kjell Nupen as his mentor.<\/p>\n<p class=\"\" data-start=\"1322\" data-end=\"1688\">Katarina Kjelland works with ceramics in a range between function and art. She utilises various firing methods - from electric to wood firing and raku - and works with local materials to create unique surfaces and expressions. With her workshop in Kristiansand, she creates timeless objects in stoneware that range from utilitarian objects to sculptural forms and light installations.<\/p>\n<p class=\"\" data-start=\"1690\" data-end=\"1744\"><strong data-start=\"1690\" data-end=\"1744\">The exhibition runs from 14 June to 24 August 2025.<\/strong><\/p>","protected":false},"excerpt":{"rendered":"<p>Welcome to the opening of the summer exhibition The Blue Hour, where painting, graphics and ceramics meet in a sensuous and evocative landscape - signed Per Ove S\u00f8dal and Katarina Kjelland.<\/p>","protected":false},"author":3,"featured_media":2478,"template":"","meta":{"_acf_changed":false,"_tribe_events_status":"","_tribe_events_status_reason":"","footnotes":""},"tags":[],"tribe_events_cat":[88],"class_list":["post-2477","tribe_events","type-tribe_events","status-publish","has-post-thumbnail","hentry","tribe_events_cat-utstilling","cat_utstilling"],"acf":[],"yoast_head":"<title>Utstilling: Den bl\u00e5 timen med S\u00f8dal og Kjelland - Visit \u00c5l<\/title>\n<meta name=\"description\" content=\"Utstillingsopning: Den bl\u00e5 timen med Per Ove S\u00f8dal og Katarina Kjelland. M\u00e5leri, grafikk og keramikk med r\u00f8ter i natur, kyst og undring. Sommarutstilling 14. juni\u201324. august.\" \/>\n<meta name=\"robots\" content=\"noindex, follow\" \/>\n<meta property=\"og:locale\" content=\"en_GB\" \/>\n<meta property=\"og:type\" content=\"article\" \/>\n<meta property=\"og:title\" content=\"Utstilling: Den bl\u00e5 timen med S\u00f8dal og Kjelland - Visit \u00c5l\" \/>\n<meta property=\"og:description\" content=\"Utstillingsopning: Den bl\u00e5 timen med Per Ove S\u00f8dal og Katarina Kjelland. M\u00e5leri, grafikk og keramikk med r\u00f8ter i natur, kyst og undring. Sommarutstilling 14. juni\u201324. august.\" \/>\n<meta property=\"og:url\" content=\"https:\/\/www.visital.no\/en\/arrangementer\/utstilling-den-bla-timen-med-sodal-og-kjelland\/\" \/>\n<meta property=\"og:site_name\" content=\"Visit \u00c5l\" \/>\n<meta property=\"article:publisher\" content=\"https:\/\/facebook.com\/visitalihallingdal\/\" \/>\n<meta property=\"article:modified_time\" content=\"2025-06-24T11:58:24+00:00\" \/>\n<meta property=\"og:image\" content=\"https:\/\/www.visital.no\/wp-content\/uploads\/2025\/05\/skumringlito-768x770-1-e1746698655817.jpg\" \/>\n\t<meta property=\"og:image:width\" content=\"767\" \/>\n\t<meta property=\"og:image:height\" content=\"545\" \/>\n\t<meta property=\"og:image:type\" content=\"image\/jpeg\" \/>\n<meta name=\"twitter:card\" content=\"summary_large_image\" \/>\n<meta name=\"twitter:label1\" content=\"Est. reading time\" \/>\n\t<meta name=\"twitter:data1\" content=\"2 minutes\" \/>\n<script type=\"application\/ld+json\" class=\"yoast-schema-graph\">{\"@context\":\"https:\\\/\\\/schema.org\",\"@graph\":[{\"@type\":\"WebPage\",\"@id\":\"https:\\\/\\\/www.visital.no\\\/arrangementer\\\/utstilling-den-bla-timen-med-sodal-og-kjelland\\\/\",\"url\":\"https:\\\/\\\/www.visital.no\\\/arrangementer\\\/utstilling-den-bla-timen-med-sodal-og-kjelland\\\/\",\"name\":\"Utstilling: Den bl\u00e5 timen med S\u00f8dal og Kjelland - Visit \u00c5l\",\"isPartOf\":{\"@id\":\"https:\\\/\\\/www.visital.no\\\/#website\"},\"primaryImageOfPage\":{\"@id\":\"https:\\\/\\\/www.visital.no\\\/arrangementer\\\/utstilling-den-bla-timen-med-sodal-og-kjelland\\\/#primaryimage\"},\"image\":{\"@id\":\"https:\\\/\\\/www.visital.no\\\/arrangementer\\\/utstilling-den-bla-timen-med-sodal-og-kjelland\\\/#primaryimage\"},\"thumbnailUrl\":\"https:\\\/\\\/www.visital.no\\\/wp-content\\\/uploads\\\/2025\\\/05\\\/skumringlito-768x770-1-e1746698655817.jpg\",\"datePublished\":\"2025-05-08T10:04:33+00:00\",\"dateModified\":\"2025-06-24T11:58:24+00:00\",\"description\":\"Utstillingsopning: Den bl\u00e5 timen med Per Ove S\u00f8dal og Katarina Kjelland. M\u00e5leri, grafikk og keramikk med r\u00f8ter i natur, kyst og undring. Sommarutstilling 14. juni\u201324. august.\",\"breadcrumb\":{\"@id\":\"https:\\\/\\\/www.visital.no\\\/arrangementer\\\/utstilling-den-bla-timen-med-sodal-og-kjelland\\\/#breadcrumb\"},\"inLanguage\":\"en-GB\",\"potentialAction\":[{\"@type\":\"ReadAction\",\"target\":[\"https:\\\/\\\/www.visital.no\\\/arrangementer\\\/utstilling-den-bla-timen-med-sodal-og-kjelland\\\/\"]}]},{\"@type\":\"ImageObject\",\"inLanguage\":\"en-GB\",\"@id\":\"https:\\\/\\\/www.visital.no\\\/arrangementer\\\/utstilling-den-bla-timen-med-sodal-og-kjelland\\\/#primaryimage\",\"url\":\"https:\\\/\\\/www.visital.no\\\/wp-content\\\/uploads\\\/2025\\\/05\\\/skumringlito-768x770-1-e1746698655817.jpg\",\"contentUrl\":\"https:\\\/\\\/www.visital.no\\\/wp-content\\\/uploads\\\/2025\\\/05\\\/skumringlito-768x770-1-e1746698655817.jpg\",\"width\":767,\"height\":545},{\"@type\":\"BreadcrumbList\",\"@id\":\"https:\\\/\\\/www.visital.no\\\/arrangementer\\\/utstilling-den-bla-timen-med-sodal-og-kjelland\\\/#breadcrumb\",\"itemListElement\":[{\"@type\":\"ListItem\",\"position\":1,\"name\":\"Home\",\"item\":\"https:\\\/\\\/www.visital.no\\\/\"},{\"@type\":\"ListItem\",\"position\":2,\"name\":\"Arrangementer\",\"item\":\"https:\\\/\\\/www.visital.no\\\/arrangementer\\\/\"},{\"@type\":\"ListItem\",\"position\":3,\"name\":\"Utstilling: Den bl\u00e5 timen med S\u00f8dal og Kjelland\"}]},{\"@type\":\"WebSite\",\"@id\":\"https:\\\/\\\/www.visital.no\\\/#website\",\"url\":\"https:\\\/\\\/www.visital.no\\\/\",\"name\":\"Visit \u00c5l\",\"description\":\"\",\"publisher\":{\"@id\":\"https:\\\/\\\/www.visital.no\\\/#organization\"},\"potentialAction\":[{\"@type\":\"SearchAction\",\"target\":{\"@type\":\"EntryPoint\",\"urlTemplate\":\"https:\\\/\\\/www.visital.no\\\/?s={search_term_string}\"},\"query-input\":{\"@type\":\"PropertyValueSpecification\",\"valueRequired\":true,\"valueName\":\"search_term_string\"}}],\"inLanguage\":\"en-GB\"},{\"@type\":\"Organization\",\"@id\":\"https:\\\/\\\/www.visital.no\\\/#organization\",\"name\":\"Visit \u00c5l\",\"url\":\"https:\\\/\\\/www.visital.no\\\/\",\"logo\":{\"@type\":\"ImageObject\",\"inLanguage\":\"en-GB\",\"@id\":\"https:\\\/\\\/www.visital.no\\\/#\\\/schema\\\/logo\\\/image\\\/\",\"url\":\"https:\\\/\\\/www.visital.no\\\/wp-content\\\/uploads\\\/2024\\\/11\\\/al-i-hallingdal-logo.svg\",\"contentUrl\":\"https:\\\/\\\/www.visital.no\\\/wp-content\\\/uploads\\\/2024\\\/11\\\/al-i-hallingdal-logo.svg\",\"width\":258,\"height\":100,\"caption\":\"Visit \u00c5l\"},\"image\":{\"@id\":\"https:\\\/\\\/www.visital.no\\\/#\\\/schema\\\/logo\\\/image\\\/\"},\"sameAs\":[\"https:\\\/\\\/facebook.com\\\/visitalihallingdal\\\/\",\"https:\\\/\\\/instagram.com\\\/visitalihallingdal\\\/\",\"https:\\\/\\\/youtube.com\\\/user\\\/alutvikling\"]}]}<\/script>","yoast_head_json":{"title":"Utstilling: Den bl\u00e5 timen med S\u00f8dal og Kjelland - Visit \u00c5l","description":"Utstillingsopning: Den bl\u00e5 timen med Per Ove S\u00f8dal og Katarina Kjelland. M\u00e5leri, grafikk og keramikk med r\u00f8ter i natur, kyst og undring. Sommarutstilling 14. juni\u201324. august.","robots":{"index":"noindex","follow":"follow"},"og_locale":"en_GB","og_type":"article","og_title":"Utstilling: Den bl\u00e5 timen med S\u00f8dal og Kjelland - Visit \u00c5l","og_description":"Utstillingsopning: Den bl\u00e5 timen med Per Ove S\u00f8dal og Katarina Kjelland. M\u00e5leri, grafikk og keramikk med r\u00f8ter i natur, kyst og undring. Sommarutstilling 14. juni\u201324. august.","og_url":"https:\/\/www.visital.no\/en\/arrangementer\/utstilling-den-bla-timen-med-sodal-og-kjelland\/","og_site_name":"Visit \u00c5l","article_publisher":"https:\/\/facebook.com\/visitalihallingdal\/","article_modified_time":"2025-06-24T11:58:24+00:00","og_image":[{"width":767,"height":545,"url":"https:\/\/www.visital.no\/wp-content\/uploads\/2025\/05\/skumringlito-768x770-1-e1746698655817.jpg","type":"image\/jpeg"}],"twitter_card":"summary_large_image","twitter_misc":{"Est. reading time":"2 minutes"},"schema":{"@context":"https:\/\/schema.org","@graph":[{"@type":"WebPage","@id":"https:\/\/www.visital.no\/arrangementer\/utstilling-den-bla-timen-med-sodal-og-kjelland\/","url":"https:\/\/www.visital.no\/arrangementer\/utstilling-den-bla-timen-med-sodal-og-kjelland\/","name":"Utstilling: Den bl\u00e5 timen med S\u00f8dal og Kjelland - Visit \u00c5l","isPartOf":{"@id":"https:\/\/www.visital.no\/#website"},"primaryImageOfPage":{"@id":"https:\/\/www.visital.no\/arrangementer\/utstilling-den-bla-timen-med-sodal-og-kjelland\/#primaryimage"},"image":{"@id":"https:\/\/www.visital.no\/arrangementer\/utstilling-den-bla-timen-med-sodal-og-kjelland\/#primaryimage"},"thumbnailUrl":"https:\/\/www.visital.no\/wp-content\/uploads\/2025\/05\/skumringlito-768x770-1-e1746698655817.jpg","datePublished":"2025-05-08T10:04:33+00:00","dateModified":"2025-06-24T11:58:24+00:00","description":"Utstillingsopning: Den bl\u00e5 timen med Per Ove S\u00f8dal og Katarina Kjelland. M\u00e5leri, grafikk og keramikk med r\u00f8ter i natur, kyst og undring. Sommarutstilling 14. juni\u201324. august.","breadcrumb":{"@id":"https:\/\/www.visital.no\/arrangementer\/utstilling-den-bla-timen-med-sodal-og-kjelland\/#breadcrumb"},"inLanguage":"en-GB","potentialAction":[{"@type":"ReadAction","target":["https:\/\/www.visital.no\/arrangementer\/utstilling-den-bla-timen-med-sodal-og-kjelland\/"]}]},{"@type":"ImageObject","inLanguage":"en-GB","@id":"https:\/\/www.visital.no\/arrangementer\/utstilling-den-bla-timen-med-sodal-og-kjelland\/#primaryimage","url":"https:\/\/www.visital.no\/wp-content\/uploads\/2025\/05\/skumringlito-768x770-1-e1746698655817.jpg","contentUrl":"https:\/\/www.visital.no\/wp-content\/uploads\/2025\/05\/skumringlito-768x770-1-e1746698655817.jpg","width":767,"height":545},{"@type":"BreadcrumbList","@id":"https:\/\/www.visital.no\/arrangementer\/utstilling-den-bla-timen-med-sodal-og-kjelland\/#breadcrumb","itemListElement":[{"@type":"ListItem","position":1,"name":"Home","item":"https:\/\/www.visital.no\/"},{"@type":"ListItem","position":2,"name":"Arrangementer","item":"https:\/\/www.visital.no\/arrangementer\/"},{"@type":"ListItem","position":3,"name":"Utstilling: Den bl\u00e5 timen med S\u00f8dal og Kjelland"}]},{"@type":"WebSite","@id":"https:\/\/www.visital.no\/#website","url":"https:\/\/www.visital.no\/","name":"Visit \u00c5l","description":"","publisher":{"@id":"https:\/\/www.visital.no\/#organization"},"potentialAction":[{"@type":"SearchAction","target":{"@type":"EntryPoint","urlTemplate":"https:\/\/www.visital.no\/?s={search_term_string}"},"query-input":{"@type":"PropertyValueSpecification","valueRequired":true,"valueName":"search_term_string"}}],"inLanguage":"en-GB"},{"@type":"Organization","@id":"https:\/\/www.visital.no\/#organization","name":"Visit \u00c5l","url":"https:\/\/www.visital.no\/","logo":{"@type":"ImageObject","inLanguage":"en-GB","@id":"https:\/\/www.visital.no\/#\/schema\/logo\/image\/","url":"https:\/\/www.visital.no\/wp-content\/uploads\/2024\/11\/al-i-hallingdal-logo.svg","contentUrl":"https:\/\/www.visital.no\/wp-content\/uploads\/2024\/11\/al-i-hallingdal-logo.svg","width":258,"height":100,"caption":"Visit \u00c5l"},"image":{"@id":"https:\/\/www.visital.no\/#\/schema\/logo\/image\/"},"sameAs":["https:\/\/facebook.com\/visitalihallingdal\/","https:\/\/instagram.com\/visitalihallingdal\/","https:\/\/youtube.com\/user\/alutvikling"]}]}},"_links":{"self":[{"href":"https:\/\/www.visital.no\/en\/wp-json\/wp\/v2\/tribe_events\/2477","targetHints":{"allow":["GET"]}}],"collection":[{"href":"https:\/\/www.visital.no\/en\/wp-json\/wp\/v2\/tribe_events"}],"about":[{"href":"https:\/\/www.visital.no\/en\/wp-json\/wp\/v2\/types\/tribe_events"}],"author":[{"embeddable":true,"href":"https:\/\/www.visital.no\/en\/wp-json\/wp\/v2\/users\/3"}],"version-history":[{"count":1,"href":"https:\/\/www.visital.no\/en\/wp-json\/wp\/v2\/tribe_events\/2477\/revisions"}],"predecessor-version":[{"id":2480,"href":"https:\/\/www.visital.no\/en\/wp-json\/wp\/v2\/tribe_events\/2477\/revisions\/2480"}],"wp:featuredmedia":[{"embeddable":true,"href":"https:\/\/www.visital.no\/en\/wp-json\/wp\/v2\/media\/2478"}],"wp:attachment":[{"href":"https:\/\/www.visital.no\/en\/wp-json\/wp\/v2\/media?parent=2477"}],"wp:term":[{"taxonomy":"post_tag","embeddable":true,"href":"https:\/\/www.visital.no\/en\/wp-json\/wp\/v2\/tags?post=2477"},{"taxonomy":"tribe_events_cat","embeddable":true,"href":"https:\/\/www.visital.no\/en\/wp-json\/wp\/v2\/tribe_events_cat?post=2477"}],"curies":[{"name":"wp","href":"https:\/\/api.w.org\/{rel}","templated":true}]}}

Exhibition: The blue hour with Sødal and Kjelland

<p class="" data-start="663" data-end="776"><strong data-start="663" data-end="701">Exhibition optimisation: <em data-start="684" data-end="699">The blue hour</em></strong><br data-start="701" data-end="704" /><strong data-start="704" data-end="741">Per Ove Sødal - painting and graphics</strong><br data-start="741" data-end="744" /><strong data-start="744" data-end="776">Katarina Kjelland - ceramics</strong></p>
<p class="" data-start="778" data-end="910">In this summer's exhibition <em data-start="801" data-end="816">The blue hour</em> We meet two artists who, each in their own way, explore the space between the visible and the sensed.</p>
<p class="" data-start="912" data-end="1320">Per Ove Sødal draws inspiration from the sea, harbours and fishing villages - the landscape that surrounds him in southern Norway. In his paintings, he creates an expression that balances between inner and outer reality, made up of simple geometric shapes, mystery and wonder. Sødal works with both painting and lithography, and has learnt printmaking at Myren Grafikk and Kristiansand Grafiske Verksted - among others with Kjell Nupen as his mentor.</p>
<p class="" data-start="1322" data-end="1688">Katarina Kjelland works with ceramics in a range between function and art. She utilises various firing methods - from electric to wood firing and raku - and works with local materials to create unique surfaces and expressions. With her workshop in Kristiansand, she creates timeless objects in stoneware that range from utilitarian objects to sculptural forms and light installations.</p>
<p class="" data-start="1690" data-end="1744"><strong data-start="1690" data-end="1744">The exhibition runs from 14 June to 24 August 2025.</strong></p>

<p>Welcome to the opening of the summer exhibition The Blue Hour, where painting, graphics and ceramics meet in a sensuous and evocative landscape - signed Per Ove Sødal and Katarina Kjelland.</p>

<title>Utstilling: Den blå timen med Sødal og Kjelland - Visit Ål</title>
<meta name="description" content="Utstillingsopning: Den blå timen med Per Ove Sødal og Katarina Kjelland. Måleri, grafikk og keramikk med røter i natur, kyst og undring. Sommarutstilling 14. juni–24. august." />
<meta name="robots" content="noindex, follow" />
<meta property="og:locale" content="en_GB" />
<meta property="og:type" content="article" />
<meta property="og:title" content="Utstilling: Den blå timen med Sødal og Kjelland - Visit Ål" />
<meta property="og:description" content="Utstillingsopning: Den blå timen med Per Ove Sødal og Katarina Kjelland. Måleri, grafikk og keramikk med røter i natur, kyst og undring. Sommarutstilling 14. juni–24. august." />
<meta property="og:url" content="https://www.visital.no/en/arrangementer/utstilling-den-bla-timen-med-sodal-og-kjelland/" />
<meta property="og:site_name" content="Visit Ål" />
<meta property="article:publisher" content="https://facebook.com/visitalihallingdal/" />
<meta property="article:modified_time" content="2025-06-24T11:58:24+00:00" />
<meta property="og:image" content="https://www.visital.no/wp-content/uploads/2025/05/skumringlito-768x770-1-e1746698655817.jpg" />
	<meta property="og:image:width" content="767" />
	<meta property="og:image:height" content="545" />
	<meta property="og:image:type" content="image/jpeg" />
<meta name="twitter:card" content="summary_large_image" />
<meta name="twitter:label1" content="Est. reading time" />
	<meta name="twitter:data1" content="2 minutes" />
<script type="application/ld+json" class="yoast-schema-graph">{"@context":"https:\/\/schema.org","@graph":[{"@type":"WebPage","@id":"https:\/\/www.visital.no\/arrangementer\/utstilling-den-bla-timen-med-sodal-og-kjelland\/","url":"https:\/\/www.visital.no\/arrangementer\/utstilling-den-bla-timen-med-sodal-og-kjelland\/","name":"Utstilling: Den blå timen med Sødal og Kjelland - Visit Ål","isPartOf":{"@id":"https:\/\/www.visital.no\/#website"},"primaryImageOfPage":{"@id":"https:\/\/www.visital.no\/arrangementer\/utstilling-den-bla-timen-med-sodal-og-kjelland\/#primaryimage"},"image":{"@id":"https:\/\/www.visital.no\/arrangementer\/utstilling-den-bla-timen-med-sodal-og-kjelland\/#primaryimage"},"thumbnailUrl":"https:\/\/www.visital.no\/wp-content\/uploads\/2025\/05\/skumringlito-768x770-1-e1746698655817.jpg","datePublished":"2025-05-08T10:04:33+00:00","dateModified":"2025-06-24T11:58:24+00:00","description":"Utstillingsopning: Den blå timen med Per Ove Sødal og Katarina Kjelland. Måleri, grafikk og keramikk med røter i natur, kyst og undring. Sommarutstilling 14. juni–24. august.","breadcrumb":{"@id":"https:\/\/www.visital.no\/arrangementer\/utstilling-den-bla-timen-med-sodal-og-kjelland\/#breadcrumb"},"inLanguage":"en-GB","potentialAction":[{"@type":"ReadAction","target":["https:\/\/www.visital.no\/arrangementer\/utstilling-den-bla-timen-med-sodal-og-kjelland\/"]}]},{"@type":"ImageObject","inLanguage":"en-GB","@id":"https:\/\/www.visital.no\/arrangementer\/utstilling-den-bla-timen-med-sodal-og-kjelland\/#primaryimage","url":"https:\/\/www.visital.no\/wp-content\/uploads\/2025\/05\/skumringlito-768x770-1-e1746698655817.jpg","contentUrl":"https:\/\/www.visital.no\/wp-content\/uploads\/2025\/05\/skumringlito-768x770-1-e1746698655817.jpg","width":767,"height":545},{"@type":"BreadcrumbList","@id":"https:\/\/www.visital.no\/arrangementer\/utstilling-den-bla-timen-med-sodal-og-kjelland\/#breadcrumb","itemListElement":[{"@type":"ListItem","position":1,"name":"Home","item":"https:\/\/www.visital.no\/"},{"@type":"ListItem","position":2,"name":"Arrangementer","item":"https:\/\/www.visital.no\/arrangementer\/"},{"@type":"ListItem","position":3,"name":"Utstilling: Den blå timen med Sødal og Kjelland"}]},{"@type":"WebSite","@id":"https:\/\/www.visital.no\/#website","url":"https:\/\/www.visital.no\/","name":"Visit Ål","description":"","publisher":{"@id":"https:\/\/www.visital.no\/#organization"},"potentialAction":[{"@type":"SearchAction","target":{"@type":"EntryPoint","urlTemplate":"https:\/\/www.visital.no\/?s={search_term_string}"},"query-input":{"@type":"PropertyValueSpecification","valueRequired":true,"valueName":"search_term_string"}}],"inLanguage":"en-GB"},{"@type":"Organization","@id":"https:\/\/www.visital.no\/#organization","name":"Visit Ål","url":"https:\/\/www.visital.no\/","logo":{"@type":"ImageObject","inLanguage":"en-GB","@id":"https:\/\/www.visital.no\/#\/schema\/logo\/image\/","url":"https:\/\/www.visital.no\/wp-content\/uploads\/2024\/11\/al-i-hallingdal-logo.svg","contentUrl":"https:\/\/www.visital.no\/wp-content\/uploads\/2024\/11\/al-i-hallingdal-logo.svg","width":258,"height":100,"caption":"Visit Ål"},"image":{"@id":"https:\/\/www.visital.no\/#\/schema\/logo\/image\/"},"sameAs":["https:\/\/facebook.com\/visitalihallingdal\/","https:\/\/instagram.com\/visitalihallingdal\/","https:\/\/youtube.com\/user\/alutvikling"]}]}</script>

Utstilling: Den blå timen med Sødal og Kjelland - Visit Ål

Utstillingsopning: Den blå timen med Per Ove Sødal og Katarina Kjelland. Måleri, grafikk og keramikk med røter i natur, kyst og undring. Sommarutstilling 14. juni–24. august.

Visit Ål

Utstilling: Den blå timen med Sødal og Kjelland
