{"id":2261,"date":"2025-04-10T23:15:03","date_gmt":"2025-04-10T21:15:03","guid":{"rendered":"https:\/\/www.visital.no\/?post_type=tribe_events&#038;p=2261"},"modified":"2025-06-24T13:58:26","modified_gmt":"2025-06-24T11:58:26","slug":"forfatterbesok-sindre-hovdenakk-med-over-til-london","status":"publish","type":"tribe_events","link":"https:\/\/www.visital.no\/en\/arrangementer\/forfatterbesok-sindre-hovdenakk-med-over-til-london\/","title":{"rendered":"Author visit: Sindre Hovdenakk with Over to London"},"content":{"rendered":"<p>When the war came to Norway, the truth went into exile. An exciting part of this story is how Norwegian and British forces got the Norwegian radio broadcasts started on the BBC. As early as April 1940, the BBC was already broadcasting in Norwegian. These radio broadcasts quickly became the most important information channel for occupied Norway. The resistance movement, the illegal press and most people heard news, speeches, appeals and important messages from the government and the royal family in exile.<br \/>\nToralv \u00d8ksnevad, known as the \"Voice from London\", became a household name among those who lived through the five difficult war years.<\/p>\n<p>Sindre Hovdenakk published the book in 2020 <em>Over to London. NRK in exile 1940-1945<\/em> and is now coming to \u00c5l library where he will tell the story of the Norwegian radio broadcasts from London.<\/p>\n<p>Free entry!<br \/>\nYou can secure your seat by picking up a free ticket in eBillett or at the culture centre desk.<\/p>","protected":false},"excerpt":{"rendered":"<p>In 2025, we are marking a double war anniversary:<br \/>\n85 years since Norway was occupied, and 80 years since its liberation. <\/p>","protected":false},"author":3,"featured_media":2262,"template":"","meta":{"_acf_changed":false,"_tribe_events_status":"","_tribe_events_status_reason":"","footnotes":""},"tags":[],"tribe_events_cat":[92],"class_list":["post-2261","tribe_events","type-tribe_events","status-publish","has-post-thumbnail","hentry","tribe_events_cat-kunstnerbesok","cat_kunstnerbesok"],"acf":[],"yoast_head":"<title>Forfatterbes\u00f8k: Sindre Hovdenakk med Over til London - Visit \u00c5l<\/title>\n<meta name=\"robots\" content=\"noindex, follow\" \/>\n<meta property=\"og:locale\" content=\"en_GB\" \/>\n<meta property=\"og:type\" content=\"article\" \/>\n<meta property=\"og:title\" content=\"Forfatterbes\u00f8k: Sindre Hovdenakk med Over til London - Visit \u00c5l\" \/>\n<meta property=\"og:description\" content=\"I 2025 markerer me eit dobbelt krigsjubileum:  85 \u00e5r sidan Noreg vart okkupert, og 80 \u00e5r sidan frigjeringa.\" \/>\n<meta property=\"og:url\" content=\"https:\/\/www.visital.no\/en\/arrangementer\/forfatterbesok-sindre-hovdenakk-med-over-til-london\/\" \/>\n<meta property=\"og:site_name\" content=\"Visit \u00c5l\" \/>\n<meta property=\"article:publisher\" content=\"https:\/\/facebook.com\/visitalihallingdal\/\" \/>\n<meta property=\"article:modified_time\" content=\"2025-06-24T11:58:26+00:00\" \/>\n<meta property=\"og:image\" content=\"https:\/\/www.visital.no\/wp-content\/uploads\/2025\/04\/164031-e1744319696463.jpg\" \/>\n\t<meta property=\"og:image:width\" content=\"833\" \/>\n\t<meta property=\"og:image:height\" content=\"608\" \/>\n\t<meta property=\"og:image:type\" content=\"image\/jpeg\" \/>\n<meta name=\"twitter:card\" content=\"summary_large_image\" \/>\n<meta name=\"twitter:label1\" content=\"Est. reading time\" \/>\n\t<meta name=\"twitter:data1\" content=\"1 minute\" \/>\n<script type=\"application\/ld+json\" class=\"yoast-schema-graph\">{\"@context\":\"https:\\\/\\\/schema.org\",\"@graph\":[{\"@type\":\"WebPage\",\"@id\":\"https:\\\/\\\/www.visital.no\\\/arrangementer\\\/forfatterbesok-sindre-hovdenakk-med-over-til-london\\\/\",\"url\":\"https:\\\/\\\/www.visital.no\\\/arrangementer\\\/forfatterbesok-sindre-hovdenakk-med-over-til-london\\\/\",\"name\":\"Forfatterbes\u00f8k: Sindre Hovdenakk med Over til London - Visit \u00c5l\",\"isPartOf\":{\"@id\":\"https:\\\/\\\/www.visital.no\\\/#website\"},\"primaryImageOfPage\":{\"@id\":\"https:\\\/\\\/www.visital.no\\\/arrangementer\\\/forfatterbesok-sindre-hovdenakk-med-over-til-london\\\/#primaryimage\"},\"image\":{\"@id\":\"https:\\\/\\\/www.visital.no\\\/arrangementer\\\/forfatterbesok-sindre-hovdenakk-med-over-til-london\\\/#primaryimage\"},\"thumbnailUrl\":\"https:\\\/\\\/www.visital.no\\\/wp-content\\\/uploads\\\/2025\\\/04\\\/164031-e1744319696463.jpg\",\"datePublished\":\"2025-04-10T21:15:03+00:00\",\"dateModified\":\"2025-06-24T11:58:26+00:00\",\"breadcrumb\":{\"@id\":\"https:\\\/\\\/www.visital.no\\\/arrangementer\\\/forfatterbesok-sindre-hovdenakk-med-over-til-london\\\/#breadcrumb\"},\"inLanguage\":\"en-GB\",\"potentialAction\":[{\"@type\":\"ReadAction\",\"target\":[\"https:\\\/\\\/www.visital.no\\\/arrangementer\\\/forfatterbesok-sindre-hovdenakk-med-over-til-london\\\/\"]}]},{\"@type\":\"ImageObject\",\"inLanguage\":\"en-GB\",\"@id\":\"https:\\\/\\\/www.visital.no\\\/arrangementer\\\/forfatterbesok-sindre-hovdenakk-med-over-til-london\\\/#primaryimage\",\"url\":\"https:\\\/\\\/www.visital.no\\\/wp-content\\\/uploads\\\/2025\\\/04\\\/164031-e1744319696463.jpg\",\"contentUrl\":\"https:\\\/\\\/www.visital.no\\\/wp-content\\\/uploads\\\/2025\\\/04\\\/164031-e1744319696463.jpg\",\"width\":833,\"height\":608},{\"@type\":\"BreadcrumbList\",\"@id\":\"https:\\\/\\\/www.visital.no\\\/arrangementer\\\/forfatterbesok-sindre-hovdenakk-med-over-til-london\\\/#breadcrumb\",\"itemListElement\":[{\"@type\":\"ListItem\",\"position\":1,\"name\":\"Home\",\"item\":\"https:\\\/\\\/www.visital.no\\\/\"},{\"@type\":\"ListItem\",\"position\":2,\"name\":\"Arrangementer\",\"item\":\"https:\\\/\\\/www.visital.no\\\/arrangementer\\\/\"},{\"@type\":\"ListItem\",\"position\":3,\"name\":\"Forfatterbes\u00f8k: Sindre Hovdenakk med Over til London\"}]},{\"@type\":\"WebSite\",\"@id\":\"https:\\\/\\\/www.visital.no\\\/#website\",\"url\":\"https:\\\/\\\/www.visital.no\\\/\",\"name\":\"Visit \u00c5l\",\"description\":\"\",\"publisher\":{\"@id\":\"https:\\\/\\\/www.visital.no\\\/#organization\"},\"potentialAction\":[{\"@type\":\"SearchAction\",\"target\":{\"@type\":\"EntryPoint\",\"urlTemplate\":\"https:\\\/\\\/www.visital.no\\\/?s={search_term_string}\"},\"query-input\":{\"@type\":\"PropertyValueSpecification\",\"valueRequired\":true,\"valueName\":\"search_term_string\"}}],\"inLanguage\":\"en-GB\"},{\"@type\":\"Organization\",\"@id\":\"https:\\\/\\\/www.visital.no\\\/#organization\",\"name\":\"Visit \u00c5l\",\"url\":\"https:\\\/\\\/www.visital.no\\\/\",\"logo\":{\"@type\":\"ImageObject\",\"inLanguage\":\"en-GB\",\"@id\":\"https:\\\/\\\/www.visital.no\\\/#\\\/schema\\\/logo\\\/image\\\/\",\"url\":\"https:\\\/\\\/www.visital.no\\\/wp-content\\\/uploads\\\/2024\\\/11\\\/al-i-hallingdal-logo.svg\",\"contentUrl\":\"https:\\\/\\\/www.visital.no\\\/wp-content\\\/uploads\\\/2024\\\/11\\\/al-i-hallingdal-logo.svg\",\"width\":258,\"height\":100,\"caption\":\"Visit \u00c5l\"},\"image\":{\"@id\":\"https:\\\/\\\/www.visital.no\\\/#\\\/schema\\\/logo\\\/image\\\/\"},\"sameAs\":[\"https:\\\/\\\/facebook.com\\\/visitalihallingdal\\\/\",\"https:\\\/\\\/instagram.com\\\/visitalihallingdal\\\/\",\"https:\\\/\\\/youtube.com\\\/user\\\/alutvikling\"]}]}<\/script>","yoast_head_json":{"title":"Forfatterbes\u00f8k: Sindre Hovdenakk med Over til London - Visit \u00c5l","robots":{"index":"noindex","follow":"follow"},"og_locale":"en_GB","og_type":"article","og_title":"Forfatterbes\u00f8k: Sindre Hovdenakk med Over til London - Visit \u00c5l","og_description":"I 2025 markerer me eit dobbelt krigsjubileum:  85 \u00e5r sidan Noreg vart okkupert, og 80 \u00e5r sidan frigjeringa.","og_url":"https:\/\/www.visital.no\/en\/arrangementer\/forfatterbesok-sindre-hovdenakk-med-over-til-london\/","og_site_name":"Visit \u00c5l","article_publisher":"https:\/\/facebook.com\/visitalihallingdal\/","article_modified_time":"2025-06-24T11:58:26+00:00","og_image":[{"width":833,"height":608,"url":"https:\/\/www.visital.no\/wp-content\/uploads\/2025\/04\/164031-e1744319696463.jpg","type":"image\/jpeg"}],"twitter_card":"summary_large_image","twitter_misc":{"Est. reading time":"1 minute"},"schema":{"@context":"https:\/\/schema.org","@graph":[{"@type":"WebPage","@id":"https:\/\/www.visital.no\/arrangementer\/forfatterbesok-sindre-hovdenakk-med-over-til-london\/","url":"https:\/\/www.visital.no\/arrangementer\/forfatterbesok-sindre-hovdenakk-med-over-til-london\/","name":"Forfatterbes\u00f8k: Sindre Hovdenakk med Over til London - Visit \u00c5l","isPartOf":{"@id":"https:\/\/www.visital.no\/#website"},"primaryImageOfPage":{"@id":"https:\/\/www.visital.no\/arrangementer\/forfatterbesok-sindre-hovdenakk-med-over-til-london\/#primaryimage"},"image":{"@id":"https:\/\/www.visital.no\/arrangementer\/forfatterbesok-sindre-hovdenakk-med-over-til-london\/#primaryimage"},"thumbnailUrl":"https:\/\/www.visital.no\/wp-content\/uploads\/2025\/04\/164031-e1744319696463.jpg","datePublished":"2025-04-10T21:15:03+00:00","dateModified":"2025-06-24T11:58:26+00:00","breadcrumb":{"@id":"https:\/\/www.visital.no\/arrangementer\/forfatterbesok-sindre-hovdenakk-med-over-til-london\/#breadcrumb"},"inLanguage":"en-GB","potentialAction":[{"@type":"ReadAction","target":["https:\/\/www.visital.no\/arrangementer\/forfatterbesok-sindre-hovdenakk-med-over-til-london\/"]}]},{"@type":"ImageObject","inLanguage":"en-GB","@id":"https:\/\/www.visital.no\/arrangementer\/forfatterbesok-sindre-hovdenakk-med-over-til-london\/#primaryimage","url":"https:\/\/www.visital.no\/wp-content\/uploads\/2025\/04\/164031-e1744319696463.jpg","contentUrl":"https:\/\/www.visital.no\/wp-content\/uploads\/2025\/04\/164031-e1744319696463.jpg","width":833,"height":608},{"@type":"BreadcrumbList","@id":"https:\/\/www.visital.no\/arrangementer\/forfatterbesok-sindre-hovdenakk-med-over-til-london\/#breadcrumb","itemListElement":[{"@type":"ListItem","position":1,"name":"Home","item":"https:\/\/www.visital.no\/"},{"@type":"ListItem","position":2,"name":"Arrangementer","item":"https:\/\/www.visital.no\/arrangementer\/"},{"@type":"ListItem","position":3,"name":"Forfatterbes\u00f8k: Sindre Hovdenakk med Over til London"}]},{"@type":"WebSite","@id":"https:\/\/www.visital.no\/#website","url":"https:\/\/www.visital.no\/","name":"Visit \u00c5l","description":"","publisher":{"@id":"https:\/\/www.visital.no\/#organization"},"potentialAction":[{"@type":"SearchAction","target":{"@type":"EntryPoint","urlTemplate":"https:\/\/www.visital.no\/?s={search_term_string}"},"query-input":{"@type":"PropertyValueSpecification","valueRequired":true,"valueName":"search_term_string"}}],"inLanguage":"en-GB"},{"@type":"Organization","@id":"https:\/\/www.visital.no\/#organization","name":"Visit \u00c5l","url":"https:\/\/www.visital.no\/","logo":{"@type":"ImageObject","inLanguage":"en-GB","@id":"https:\/\/www.visital.no\/#\/schema\/logo\/image\/","url":"https:\/\/www.visital.no\/wp-content\/uploads\/2024\/11\/al-i-hallingdal-logo.svg","contentUrl":"https:\/\/www.visital.no\/wp-content\/uploads\/2024\/11\/al-i-hallingdal-logo.svg","width":258,"height":100,"caption":"Visit \u00c5l"},"image":{"@id":"https:\/\/www.visital.no\/#\/schema\/logo\/image\/"},"sameAs":["https:\/\/facebook.com\/visitalihallingdal\/","https:\/\/instagram.com\/visitalihallingdal\/","https:\/\/youtube.com\/user\/alutvikling"]}]}},"_links":{"self":[{"href":"https:\/\/www.visital.no\/en\/wp-json\/wp\/v2\/tribe_events\/2261","targetHints":{"allow":["GET"]}}],"collection":[{"href":"https:\/\/www.visital.no\/en\/wp-json\/wp\/v2\/tribe_events"}],"about":[{"href":"https:\/\/www.visital.no\/en\/wp-json\/wp\/v2\/types\/tribe_events"}],"author":[{"embeddable":true,"href":"https:\/\/www.visital.no\/en\/wp-json\/wp\/v2\/users\/3"}],"version-history":[{"count":1,"href":"https:\/\/www.visital.no\/en\/wp-json\/wp\/v2\/tribe_events\/2261\/revisions"}],"predecessor-version":[{"id":2263,"href":"https:\/\/www.visital.no\/en\/wp-json\/wp\/v2\/tribe_events\/2261\/revisions\/2263"}],"wp:featuredmedia":[{"embeddable":true,"href":"https:\/\/www.visital.no\/en\/wp-json\/wp\/v2\/media\/2262"}],"wp:attachment":[{"href":"https:\/\/www.visital.no\/en\/wp-json\/wp\/v2\/media?parent=2261"}],"wp:term":[{"taxonomy":"post_tag","embeddable":true,"href":"https:\/\/www.visital.no\/en\/wp-json\/wp\/v2\/tags?post=2261"},{"taxonomy":"tribe_events_cat","embeddable":true,"href":"https:\/\/www.visital.no\/en\/wp-json\/wp\/v2\/tribe_events_cat?post=2261"}],"curies":[{"name":"wp","href":"https:\/\/api.w.org\/{rel}","templated":true}]}}

<p>When the war came to Norway, the truth went into exile. An exciting part of this story is how Norwegian and British forces got the Norwegian radio broadcasts started on the BBC. As early as April 1940, the BBC was already broadcasting in Norwegian. These radio broadcasts quickly became the most important information channel for occupied Norway. The resistance movement, the illegal press and most people heard news, speeches, appeals and important messages from the government and the royal family in exile.<br />
Toralv Øksnevad, known as the "Voice from London", became a household name among those who lived through the five difficult war years.</p>
<p>Sindre Hovdenakk published the book in 2020 <em>Over to London. NRK in exile 1940-1945</em> and is now coming to Ål library where he will tell the story of the Norwegian radio broadcasts from London.</p>
<p>Free entry!<br />
You can secure your seat by picking up a free ticket in eBillett or at the culture centre desk.</p>

<title>Forfatterbesøk: Sindre Hovdenakk med Over til London - Visit Ål</title>
<meta name="robots" content="noindex, follow" />
<meta property="og:locale" content="en_GB" />
<meta property="og:type" content="article" />
<meta property="og:title" content="Forfatterbesøk: Sindre Hovdenakk med Over til London - Visit Ål" />
<meta property="og:description" content="I 2025 markerer me eit dobbelt krigsjubileum:  85 år sidan Noreg vart okkupert, og 80 år sidan frigjeringa." />
<meta property="og:url" content="https://www.visital.no/en/arrangementer/forfatterbesok-sindre-hovdenakk-med-over-til-london/" />
<meta property="og:site_name" content="Visit Ål" />
<meta property="article:publisher" content="https://facebook.com/visitalihallingdal/" />
<meta property="article:modified_time" content="2025-06-24T11:58:26+00:00" />
<meta property="og:image" content="https://www.visital.no/wp-content/uploads/2025/04/164031-e1744319696463.jpg" />
	<meta property="og:image:width" content="833" />
	<meta property="og:image:height" content="608" />
	<meta property="og:image:type" content="image/jpeg" />
<meta name="twitter:card" content="summary_large_image" />
<meta name="twitter:label1" content="Est. reading time" />
	<meta name="twitter:data1" content="1 minute" />
<script type="application/ld+json" class="yoast-schema-graph">{"@context":"https:\/\/schema.org","@graph":[{"@type":"WebPage","@id":"https:\/\/www.visital.no\/arrangementer\/forfatterbesok-sindre-hovdenakk-med-over-til-london\/","url":"https:\/\/www.visital.no\/arrangementer\/forfatterbesok-sindre-hovdenakk-med-over-til-london\/","name":"Forfatterbesøk: Sindre Hovdenakk med Over til London - Visit Ål","isPartOf":{"@id":"https:\/\/www.visital.no\/#website"},"primaryImageOfPage":{"@id":"https:\/\/www.visital.no\/arrangementer\/forfatterbesok-sindre-hovdenakk-med-over-til-london\/#primaryimage"},"image":{"@id":"https:\/\/www.visital.no\/arrangementer\/forfatterbesok-sindre-hovdenakk-med-over-til-london\/#primaryimage"},"thumbnailUrl":"https:\/\/www.visital.no\/wp-content\/uploads\/2025\/04\/164031-e1744319696463.jpg","datePublished":"2025-04-10T21:15:03+00:00","dateModified":"2025-06-24T11:58:26+00:00","breadcrumb":{"@id":"https:\/\/www.visital.no\/arrangementer\/forfatterbesok-sindre-hovdenakk-med-over-til-london\/#breadcrumb"},"inLanguage":"en-GB","potentialAction":[{"@type":"ReadAction","target":["https:\/\/www.visital.no\/arrangementer\/forfatterbesok-sindre-hovdenakk-med-over-til-london\/"]}]},{"@type":"ImageObject","inLanguage":"en-GB","@id":"https:\/\/www.visital.no\/arrangementer\/forfatterbesok-sindre-hovdenakk-med-over-til-london\/#primaryimage","url":"https:\/\/www.visital.no\/wp-content\/uploads\/2025\/04\/164031-e1744319696463.jpg","contentUrl":"https:\/\/www.visital.no\/wp-content\/uploads\/2025\/04\/164031-e1744319696463.jpg","width":833,"height":608},{"@type":"BreadcrumbList","@id":"https:\/\/www.visital.no\/arrangementer\/forfatterbesok-sindre-hovdenakk-med-over-til-london\/#breadcrumb","itemListElement":[{"@type":"ListItem","position":1,"name":"Home","item":"https:\/\/www.visital.no\/"},{"@type":"ListItem","position":2,"name":"Arrangementer","item":"https:\/\/www.visital.no\/arrangementer\/"},{"@type":"ListItem","position":3,"name":"Forfatterbesøk: Sindre Hovdenakk med Over til London"}]},{"@type":"WebSite","@id":"https:\/\/www.visital.no\/#website","url":"https:\/\/www.visital.no\/","name":"Visit Ål","description":"","publisher":{"@id":"https:\/\/www.visital.no\/#organization"},"potentialAction":[{"@type":"SearchAction","target":{"@type":"EntryPoint","urlTemplate":"https:\/\/www.visital.no\/?s={search_term_string}"},"query-input":{"@type":"PropertyValueSpecification","valueRequired":true,"valueName":"search_term_string"}}],"inLanguage":"en-GB"},{"@type":"Organization","@id":"https:\/\/www.visital.no\/#organization","name":"Visit Ål","url":"https:\/\/www.visital.no\/","logo":{"@type":"ImageObject","inLanguage":"en-GB","@id":"https:\/\/www.visital.no\/#\/schema\/logo\/image\/","url":"https:\/\/www.visital.no\/wp-content\/uploads\/2024\/11\/al-i-hallingdal-logo.svg","contentUrl":"https:\/\/www.visital.no\/wp-content\/uploads\/2024\/11\/al-i-hallingdal-logo.svg","width":258,"height":100,"caption":"Visit Ål"},"image":{"@id":"https:\/\/www.visital.no\/#\/schema\/logo\/image\/"},"sameAs":["https:\/\/facebook.com\/visitalihallingdal\/","https:\/\/instagram.com\/visitalihallingdal\/","https:\/\/youtube.com\/user\/alutvikling"]}]}</script>

Forfatterbesøk: Sindre Hovdenakk med Over til London - Visit Ål

I 2025 markerer me eit dobbelt krigsjubileum:  85 år sidan Noreg vart okkupert, og 80 år sidan frigjeringa.

Visit Ål

Forfatterbesøk: Sindre Hovdenakk med Over til London
