{"id":5303,"date":"2026-04-21T14:16:38","date_gmt":"2026-04-21T12:16:38","guid":{"rendered":"https:\/\/www.visital.no\/?post_type=tribe_events&#038;p=5303"},"modified":"2026-04-21T14:17:10","modified_gmt":"2026-04-21T12:17:10","slug":"festivalkveld-torsdag-med-musikkquiz-og-konsert-med-symre","status":"publish","type":"tribe_events","link":"https:\/\/www.visital.no\/de\/arrangementer\/festivalkveld-torsdag-med-musikkquiz-og-konsert-med-symre\/","title":{"rendered":"Festivalkveld torsdag med musikkquiz og konsert med Symre"},"content":{"rendered":"<p data-start=\"378\" data-end=\"635\">Kvelden starter med musikkquiz ledet av quizduoen \u00d8ystein Velure og Morten Gjeldokk. De stiller med en skreddersydd quiz og byr p\u00e5 sp\u00f8rsm\u00e5l i mange retninger. Her gjelder det \u00e5 m\u00f8te opp med gode venner, skjerpede \u00f8rer og lyst til \u00e5 teste musikalkunnskapene.<\/p>\n<p data-start=\"637\" data-end=\"881\">Etter quizen blir det konsert med Symre. Hun er l\u00e5tskriver og gitarist fra Morgedal, med r\u00f8tter i folkemusikken. Tekstene er p\u00e5 dialekt og har ofte humor som viktig virkemiddel. Musikken er leken og henter elementer fra folk, jazz, pop og rock.<\/p>\n<p data-start=\"883\" data-end=\"1115\">Symre er kjent for engasjerende formidling og god kontakt med publikum. I bandet og p\u00e5 den ferske plata <em data-start=\"987\" data-end=\"1007\">Ikkje noko for meg<\/em> har hun med seg Jon Espelid p\u00e5 trommer, Torjus Gravir Klykken p\u00e5 bass og \u00c5smund Skjeldal Waage p\u00e5 vibrafon.<\/p>","protected":false},"excerpt":{"rendered":"<p>Donnerstag, 28. Mai um 20:30 Uhr laden wir zu einem Festivalabend in die Sundrehall ein mit Musikquiz und einem Konzert von Symre. Es gibt an diesem Abend sowohl musikalische Denksportaufgaben als auch ein Konzert.<\/p>","protected":false},"author":3,"featured_media":5295,"template":"","meta":{"_acf_changed":false,"_tribe_events_status":"","_tribe_events_status_reason":"","footnotes":""},"tags":[],"tribe_events_cat":[78,160,86],"class_list":["post-5303","tribe_events","type-tribe_events","status-publish","has-post-thumbnail","hentry","tribe_events_cat-festival","tribe_events_cat-folkemusikkveka","tribe_events_cat-konsert","cat_festival","cat_folkemusikkveka","cat_konsert"],"acf":[],"yoast_head":"<title>Festivalkveld torsdag med musikkquiz og konsert med Symre - Visit \u00c5l<\/title>\n<meta name=\"robots\" content=\"noindex, follow\" \/>\n<meta property=\"og:locale\" content=\"de_DE\" \/>\n<meta property=\"og:type\" content=\"article\" \/>\n<meta property=\"og:title\" content=\"Festivalkveld torsdag med musikkquiz og konsert med Symre - Visit \u00c5l\" \/>\n<meta property=\"og:description\" content=\"Torsdag 28. mai klokken 20.30 inviteres det til festivalkveld i Sundrehall med musikkquiz og konsert med Symre. Her blir det b\u00e5de musikalsk hjernetrim og konsert p\u00e5 samme kveld.\" \/>\n<meta property=\"og:url\" content=\"https:\/\/www.visital.no\/de\/arrangementer\/festivalkveld-torsdag-med-musikkquiz-og-konsert-med-symre\/\" \/>\n<meta property=\"og:site_name\" content=\"Visit \u00c5l\" \/>\n<meta property=\"article:publisher\" content=\"https:\/\/facebook.com\/visitalihallingdal\/\" \/>\n<meta property=\"article:modified_time\" content=\"2026-04-21T12:17:10+00:00\" \/>\n<meta property=\"og:image\" content=\"https:\/\/www.visital.no\/wp-content\/uploads\/2026\/04\/641353638-1317325310417171-3642795598097879360-n.webp\" \/>\n\t<meta property=\"og:image:width\" content=\"1596\" \/>\n\t<meta property=\"og:image:height\" content=\"591\" \/>\n\t<meta property=\"og:image:type\" content=\"image\/png\" \/>\n<meta name=\"twitter:card\" content=\"summary_large_image\" \/>\n<meta name=\"twitter:label1\" content=\"Est. reading time\" \/>\n\t<meta name=\"twitter:data1\" content=\"1 minute\" \/>\n<script type=\"application\/ld+json\" class=\"yoast-schema-graph\">{\"@context\":\"https:\\\/\\\/schema.org\",\"@graph\":[{\"@type\":\"WebPage\",\"@id\":\"https:\\\/\\\/www.visital.no\\\/arrangementer\\\/festivalkveld-torsdag-med-musikkquiz-og-konsert-med-symre\\\/\",\"url\":\"https:\\\/\\\/www.visital.no\\\/arrangementer\\\/festivalkveld-torsdag-med-musikkquiz-og-konsert-med-symre\\\/\",\"name\":\"Festivalkveld torsdag med musikkquiz og konsert med Symre - Visit \u00c5l\",\"isPartOf\":{\"@id\":\"https:\\\/\\\/www.visital.no\\\/#website\"},\"primaryImageOfPage\":{\"@id\":\"https:\\\/\\\/www.visital.no\\\/arrangementer\\\/festivalkveld-torsdag-med-musikkquiz-og-konsert-med-symre\\\/#primaryimage\"},\"image\":{\"@id\":\"https:\\\/\\\/www.visital.no\\\/arrangementer\\\/festivalkveld-torsdag-med-musikkquiz-og-konsert-med-symre\\\/#primaryimage\"},\"thumbnailUrl\":\"https:\\\/\\\/www.visital.no\\\/wp-content\\\/uploads\\\/2026\\\/04\\\/641353638-1317325310417171-3642795598097879360-n.webp\",\"datePublished\":\"2026-04-21T12:16:38+00:00\",\"dateModified\":\"2026-04-21T12:17:10+00:00\",\"breadcrumb\":{\"@id\":\"https:\\\/\\\/www.visital.no\\\/arrangementer\\\/festivalkveld-torsdag-med-musikkquiz-og-konsert-med-symre\\\/#breadcrumb\"},\"inLanguage\":\"de-DE\",\"potentialAction\":[{\"@type\":\"ReadAction\",\"target\":[\"https:\\\/\\\/www.visital.no\\\/arrangementer\\\/festivalkveld-torsdag-med-musikkquiz-og-konsert-med-symre\\\/\"]}]},{\"@type\":\"ImageObject\",\"inLanguage\":\"de-DE\",\"@id\":\"https:\\\/\\\/www.visital.no\\\/arrangementer\\\/festivalkveld-torsdag-med-musikkquiz-og-konsert-med-symre\\\/#primaryimage\",\"url\":\"https:\\\/\\\/www.visital.no\\\/wp-content\\\/uploads\\\/2026\\\/04\\\/641353638-1317325310417171-3642795598097879360-n.webp\",\"contentUrl\":\"https:\\\/\\\/www.visital.no\\\/wp-content\\\/uploads\\\/2026\\\/04\\\/641353638-1317325310417171-3642795598097879360-n.webp\",\"width\":1596,\"height\":591,\"caption\":\"Plakat Folkemusikkveka\"},{\"@type\":\"BreadcrumbList\",\"@id\":\"https:\\\/\\\/www.visital.no\\\/arrangementer\\\/festivalkveld-torsdag-med-musikkquiz-og-konsert-med-symre\\\/#breadcrumb\",\"itemListElement\":[{\"@type\":\"ListItem\",\"position\":1,\"name\":\"Home\",\"item\":\"https:\\\/\\\/www.visital.no\\\/\"},{\"@type\":\"ListItem\",\"position\":2,\"name\":\"Arrangementer\",\"item\":\"https:\\\/\\\/www.visital.no\\\/arrangementer\\\/\"},{\"@type\":\"ListItem\",\"position\":3,\"name\":\"Festivalkveld torsdag med musikkquiz og konsert med Symre\"}]},{\"@type\":\"WebSite\",\"@id\":\"https:\\\/\\\/www.visital.no\\\/#website\",\"url\":\"https:\\\/\\\/www.visital.no\\\/\",\"name\":\"Visit \u00c5l\",\"description\":\"\",\"publisher\":{\"@id\":\"https:\\\/\\\/www.visital.no\\\/#organization\"},\"potentialAction\":[{\"@type\":\"SearchAction\",\"target\":{\"@type\":\"EntryPoint\",\"urlTemplate\":\"https:\\\/\\\/www.visital.no\\\/?s={search_term_string}\"},\"query-input\":{\"@type\":\"PropertyValueSpecification\",\"valueRequired\":true,\"valueName\":\"search_term_string\"}}],\"inLanguage\":\"de-DE\"},{\"@type\":\"Organization\",\"@id\":\"https:\\\/\\\/www.visital.no\\\/#organization\",\"name\":\"Visit \u00c5l\",\"url\":\"https:\\\/\\\/www.visital.no\\\/\",\"logo\":{\"@type\":\"ImageObject\",\"inLanguage\":\"de-DE\",\"@id\":\"https:\\\/\\\/www.visital.no\\\/#\\\/schema\\\/logo\\\/image\\\/\",\"url\":\"https:\\\/\\\/www.visital.no\\\/wp-content\\\/uploads\\\/2024\\\/11\\\/al-i-hallingdal-logo.svg\",\"contentUrl\":\"https:\\\/\\\/www.visital.no\\\/wp-content\\\/uploads\\\/2024\\\/11\\\/al-i-hallingdal-logo.svg\",\"width\":258,\"height\":100,\"caption\":\"Visit \u00c5l\"},\"image\":{\"@id\":\"https:\\\/\\\/www.visital.no\\\/#\\\/schema\\\/logo\\\/image\\\/\"},\"sameAs\":[\"https:\\\/\\\/facebook.com\\\/visitalihallingdal\\\/\",\"https:\\\/\\\/instagram.com\\\/visitalihallingdal\\\/\",\"https:\\\/\\\/youtube.com\\\/user\\\/alutvikling\"]}]}<\/script>","yoast_head_json":{"title":"Festivalkveld torsdag med musikkquiz og konsert med Symre - Visit \u00c5l","robots":{"index":"noindex","follow":"follow"},"og_locale":"de_DE","og_type":"article","og_title":"Festivalkveld torsdag med musikkquiz og konsert med Symre - Visit \u00c5l","og_description":"Torsdag 28. mai klokken 20.30 inviteres det til festivalkveld i Sundrehall med musikkquiz og konsert med Symre. Her blir det b\u00e5de musikalsk hjernetrim og konsert p\u00e5 samme kveld.","og_url":"https:\/\/www.visital.no\/de\/arrangementer\/festivalkveld-torsdag-med-musikkquiz-og-konsert-med-symre\/","og_site_name":"Visit \u00c5l","article_publisher":"https:\/\/facebook.com\/visitalihallingdal\/","article_modified_time":"2026-04-21T12:17:10+00:00","og_image":[{"width":1596,"height":591,"url":"https:\/\/www.visital.no\/wp-content\/uploads\/2026\/04\/641353638-1317325310417171-3642795598097879360-n.webp","type":"image\/png"}],"twitter_card":"summary_large_image","twitter_misc":{"Est. reading time":"1 minute"},"schema":{"@context":"https:\/\/schema.org","@graph":[{"@type":"WebPage","@id":"https:\/\/www.visital.no\/arrangementer\/festivalkveld-torsdag-med-musikkquiz-og-konsert-med-symre\/","url":"https:\/\/www.visital.no\/arrangementer\/festivalkveld-torsdag-med-musikkquiz-og-konsert-med-symre\/","name":"Festivalkveld torsdag med musikkquiz og konsert med Symre - Visit \u00c5l","isPartOf":{"@id":"https:\/\/www.visital.no\/#website"},"primaryImageOfPage":{"@id":"https:\/\/www.visital.no\/arrangementer\/festivalkveld-torsdag-med-musikkquiz-og-konsert-med-symre\/#primaryimage"},"image":{"@id":"https:\/\/www.visital.no\/arrangementer\/festivalkveld-torsdag-med-musikkquiz-og-konsert-med-symre\/#primaryimage"},"thumbnailUrl":"https:\/\/www.visital.no\/wp-content\/uploads\/2026\/04\/641353638-1317325310417171-3642795598097879360-n.webp","datePublished":"2026-04-21T12:16:38+00:00","dateModified":"2026-04-21T12:17:10+00:00","breadcrumb":{"@id":"https:\/\/www.visital.no\/arrangementer\/festivalkveld-torsdag-med-musikkquiz-og-konsert-med-symre\/#breadcrumb"},"inLanguage":"de-DE","potentialAction":[{"@type":"ReadAction","target":["https:\/\/www.visital.no\/arrangementer\/festivalkveld-torsdag-med-musikkquiz-og-konsert-med-symre\/"]}]},{"@type":"ImageObject","inLanguage":"de-DE","@id":"https:\/\/www.visital.no\/arrangementer\/festivalkveld-torsdag-med-musikkquiz-og-konsert-med-symre\/#primaryimage","url":"https:\/\/www.visital.no\/wp-content\/uploads\/2026\/04\/641353638-1317325310417171-3642795598097879360-n.webp","contentUrl":"https:\/\/www.visital.no\/wp-content\/uploads\/2026\/04\/641353638-1317325310417171-3642795598097879360-n.webp","width":1596,"height":591,"caption":"Plakat Folkemusikkveka"},{"@type":"BreadcrumbList","@id":"https:\/\/www.visital.no\/arrangementer\/festivalkveld-torsdag-med-musikkquiz-og-konsert-med-symre\/#breadcrumb","itemListElement":[{"@type":"ListItem","position":1,"name":"Home","item":"https:\/\/www.visital.no\/"},{"@type":"ListItem","position":2,"name":"Arrangementer","item":"https:\/\/www.visital.no\/arrangementer\/"},{"@type":"ListItem","position":3,"name":"Festivalkveld torsdag med musikkquiz og konsert med Symre"}]},{"@type":"WebSite","@id":"https:\/\/www.visital.no\/#website","url":"https:\/\/www.visital.no\/","name":"Besuchen Sie \u00c5l","description":"","publisher":{"@id":"https:\/\/www.visital.no\/#organization"},"potentialAction":[{"@type":"SearchAction","target":{"@type":"EntryPoint","urlTemplate":"https:\/\/www.visital.no\/?s={search_term_string}"},"query-input":{"@type":"PropertyValueSpecification","valueRequired":true,"valueName":"search_term_string"}}],"inLanguage":"de-DE"},{"@type":"Organization","@id":"https:\/\/www.visital.no\/#organization","name":"Besuchen Sie \u00c5l","url":"https:\/\/www.visital.no\/","logo":{"@type":"ImageObject","inLanguage":"de-DE","@id":"https:\/\/www.visital.no\/#\/schema\/logo\/image\/","url":"https:\/\/www.visital.no\/wp-content\/uploads\/2024\/11\/al-i-hallingdal-logo.svg","contentUrl":"https:\/\/www.visital.no\/wp-content\/uploads\/2024\/11\/al-i-hallingdal-logo.svg","width":258,"height":100,"caption":"Visit \u00c5l"},"image":{"@id":"https:\/\/www.visital.no\/#\/schema\/logo\/image\/"},"sameAs":["https:\/\/facebook.com\/visitalihallingdal\/","https:\/\/instagram.com\/visitalihallingdal\/","https:\/\/youtube.com\/user\/alutvikling"]}]}},"_links":{"self":[{"href":"https:\/\/www.visital.no\/de\/wp-json\/wp\/v2\/tribe_events\/5303","targetHints":{"allow":["GET"]}}],"collection":[{"href":"https:\/\/www.visital.no\/de\/wp-json\/wp\/v2\/tribe_events"}],"about":[{"href":"https:\/\/www.visital.no\/de\/wp-json\/wp\/v2\/types\/tribe_events"}],"author":[{"embeddable":true,"href":"https:\/\/www.visital.no\/de\/wp-json\/wp\/v2\/users\/3"}],"version-history":[{"count":1,"href":"https:\/\/www.visital.no\/de\/wp-json\/wp\/v2\/tribe_events\/5303\/revisions"}],"predecessor-version":[{"id":5304,"href":"https:\/\/www.visital.no\/de\/wp-json\/wp\/v2\/tribe_events\/5303\/revisions\/5304"}],"wp:featuredmedia":[{"embeddable":true,"href":"https:\/\/www.visital.no\/de\/wp-json\/wp\/v2\/media\/5295"}],"wp:attachment":[{"href":"https:\/\/www.visital.no\/de\/wp-json\/wp\/v2\/media?parent=5303"}],"wp:term":[{"taxonomy":"post_tag","embeddable":true,"href":"https:\/\/www.visital.no\/de\/wp-json\/wp\/v2\/tags?post=5303"},{"taxonomy":"tribe_events_cat","embeddable":true,"href":"https:\/\/www.visital.no\/de\/wp-json\/wp\/v2\/tribe_events_cat?post=5303"}],"curies":[{"name":"WordPress","href":"https:\/\/api.w.org\/{rel}","templated":true}]}}

<p data-start="378" data-end="635">Kvelden starter med musikkquiz ledet av quizduoen Øystein Velure og Morten Gjeldokk. De stiller med en skreddersydd quiz og byr på spørsmål i mange retninger. Her gjelder det å møte opp med gode venner, skjerpede ører og lyst til å teste musikalkunnskapene.</p>
<p data-start="637" data-end="881">Etter quizen blir det konsert med Symre. Hun er låtskriver og gitarist fra Morgedal, med røtter i folkemusikken. Tekstene er på dialekt og har ofte humor som viktig virkemiddel. Musikken er leken og henter elementer fra folk, jazz, pop og rock.</p>
<p data-start="883" data-end="1115">Symre er kjent for engasjerende formidling og god kontakt med publikum. I bandet og på den ferske plata <em data-start="987" data-end="1007">Ikkje noko for meg</em> har hun med seg Jon Espelid på trommer, Torjus Gravir Klykken på bass og Åsmund Skjeldal Waage på vibrafon.</p>

<title>Festivalkveld torsdag med musikkquiz og konsert med Symre - Visit Ål</title>
<meta name="robots" content="noindex, follow" />
<meta property="og:locale" content="de_DE" />
<meta property="og:type" content="article" />
<meta property="og:title" content="Festivalkveld torsdag med musikkquiz og konsert med Symre - Visit Ål" />
<meta property="og:description" content="Torsdag 28. mai klokken 20.30 inviteres det til festivalkveld i Sundrehall med musikkquiz og konsert med Symre. Her blir det både musikalsk hjernetrim og konsert på samme kveld." />
<meta property="og:url" content="https://www.visital.no/de/arrangementer/festivalkveld-torsdag-med-musikkquiz-og-konsert-med-symre/" />
<meta property="og:site_name" content="Visit Ål" />
<meta property="article:publisher" content="https://facebook.com/visitalihallingdal/" />
<meta property="article:modified_time" content="2026-04-21T12:17:10+00:00" />
<meta property="og:image" content="https://www.visital.no/wp-content/uploads/2026/04/641353638-1317325310417171-3642795598097879360-n.webp" />
	<meta property="og:image:width" content="1596" />
	<meta property="og:image:height" content="591" />
	<meta property="og:image:type" content="image/png" />
<meta name="twitter:card" content="summary_large_image" />
<meta name="twitter:label1" content="Est. reading time" />
	<meta name="twitter:data1" content="1 minute" />
<script type="application/ld+json" class="yoast-schema-graph">{"@context":"https:\/\/schema.org","@graph":[{"@type":"WebPage","@id":"https:\/\/www.visital.no\/arrangementer\/festivalkveld-torsdag-med-musikkquiz-og-konsert-med-symre\/","url":"https:\/\/www.visital.no\/arrangementer\/festivalkveld-torsdag-med-musikkquiz-og-konsert-med-symre\/","name":"Festivalkveld torsdag med musikkquiz og konsert med Symre - Visit Ål","isPartOf":{"@id":"https:\/\/www.visital.no\/#website"},"primaryImageOfPage":{"@id":"https:\/\/www.visital.no\/arrangementer\/festivalkveld-torsdag-med-musikkquiz-og-konsert-med-symre\/#primaryimage"},"image":{"@id":"https:\/\/www.visital.no\/arrangementer\/festivalkveld-torsdag-med-musikkquiz-og-konsert-med-symre\/#primaryimage"},"thumbnailUrl":"https:\/\/www.visital.no\/wp-content\/uploads\/2026\/04\/641353638-1317325310417171-3642795598097879360-n.webp","datePublished":"2026-04-21T12:16:38+00:00","dateModified":"2026-04-21T12:17:10+00:00","breadcrumb":{"@id":"https:\/\/www.visital.no\/arrangementer\/festivalkveld-torsdag-med-musikkquiz-og-konsert-med-symre\/#breadcrumb"},"inLanguage":"de-DE","potentialAction":[{"@type":"ReadAction","target":["https:\/\/www.visital.no\/arrangementer\/festivalkveld-torsdag-med-musikkquiz-og-konsert-med-symre\/"]}]},{"@type":"ImageObject","inLanguage":"de-DE","@id":"https:\/\/www.visital.no\/arrangementer\/festivalkveld-torsdag-med-musikkquiz-og-konsert-med-symre\/#primaryimage","url":"https:\/\/www.visital.no\/wp-content\/uploads\/2026\/04\/641353638-1317325310417171-3642795598097879360-n.webp","contentUrl":"https:\/\/www.visital.no\/wp-content\/uploads\/2026\/04\/641353638-1317325310417171-3642795598097879360-n.webp","width":1596,"height":591,"caption":"Plakat Folkemusikkveka"},{"@type":"BreadcrumbList","@id":"https:\/\/www.visital.no\/arrangementer\/festivalkveld-torsdag-med-musikkquiz-og-konsert-med-symre\/#breadcrumb","itemListElement":[{"@type":"ListItem","position":1,"name":"Home","item":"https:\/\/www.visital.no\/"},{"@type":"ListItem","position":2,"name":"Arrangementer","item":"https:\/\/www.visital.no\/arrangementer\/"},{"@type":"ListItem","position":3,"name":"Festivalkveld torsdag med musikkquiz og konsert med Symre"}]},{"@type":"WebSite","@id":"https:\/\/www.visital.no\/#website","url":"https:\/\/www.visital.no\/","name":"Visit Ål","description":"","publisher":{"@id":"https:\/\/www.visital.no\/#organization"},"potentialAction":[{"@type":"SearchAction","target":{"@type":"EntryPoint","urlTemplate":"https:\/\/www.visital.no\/?s={search_term_string}"},"query-input":{"@type":"PropertyValueSpecification","valueRequired":true,"valueName":"search_term_string"}}],"inLanguage":"de-DE"},{"@type":"Organization","@id":"https:\/\/www.visital.no\/#organization","name":"Visit Ål","url":"https:\/\/www.visital.no\/","logo":{"@type":"ImageObject","inLanguage":"de-DE","@id":"https:\/\/www.visital.no\/#\/schema\/logo\/image\/","url":"https:\/\/www.visital.no\/wp-content\/uploads\/2024\/11\/al-i-hallingdal-logo.svg","contentUrl":"https:\/\/www.visital.no\/wp-content\/uploads\/2024\/11\/al-i-hallingdal-logo.svg","width":258,"height":100,"caption":"Visit Ål"},"image":{"@id":"https:\/\/www.visital.no\/#\/schema\/logo\/image\/"},"sameAs":["https:\/\/facebook.com\/visitalihallingdal\/","https:\/\/instagram.com\/visitalihallingdal\/","https:\/\/youtube.com\/user\/alutvikling"]}]}</script>

Festivalkveld torsdag med musikkquiz og konsert med Symre - Visit Ål

Torsdag 28. mai klokken 20.30 inviteres det til festivalkveld i Sundrehall med musikkquiz og konsert med Symre. Her blir det både musikalsk hjernetrim og konsert på samme kveld.

Visit Ål

Besuchen Sie Ål
