{"id":4967,"date":"2026-03-04T13:02:59","date_gmt":"2026-03-04T12:02:59","guid":{"rendered":"https:\/\/www.visital.no\/?post_type=tribe_events&#038;p=4967"},"modified":"2026-03-10T23:44:51","modified_gmt":"2026-03-10T22:44:51","slug":"paskeverksted","status":"publish","type":"tribe_events","link":"https:\/\/www.visital.no\/de\/arrangementer\/paskeverksted\/","title":{"rendered":"Osterwerkstatt"},"content":{"rendered":"<p data-start=\"276\" data-end=\"451\">Beim Osterbasteln werden Ostertags-K\u00fcken gebastelt, Eier bemalt und Kresse ges\u00e4t. Die Bibliothek stellt alle Materialien zur Verf\u00fcgung, Sie m\u00fcssen nur vorbeikommen und mitmachen.<\/p>\n<p data-start=\"453\" data-end=\"574\">Dies ist eine sch\u00f6ne und kreative Veranstaltung f\u00fcr Gro\u00df und Klein, die in Osterstimmung kommen und gemeinsam etwas Sch\u00f6nes basteln m\u00f6chten.<\/p>","protected":false},"excerpt":{"rendered":"<p>Samstag, den 21. M\u00e4rz, l\u00e4dt die Bibliothek von \u00c5l zu einem Osterworkshop f\u00fcr die ganze Familie ein. Von 12:00 bis 15:00 Uhr finden im Bibliotheksgeb\u00e4ude kreative Osteraktivit\u00e4ten statt.<\/p>","protected":false},"author":3,"featured_media":4968,"template":"","meta":{"_acf_changed":false,"_tribe_events_status":"","_tribe_events_status_reason":"","footnotes":""},"tags":[],"tribe_events_cat":[79],"class_list":["post-4967","tribe_events","type-tribe_events","status-publish","has-post-thumbnail","hentry","tribe_events_cat-sosial-moteplass","cat_sosial-moteplass"],"acf":[],"yoast_head":"<title>P\u00e5skeverksted - Visit \u00c5l<\/title>\n<meta name=\"robots\" content=\"noindex, follow\" \/>\n<meta property=\"og:locale\" content=\"de_DE\" \/>\n<meta property=\"og:type\" content=\"article\" \/>\n<meta property=\"og:title\" content=\"P\u00e5skeverksted - Visit \u00c5l\" \/>\n<meta property=\"og:description\" content=\"L\u00f8rdag 21. mars inviterer \u00c5l bibliotek til p\u00e5skeverksted for heile familien. Fra klokka 12:00 til 15:00 blir det kreative p\u00e5skeaktivitetar i biblioteket.\" \/>\n<meta property=\"og:url\" content=\"https:\/\/www.visital.no\/de\/arrangementer\/paskeverksted\/\" \/>\n<meta property=\"og:site_name\" content=\"Visit \u00c5l\" \/>\n<meta property=\"article:publisher\" content=\"https:\/\/facebook.com\/visitalihallingdal\/\" \/>\n<meta property=\"article:modified_time\" content=\"2026-03-10T22:44:51+00:00\" \/>\n<meta property=\"og:image\" content=\"https:\/\/www.visital.no\/wp-content\/uploads\/2026\/03\/794244788-e1772625768194.webp\" \/>\n\t<meta property=\"og:image:width\" content=\"768\" \/>\n\t<meta property=\"og:image:height\" content=\"447\" \/>\n\t<meta property=\"og:image:type\" content=\"image\/jpeg\" \/>\n<meta name=\"twitter:card\" content=\"summary_large_image\" \/>\n<script type=\"application\/ld+json\" class=\"yoast-schema-graph\">{\"@context\":\"https:\\\/\\\/schema.org\",\"@graph\":[{\"@type\":\"WebPage\",\"@id\":\"https:\\\/\\\/www.visital.no\\\/arrangementer\\\/paskeverksted\\\/\",\"url\":\"https:\\\/\\\/www.visital.no\\\/arrangementer\\\/paskeverksted\\\/\",\"name\":\"P\u00e5skeverksted - Visit \u00c5l\",\"isPartOf\":{\"@id\":\"https:\\\/\\\/www.visital.no\\\/#website\"},\"primaryImageOfPage\":{\"@id\":\"https:\\\/\\\/www.visital.no\\\/arrangementer\\\/paskeverksted\\\/#primaryimage\"},\"image\":{\"@id\":\"https:\\\/\\\/www.visital.no\\\/arrangementer\\\/paskeverksted\\\/#primaryimage\"},\"thumbnailUrl\":\"https:\\\/\\\/www.visital.no\\\/wp-content\\\/uploads\\\/2026\\\/03\\\/794244788-e1772625768194.webp\",\"datePublished\":\"2026-03-04T12:02:59+00:00\",\"dateModified\":\"2026-03-10T22:44:51+00:00\",\"breadcrumb\":{\"@id\":\"https:\\\/\\\/www.visital.no\\\/arrangementer\\\/paskeverksted\\\/#breadcrumb\"},\"inLanguage\":\"de-DE\",\"potentialAction\":[{\"@type\":\"ReadAction\",\"target\":[\"https:\\\/\\\/www.visital.no\\\/arrangementer\\\/paskeverksted\\\/\"]}]},{\"@type\":\"ImageObject\",\"inLanguage\":\"de-DE\",\"@id\":\"https:\\\/\\\/www.visital.no\\\/arrangementer\\\/paskeverksted\\\/#primaryimage\",\"url\":\"https:\\\/\\\/www.visital.no\\\/wp-content\\\/uploads\\\/2026\\\/03\\\/794244788-e1772625768194.webp\",\"contentUrl\":\"https:\\\/\\\/www.visital.no\\\/wp-content\\\/uploads\\\/2026\\\/03\\\/794244788-e1772625768194.webp\",\"width\":768,\"height\":447,\"caption\":\"Plakat til p\u00e5skeverksted p\u00e5 Biblioteket i \u00c5l 21. mars\"},{\"@type\":\"BreadcrumbList\",\"@id\":\"https:\\\/\\\/www.visital.no\\\/arrangementer\\\/paskeverksted\\\/#breadcrumb\",\"itemListElement\":[{\"@type\":\"ListItem\",\"position\":1,\"name\":\"Home\",\"item\":\"https:\\\/\\\/www.visital.no\\\/\"},{\"@type\":\"ListItem\",\"position\":2,\"name\":\"Arrangementer\",\"item\":\"https:\\\/\\\/www.visital.no\\\/arrangementer\\\/\"},{\"@type\":\"ListItem\",\"position\":3,\"name\":\"P\u00e5skeverksted\"}]},{\"@type\":\"WebSite\",\"@id\":\"https:\\\/\\\/www.visital.no\\\/#website\",\"url\":\"https:\\\/\\\/www.visital.no\\\/\",\"name\":\"Visit \u00c5l\",\"description\":\"\",\"publisher\":{\"@id\":\"https:\\\/\\\/www.visital.no\\\/#organization\"},\"potentialAction\":[{\"@type\":\"SearchAction\",\"target\":{\"@type\":\"EntryPoint\",\"urlTemplate\":\"https:\\\/\\\/www.visital.no\\\/?s={search_term_string}\"},\"query-input\":{\"@type\":\"PropertyValueSpecification\",\"valueRequired\":true,\"valueName\":\"search_term_string\"}}],\"inLanguage\":\"de-DE\"},{\"@type\":\"Organization\",\"@id\":\"https:\\\/\\\/www.visital.no\\\/#organization\",\"name\":\"Visit \u00c5l\",\"url\":\"https:\\\/\\\/www.visital.no\\\/\",\"logo\":{\"@type\":\"ImageObject\",\"inLanguage\":\"de-DE\",\"@id\":\"https:\\\/\\\/www.visital.no\\\/#\\\/schema\\\/logo\\\/image\\\/\",\"url\":\"https:\\\/\\\/www.visital.no\\\/wp-content\\\/uploads\\\/2024\\\/11\\\/al-i-hallingdal-logo.svg\",\"contentUrl\":\"https:\\\/\\\/www.visital.no\\\/wp-content\\\/uploads\\\/2024\\\/11\\\/al-i-hallingdal-logo.svg\",\"width\":258,\"height\":100,\"caption\":\"Visit \u00c5l\"},\"image\":{\"@id\":\"https:\\\/\\\/www.visital.no\\\/#\\\/schema\\\/logo\\\/image\\\/\"},\"sameAs\":[\"https:\\\/\\\/facebook.com\\\/visitalihallingdal\\\/\",\"https:\\\/\\\/instagram.com\\\/visitalihallingdal\\\/\",\"https:\\\/\\\/youtube.com\\\/user\\\/alutvikling\"]}]}<\/script>","yoast_head_json":{"title":"P\u00e5skeverksted - Visit \u00c5l","robots":{"index":"noindex","follow":"follow"},"og_locale":"de_DE","og_type":"article","og_title":"P\u00e5skeverksted - Visit \u00c5l","og_description":"L\u00f8rdag 21. mars inviterer \u00c5l bibliotek til p\u00e5skeverksted for heile familien. Fra klokka 12:00 til 15:00 blir det kreative p\u00e5skeaktivitetar i biblioteket.","og_url":"https:\/\/www.visital.no\/de\/arrangementer\/paskeverksted\/","og_site_name":"Visit \u00c5l","article_publisher":"https:\/\/facebook.com\/visitalihallingdal\/","article_modified_time":"2026-03-10T22:44:51+00:00","og_image":[{"width":768,"height":447,"url":"https:\/\/www.visital.no\/wp-content\/uploads\/2026\/03\/794244788-e1772625768194.webp","type":"image\/jpeg"}],"twitter_card":"summary_large_image","schema":{"@context":"https:\/\/schema.org","@graph":[{"@type":"WebPage","@id":"https:\/\/www.visital.no\/arrangementer\/paskeverksted\/","url":"https:\/\/www.visital.no\/arrangementer\/paskeverksted\/","name":"P\u00e5skeverksted - Visit \u00c5l","isPartOf":{"@id":"https:\/\/www.visital.no\/#website"},"primaryImageOfPage":{"@id":"https:\/\/www.visital.no\/arrangementer\/paskeverksted\/#primaryimage"},"image":{"@id":"https:\/\/www.visital.no\/arrangementer\/paskeverksted\/#primaryimage"},"thumbnailUrl":"https:\/\/www.visital.no\/wp-content\/uploads\/2026\/03\/794244788-e1772625768194.webp","datePublished":"2026-03-04T12:02:59+00:00","dateModified":"2026-03-10T22:44:51+00:00","breadcrumb":{"@id":"https:\/\/www.visital.no\/arrangementer\/paskeverksted\/#breadcrumb"},"inLanguage":"de-DE","potentialAction":[{"@type":"ReadAction","target":["https:\/\/www.visital.no\/arrangementer\/paskeverksted\/"]}]},{"@type":"ImageObject","inLanguage":"de-DE","@id":"https:\/\/www.visital.no\/arrangementer\/paskeverksted\/#primaryimage","url":"https:\/\/www.visital.no\/wp-content\/uploads\/2026\/03\/794244788-e1772625768194.webp","contentUrl":"https:\/\/www.visital.no\/wp-content\/uploads\/2026\/03\/794244788-e1772625768194.webp","width":768,"height":447,"caption":"Plakat til p\u00e5skeverksted p\u00e5 Biblioteket i \u00c5l 21. mars"},{"@type":"BreadcrumbList","@id":"https:\/\/www.visital.no\/arrangementer\/paskeverksted\/#breadcrumb","itemListElement":[{"@type":"ListItem","position":1,"name":"Home","item":"https:\/\/www.visital.no\/"},{"@type":"ListItem","position":2,"name":"Arrangementer","item":"https:\/\/www.visital.no\/arrangementer\/"},{"@type":"ListItem","position":3,"name":"P\u00e5skeverksted"}]},{"@type":"WebSite","@id":"https:\/\/www.visital.no\/#website","url":"https:\/\/www.visital.no\/","name":"Besuchen Sie \u00c5l","description":"","publisher":{"@id":"https:\/\/www.visital.no\/#organization"},"potentialAction":[{"@type":"SearchAction","target":{"@type":"EntryPoint","urlTemplate":"https:\/\/www.visital.no\/?s={search_term_string}"},"query-input":{"@type":"PropertyValueSpecification","valueRequired":true,"valueName":"search_term_string"}}],"inLanguage":"de-DE"},{"@type":"Organization","@id":"https:\/\/www.visital.no\/#organization","name":"Besuchen Sie \u00c5l","url":"https:\/\/www.visital.no\/","logo":{"@type":"ImageObject","inLanguage":"de-DE","@id":"https:\/\/www.visital.no\/#\/schema\/logo\/image\/","url":"https:\/\/www.visital.no\/wp-content\/uploads\/2024\/11\/al-i-hallingdal-logo.svg","contentUrl":"https:\/\/www.visital.no\/wp-content\/uploads\/2024\/11\/al-i-hallingdal-logo.svg","width":258,"height":100,"caption":"Visit \u00c5l"},"image":{"@id":"https:\/\/www.visital.no\/#\/schema\/logo\/image\/"},"sameAs":["https:\/\/facebook.com\/visitalihallingdal\/","https:\/\/instagram.com\/visitalihallingdal\/","https:\/\/youtube.com\/user\/alutvikling"]}]}},"_links":{"self":[{"href":"https:\/\/www.visital.no\/de\/wp-json\/wp\/v2\/tribe_events\/4967","targetHints":{"allow":["GET"]}}],"collection":[{"href":"https:\/\/www.visital.no\/de\/wp-json\/wp\/v2\/tribe_events"}],"about":[{"href":"https:\/\/www.visital.no\/de\/wp-json\/wp\/v2\/types\/tribe_events"}],"author":[{"embeddable":true,"href":"https:\/\/www.visital.no\/de\/wp-json\/wp\/v2\/users\/3"}],"version-history":[{"count":2,"href":"https:\/\/www.visital.no\/de\/wp-json\/wp\/v2\/tribe_events\/4967\/revisions"}],"predecessor-version":[{"id":5046,"href":"https:\/\/www.visital.no\/de\/wp-json\/wp\/v2\/tribe_events\/4967\/revisions\/5046"}],"wp:featuredmedia":[{"embeddable":true,"href":"https:\/\/www.visital.no\/de\/wp-json\/wp\/v2\/media\/4968"}],"wp:attachment":[{"href":"https:\/\/www.visital.no\/de\/wp-json\/wp\/v2\/media?parent=4967"}],"wp:term":[{"taxonomy":"post_tag","embeddable":true,"href":"https:\/\/www.visital.no\/de\/wp-json\/wp\/v2\/tags?post=4967"},{"taxonomy":"tribe_events_cat","embeddable":true,"href":"https:\/\/www.visital.no\/de\/wp-json\/wp\/v2\/tribe_events_cat?post=4967"}],"curies":[{"name":"WordPress","href":"https:\/\/api.w.org\/{rel}","templated":true}]}}

<p data-start="276" data-end="451">Beim Osterbasteln werden Ostertags-Küken gebastelt, Eier bemalt und Kresse gesät. Die Bibliothek stellt alle Materialien zur Verfügung, Sie müssen nur vorbeikommen und mitmachen.</p>
<p data-start="453" data-end="574">Dies ist eine schöne und kreative Veranstaltung für Groß und Klein, die in Osterstimmung kommen und gemeinsam etwas Schönes basteln möchten.</p>

<p>Samstag, den 21. März, lädt die Bibliothek von Ål zu einem Osterworkshop für die ganze Familie ein. Von 12:00 bis 15:00 Uhr finden im Bibliotheksgebäude kreative Osteraktivitäten statt.</p>

<title>Påskeverksted - Visit Ål</title>
<meta name="robots" content="noindex, follow" />
<meta property="og:locale" content="de_DE" />
<meta property="og:type" content="article" />
<meta property="og:title" content="Påskeverksted - Visit Ål" />
<meta property="og:description" content="Lørdag 21. mars inviterer Ål bibliotek til påskeverksted for heile familien. Fra klokka 12:00 til 15:00 blir det kreative påskeaktivitetar i biblioteket." />
<meta property="og:url" content="https://www.visital.no/de/arrangementer/paskeverksted/" />
<meta property="og:site_name" content="Visit Ål" />
<meta property="article:publisher" content="https://facebook.com/visitalihallingdal/" />
<meta property="article:modified_time" content="2026-03-10T22:44:51+00:00" />
<meta property="og:image" content="https://www.visital.no/wp-content/uploads/2026/03/794244788-e1772625768194.webp" />
	<meta property="og:image:width" content="768" />
	<meta property="og:image:height" content="447" />
	<meta property="og:image:type" content="image/jpeg" />
<meta name="twitter:card" content="summary_large_image" />
<script type="application/ld+json" class="yoast-schema-graph">{"@context":"https:\/\/schema.org","@graph":[{"@type":"WebPage","@id":"https:\/\/www.visital.no\/arrangementer\/paskeverksted\/","url":"https:\/\/www.visital.no\/arrangementer\/paskeverksted\/","name":"Påskeverksted - Visit Ål","isPartOf":{"@id":"https:\/\/www.visital.no\/#website"},"primaryImageOfPage":{"@id":"https:\/\/www.visital.no\/arrangementer\/paskeverksted\/#primaryimage"},"image":{"@id":"https:\/\/www.visital.no\/arrangementer\/paskeverksted\/#primaryimage"},"thumbnailUrl":"https:\/\/www.visital.no\/wp-content\/uploads\/2026\/03\/794244788-e1772625768194.webp","datePublished":"2026-03-04T12:02:59+00:00","dateModified":"2026-03-10T22:44:51+00:00","breadcrumb":{"@id":"https:\/\/www.visital.no\/arrangementer\/paskeverksted\/#breadcrumb"},"inLanguage":"de-DE","potentialAction":[{"@type":"ReadAction","target":["https:\/\/www.visital.no\/arrangementer\/paskeverksted\/"]}]},{"@type":"ImageObject","inLanguage":"de-DE","@id":"https:\/\/www.visital.no\/arrangementer\/paskeverksted\/#primaryimage","url":"https:\/\/www.visital.no\/wp-content\/uploads\/2026\/03\/794244788-e1772625768194.webp","contentUrl":"https:\/\/www.visital.no\/wp-content\/uploads\/2026\/03\/794244788-e1772625768194.webp","width":768,"height":447,"caption":"Plakat til påskeverksted på Biblioteket i Ål 21. mars"},{"@type":"BreadcrumbList","@id":"https:\/\/www.visital.no\/arrangementer\/paskeverksted\/#breadcrumb","itemListElement":[{"@type":"ListItem","position":1,"name":"Home","item":"https:\/\/www.visital.no\/"},{"@type":"ListItem","position":2,"name":"Arrangementer","item":"https:\/\/www.visital.no\/arrangementer\/"},{"@type":"ListItem","position":3,"name":"Påskeverksted"}]},{"@type":"WebSite","@id":"https:\/\/www.visital.no\/#website","url":"https:\/\/www.visital.no\/","name":"Visit Ål","description":"","publisher":{"@id":"https:\/\/www.visital.no\/#organization"},"potentialAction":[{"@type":"SearchAction","target":{"@type":"EntryPoint","urlTemplate":"https:\/\/www.visital.no\/?s={search_term_string}"},"query-input":{"@type":"PropertyValueSpecification","valueRequired":true,"valueName":"search_term_string"}}],"inLanguage":"de-DE"},{"@type":"Organization","@id":"https:\/\/www.visital.no\/#organization","name":"Visit Ål","url":"https:\/\/www.visital.no\/","logo":{"@type":"ImageObject","inLanguage":"de-DE","@id":"https:\/\/www.visital.no\/#\/schema\/logo\/image\/","url":"https:\/\/www.visital.no\/wp-content\/uploads\/2024\/11\/al-i-hallingdal-logo.svg","contentUrl":"https:\/\/www.visital.no\/wp-content\/uploads\/2024\/11\/al-i-hallingdal-logo.svg","width":258,"height":100,"caption":"Visit Ål"},"image":{"@id":"https:\/\/www.visital.no\/#\/schema\/logo\/image\/"},"sameAs":["https:\/\/facebook.com\/visitalihallingdal\/","https:\/\/instagram.com\/visitalihallingdal\/","https:\/\/youtube.com\/user\/alutvikling"]}]}</script>

Påskeverksted - Visit Ål

Lørdag 21. mars inviterer Ål bibliotek til påskeverksted for heile familien. Fra klokka 12:00 til 15:00 blir det kreative påskeaktivitetar i biblioteket.

Visit Ål

Plakat til påskeverksted på Biblioteket i Ål 21. mars

Påskeverksted

Besuchen Sie Ål
