{"id":4247,"date":"2025-10-28T14:16:36","date_gmt":"2025-10-28T13:16:36","guid":{"rendered":"https:\/\/www.visital.no\/?post_type=tribe_events&#038;p=4247"},"modified":"2026-02-04T16:28:54","modified_gmt":"2026-02-04T15:28:54","slug":"kjell-johannessen-keramisk-skulptur","status":"publish","type":"tribe_events","link":"https:\/\/www.visital.no\/de\/arrangementer\/kjell-johannessen-keramisk-skulptur\/","title":{"rendered":"Kjell Johannessen - Keramische Skulptur"},"content":{"rendered":"<p>Der aus J\u00f8rpeland stammende Johannessen betreibt eine Keramikwerkstatt und Galerie in \u00d8vregaten in Bergen, einer historischen Werkstatt aus dem Jahr 1878, die seither unver\u00e4ndert geblieben ist. Er wurde an der Norwegischen Schule f\u00fcr Handwerk und Design und an der Nationalen Kunstakademie Bergen ausgebildet und hat sich seitdem als einer der bekanntesten Keramiker des Landes etabliert.<\/p>\n<p>Er ist vor allem f\u00fcr seine skulpturalen Leuchter bekannt, die oft als \u00abBarockleuchter\u00bb bezeichnet werden. Sein Werk basiert auf der Antike und dem Barock, geh\u00f6rt aber eindeutig in unsere Zeit. Neben Keramikskulpturen arbeitet Johannessen auch mit Zeichnung, Kohle, Tusche und Siebdruck in gro\u00dfen Formaten.<\/p>\n<p>Alle Werke sind aus Steingut, einige auch aus Porzellan gefertigt. Die K\u00fcnstlerin arbeitet oft mit mehreren Leuchtern und Skulpturen gleichzeitig, so dass sich im Laufe der Zeit Serien und Themen herausbilden. Das Verfahren zeichnet sich durch Gr\u00fcndlichkeit und Pr\u00e4zision aus, durch langsames Brennen und sorgf\u00e4ltiges Zusammensetzen - ein Handwerk, das sowohl Geduld als auch Erfahrung erfordert.<\/p>\n<p>&nbsp;<\/p>","protected":false},"excerpt":{"rendered":"<p>Der Keramiker Kjell Johannessen stellt vom 10. Oktober bis zum 22. November 2026 in der Galleri Syningen Keramikskulpturen aus. Die Ausstellung zeigt Werke mit einer starken und unverwechselbaren Sprache, in der klassische Elemente auf freie, moderne Ausdrucksformen treffen.<\/p>","protected":false},"author":3,"featured_media":4248,"template":"","meta":{"_acf_changed":false,"_tribe_events_status":"","_tribe_events_status_reason":"","footnotes":""},"tags":[],"tribe_events_cat":[75],"class_list":["post-4247","tribe_events","type-tribe_events","status-publish","has-post-thumbnail","hentry","tribe_events_cat-utstilling","cat_utstilling"],"acf":[],"yoast_head":"<title>Kjell Johannessen \u2013 Keramisk skulptur - Visit \u00c5l<\/title>\n<meta name=\"robots\" content=\"noindex, follow\" \/>\n<meta property=\"og:locale\" content=\"de_DE\" \/>\n<meta property=\"og:type\" content=\"article\" \/>\n<meta property=\"og:title\" content=\"Kjell Johannessen \u2013 Keramisk skulptur - Visit \u00c5l\" \/>\n<meta property=\"og:description\" content=\"Keramiker Kjell Johannessen stiller ut keramiske skulpturer i Galleri Syningen i perioden 10. oktober til 22. november 2026. Utstillingen presenterer arbeid med et sterkt og s\u00e6rpreget formspr\u00e5k, der klassiske elementer m\u00f8ter frie, moderne uttrykk.\" \/>\n<meta property=\"og:url\" content=\"https:\/\/www.visital.no\/de\/arrangementer\/kjell-johannessen-keramisk-skulptur\/\" \/>\n<meta property=\"og:site_name\" content=\"Visit \u00c5l\" \/>\n<meta property=\"article:publisher\" content=\"https:\/\/facebook.com\/visitalihallingdal\/\" \/>\n<meta property=\"article:modified_time\" content=\"2026-02-04T15:28:54+00:00\" \/>\n<meta property=\"og:image\" content=\"https:\/\/www.visital.no\/wp-content\/uploads\/2025\/10\/screenshot-2025-10-28-at-141504.webp\" \/>\n\t<meta property=\"og:image:width\" content=\"1490\" \/>\n\t<meta property=\"og:image:height\" content=\"908\" \/>\n\t<meta property=\"og:image:type\" content=\"image\/png\" \/>\n<meta name=\"twitter:card\" content=\"summary_large_image\" \/>\n<meta name=\"twitter:label1\" content=\"Est. reading time\" \/>\n\t<meta name=\"twitter:data1\" content=\"1 minute\" \/>\n<script type=\"application\/ld+json\" class=\"yoast-schema-graph\">{\"@context\":\"https:\\\/\\\/schema.org\",\"@graph\":[{\"@type\":\"WebPage\",\"@id\":\"https:\\\/\\\/www.visital.no\\\/arrangementer\\\/kjell-johannessen-keramisk-skulptur\\\/\",\"url\":\"https:\\\/\\\/www.visital.no\\\/arrangementer\\\/kjell-johannessen-keramisk-skulptur\\\/\",\"name\":\"Kjell Johannessen \u2013 Keramisk skulptur - Visit \u00c5l\",\"isPartOf\":{\"@id\":\"https:\\\/\\\/www.visital.no\\\/#website\"},\"primaryImageOfPage\":{\"@id\":\"https:\\\/\\\/www.visital.no\\\/arrangementer\\\/kjell-johannessen-keramisk-skulptur\\\/#primaryimage\"},\"image\":{\"@id\":\"https:\\\/\\\/www.visital.no\\\/arrangementer\\\/kjell-johannessen-keramisk-skulptur\\\/#primaryimage\"},\"thumbnailUrl\":\"https:\\\/\\\/www.visital.no\\\/wp-content\\\/uploads\\\/2025\\\/10\\\/screenshot-2025-10-28-at-141504.webp\",\"datePublished\":\"2025-10-28T13:16:36+00:00\",\"dateModified\":\"2026-02-04T15:28:54+00:00\",\"breadcrumb\":{\"@id\":\"https:\\\/\\\/www.visital.no\\\/arrangementer\\\/kjell-johannessen-keramisk-skulptur\\\/#breadcrumb\"},\"inLanguage\":\"de-DE\",\"potentialAction\":[{\"@type\":\"ReadAction\",\"target\":[\"https:\\\/\\\/www.visital.no\\\/arrangementer\\\/kjell-johannessen-keramisk-skulptur\\\/\"]}]},{\"@type\":\"ImageObject\",\"inLanguage\":\"de-DE\",\"@id\":\"https:\\\/\\\/www.visital.no\\\/arrangementer\\\/kjell-johannessen-keramisk-skulptur\\\/#primaryimage\",\"url\":\"https:\\\/\\\/www.visital.no\\\/wp-content\\\/uploads\\\/2025\\\/10\\\/screenshot-2025-10-28-at-141504.webp\",\"contentUrl\":\"https:\\\/\\\/www.visital.no\\\/wp-content\\\/uploads\\\/2025\\\/10\\\/screenshot-2025-10-28-at-141504.webp\",\"width\":1490,\"height\":908},{\"@type\":\"BreadcrumbList\",\"@id\":\"https:\\\/\\\/www.visital.no\\\/arrangementer\\\/kjell-johannessen-keramisk-skulptur\\\/#breadcrumb\",\"itemListElement\":[{\"@type\":\"ListItem\",\"position\":1,\"name\":\"Home\",\"item\":\"https:\\\/\\\/www.visital.no\\\/\"},{\"@type\":\"ListItem\",\"position\":2,\"name\":\"Arrangementer\",\"item\":\"https:\\\/\\\/www.visital.no\\\/arrangementer\\\/\"},{\"@type\":\"ListItem\",\"position\":3,\"name\":\"Kjell Johannessen \u2013 Keramisk skulptur\"}]},{\"@type\":\"WebSite\",\"@id\":\"https:\\\/\\\/www.visital.no\\\/#website\",\"url\":\"https:\\\/\\\/www.visital.no\\\/\",\"name\":\"Visit \u00c5l\",\"description\":\"\",\"publisher\":{\"@id\":\"https:\\\/\\\/www.visital.no\\\/#organization\"},\"potentialAction\":[{\"@type\":\"SearchAction\",\"target\":{\"@type\":\"EntryPoint\",\"urlTemplate\":\"https:\\\/\\\/www.visital.no\\\/?s={search_term_string}\"},\"query-input\":{\"@type\":\"PropertyValueSpecification\",\"valueRequired\":true,\"valueName\":\"search_term_string\"}}],\"inLanguage\":\"de-DE\"},{\"@type\":\"Organization\",\"@id\":\"https:\\\/\\\/www.visital.no\\\/#organization\",\"name\":\"Visit \u00c5l\",\"url\":\"https:\\\/\\\/www.visital.no\\\/\",\"logo\":{\"@type\":\"ImageObject\",\"inLanguage\":\"de-DE\",\"@id\":\"https:\\\/\\\/www.visital.no\\\/#\\\/schema\\\/logo\\\/image\\\/\",\"url\":\"https:\\\/\\\/www.visital.no\\\/wp-content\\\/uploads\\\/2024\\\/11\\\/al-i-hallingdal-logo.svg\",\"contentUrl\":\"https:\\\/\\\/www.visital.no\\\/wp-content\\\/uploads\\\/2024\\\/11\\\/al-i-hallingdal-logo.svg\",\"width\":258,\"height\":100,\"caption\":\"Visit \u00c5l\"},\"image\":{\"@id\":\"https:\\\/\\\/www.visital.no\\\/#\\\/schema\\\/logo\\\/image\\\/\"},\"sameAs\":[\"https:\\\/\\\/facebook.com\\\/visitalihallingdal\\\/\",\"https:\\\/\\\/instagram.com\\\/visitalihallingdal\\\/\",\"https:\\\/\\\/youtube.com\\\/user\\\/alutvikling\"]}]}<\/script>","yoast_head_json":{"title":"Kjell Johannessen \u2013 Keramisk skulptur - Visit \u00c5l","robots":{"index":"noindex","follow":"follow"},"og_locale":"de_DE","og_type":"article","og_title":"Kjell Johannessen \u2013 Keramisk skulptur - Visit \u00c5l","og_description":"Keramiker Kjell Johannessen stiller ut keramiske skulpturer i Galleri Syningen i perioden 10. oktober til 22. november 2026. Utstillingen presenterer arbeid med et sterkt og s\u00e6rpreget formspr\u00e5k, der klassiske elementer m\u00f8ter frie, moderne uttrykk.","og_url":"https:\/\/www.visital.no\/de\/arrangementer\/kjell-johannessen-keramisk-skulptur\/","og_site_name":"Visit \u00c5l","article_publisher":"https:\/\/facebook.com\/visitalihallingdal\/","article_modified_time":"2026-02-04T15:28:54+00:00","og_image":[{"width":1490,"height":908,"url":"https:\/\/www.visital.no\/wp-content\/uploads\/2025\/10\/screenshot-2025-10-28-at-141504.webp","type":"image\/png"}],"twitter_card":"summary_large_image","twitter_misc":{"Est. reading time":"1 minute"},"schema":{"@context":"https:\/\/schema.org","@graph":[{"@type":"WebPage","@id":"https:\/\/www.visital.no\/arrangementer\/kjell-johannessen-keramisk-skulptur\/","url":"https:\/\/www.visital.no\/arrangementer\/kjell-johannessen-keramisk-skulptur\/","name":"Kjell Johannessen \u2013 Keramisk skulptur - Visit \u00c5l","isPartOf":{"@id":"https:\/\/www.visital.no\/#website"},"primaryImageOfPage":{"@id":"https:\/\/www.visital.no\/arrangementer\/kjell-johannessen-keramisk-skulptur\/#primaryimage"},"image":{"@id":"https:\/\/www.visital.no\/arrangementer\/kjell-johannessen-keramisk-skulptur\/#primaryimage"},"thumbnailUrl":"https:\/\/www.visital.no\/wp-content\/uploads\/2025\/10\/screenshot-2025-10-28-at-141504.webp","datePublished":"2025-10-28T13:16:36+00:00","dateModified":"2026-02-04T15:28:54+00:00","breadcrumb":{"@id":"https:\/\/www.visital.no\/arrangementer\/kjell-johannessen-keramisk-skulptur\/#breadcrumb"},"inLanguage":"de-DE","potentialAction":[{"@type":"ReadAction","target":["https:\/\/www.visital.no\/arrangementer\/kjell-johannessen-keramisk-skulptur\/"]}]},{"@type":"ImageObject","inLanguage":"de-DE","@id":"https:\/\/www.visital.no\/arrangementer\/kjell-johannessen-keramisk-skulptur\/#primaryimage","url":"https:\/\/www.visital.no\/wp-content\/uploads\/2025\/10\/screenshot-2025-10-28-at-141504.webp","contentUrl":"https:\/\/www.visital.no\/wp-content\/uploads\/2025\/10\/screenshot-2025-10-28-at-141504.webp","width":1490,"height":908},{"@type":"BreadcrumbList","@id":"https:\/\/www.visital.no\/arrangementer\/kjell-johannessen-keramisk-skulptur\/#breadcrumb","itemListElement":[{"@type":"ListItem","position":1,"name":"Home","item":"https:\/\/www.visital.no\/"},{"@type":"ListItem","position":2,"name":"Arrangementer","item":"https:\/\/www.visital.no\/arrangementer\/"},{"@type":"ListItem","position":3,"name":"Kjell Johannessen \u2013 Keramisk skulptur"}]},{"@type":"WebSite","@id":"https:\/\/www.visital.no\/#website","url":"https:\/\/www.visital.no\/","name":"Besuchen Sie \u00c5l","description":"","publisher":{"@id":"https:\/\/www.visital.no\/#organization"},"potentialAction":[{"@type":"SearchAction","target":{"@type":"EntryPoint","urlTemplate":"https:\/\/www.visital.no\/?s={search_term_string}"},"query-input":{"@type":"PropertyValueSpecification","valueRequired":true,"valueName":"search_term_string"}}],"inLanguage":"de-DE"},{"@type":"Organization","@id":"https:\/\/www.visital.no\/#organization","name":"Besuchen Sie \u00c5l","url":"https:\/\/www.visital.no\/","logo":{"@type":"ImageObject","inLanguage":"de-DE","@id":"https:\/\/www.visital.no\/#\/schema\/logo\/image\/","url":"https:\/\/www.visital.no\/wp-content\/uploads\/2024\/11\/al-i-hallingdal-logo.svg","contentUrl":"https:\/\/www.visital.no\/wp-content\/uploads\/2024\/11\/al-i-hallingdal-logo.svg","width":258,"height":100,"caption":"Visit \u00c5l"},"image":{"@id":"https:\/\/www.visital.no\/#\/schema\/logo\/image\/"},"sameAs":["https:\/\/facebook.com\/visitalihallingdal\/","https:\/\/instagram.com\/visitalihallingdal\/","https:\/\/youtube.com\/user\/alutvikling"]}]}},"_links":{"self":[{"href":"https:\/\/www.visital.no\/de\/wp-json\/wp\/v2\/tribe_events\/4247","targetHints":{"allow":["GET"]}}],"collection":[{"href":"https:\/\/www.visital.no\/de\/wp-json\/wp\/v2\/tribe_events"}],"about":[{"href":"https:\/\/www.visital.no\/de\/wp-json\/wp\/v2\/types\/tribe_events"}],"author":[{"embeddable":true,"href":"https:\/\/www.visital.no\/de\/wp-json\/wp\/v2\/users\/3"}],"version-history":[{"count":2,"href":"https:\/\/www.visital.no\/de\/wp-json\/wp\/v2\/tribe_events\/4247\/revisions"}],"predecessor-version":[{"id":4253,"href":"https:\/\/www.visital.no\/de\/wp-json\/wp\/v2\/tribe_events\/4247\/revisions\/4253"}],"wp:featuredmedia":[{"embeddable":true,"href":"https:\/\/www.visital.no\/de\/wp-json\/wp\/v2\/media\/4248"}],"wp:attachment":[{"href":"https:\/\/www.visital.no\/de\/wp-json\/wp\/v2\/media?parent=4247"}],"wp:term":[{"taxonomy":"post_tag","embeddable":true,"href":"https:\/\/www.visital.no\/de\/wp-json\/wp\/v2\/tags?post=4247"},{"taxonomy":"tribe_events_cat","embeddable":true,"href":"https:\/\/www.visital.no\/de\/wp-json\/wp\/v2\/tribe_events_cat?post=4247"}],"curies":[{"name":"WordPress","href":"https:\/\/api.w.org\/{rel}","templated":true}]}}

<p>Der aus Jørpeland stammende Johannessen betreibt eine Keramikwerkstatt und Galerie in Øvregaten in Bergen, einer historischen Werkstatt aus dem Jahr 1878, die seither unverändert geblieben ist. Er wurde an der Norwegischen Schule für Handwerk und Design und an der Nationalen Kunstakademie Bergen ausgebildet und hat sich seitdem als einer der bekanntesten Keramiker des Landes etabliert.</p>
<p>Er ist vor allem für seine skulpturalen Leuchter bekannt, die oft als «Barockleuchter» bezeichnet werden. Sein Werk basiert auf der Antike und dem Barock, gehört aber eindeutig in unsere Zeit. Neben Keramikskulpturen arbeitet Johannessen auch mit Zeichnung, Kohle, Tusche und Siebdruck in großen Formaten.</p>
<p>Alle Werke sind aus Steingut, einige auch aus Porzellan gefertigt. Die Künstlerin arbeitet oft mit mehreren Leuchtern und Skulpturen gleichzeitig, so dass sich im Laufe der Zeit Serien und Themen herausbilden. Das Verfahren zeichnet sich durch Gründlichkeit und Präzision aus, durch langsames Brennen und sorgfältiges Zusammensetzen - ein Handwerk, das sowohl Geduld als auch Erfahrung erfordert.</p>
<p>&nbsp;</p>

<title>Kjell Johannessen – Keramisk skulptur - Visit Ål</title>
<meta name="robots" content="noindex, follow" />
<meta property="og:locale" content="de_DE" />
<meta property="og:type" content="article" />
<meta property="og:title" content="Kjell Johannessen – Keramisk skulptur - Visit Ål" />
<meta property="og:description" content="Keramiker Kjell Johannessen stiller ut keramiske skulpturer i Galleri Syningen i perioden 10. oktober til 22. november 2026. Utstillingen presenterer arbeid med et sterkt og særpreget formspråk, der klassiske elementer møter frie, moderne uttrykk." />
<meta property="og:url" content="https://www.visital.no/de/arrangementer/kjell-johannessen-keramisk-skulptur/" />
<meta property="og:site_name" content="Visit Ål" />
<meta property="article:publisher" content="https://facebook.com/visitalihallingdal/" />
<meta property="article:modified_time" content="2026-02-04T15:28:54+00:00" />
<meta property="og:image" content="https://www.visital.no/wp-content/uploads/2025/10/screenshot-2025-10-28-at-141504.webp" />
	<meta property="og:image:width" content="1490" />
	<meta property="og:image:height" content="908" />
	<meta property="og:image:type" content="image/png" />
<meta name="twitter:card" content="summary_large_image" />
<meta name="twitter:label1" content="Est. reading time" />
	<meta name="twitter:data1" content="1 minute" />
<script type="application/ld+json" class="yoast-schema-graph">{"@context":"https:\/\/schema.org","@graph":[{"@type":"WebPage","@id":"https:\/\/www.visital.no\/arrangementer\/kjell-johannessen-keramisk-skulptur\/","url":"https:\/\/www.visital.no\/arrangementer\/kjell-johannessen-keramisk-skulptur\/","name":"Kjell Johannessen – Keramisk skulptur - Visit Ål","isPartOf":{"@id":"https:\/\/www.visital.no\/#website"},"primaryImageOfPage":{"@id":"https:\/\/www.visital.no\/arrangementer\/kjell-johannessen-keramisk-skulptur\/#primaryimage"},"image":{"@id":"https:\/\/www.visital.no\/arrangementer\/kjell-johannessen-keramisk-skulptur\/#primaryimage"},"thumbnailUrl":"https:\/\/www.visital.no\/wp-content\/uploads\/2025\/10\/screenshot-2025-10-28-at-141504.webp","datePublished":"2025-10-28T13:16:36+00:00","dateModified":"2026-02-04T15:28:54+00:00","breadcrumb":{"@id":"https:\/\/www.visital.no\/arrangementer\/kjell-johannessen-keramisk-skulptur\/#breadcrumb"},"inLanguage":"de-DE","potentialAction":[{"@type":"ReadAction","target":["https:\/\/www.visital.no\/arrangementer\/kjell-johannessen-keramisk-skulptur\/"]}]},{"@type":"ImageObject","inLanguage":"de-DE","@id":"https:\/\/www.visital.no\/arrangementer\/kjell-johannessen-keramisk-skulptur\/#primaryimage","url":"https:\/\/www.visital.no\/wp-content\/uploads\/2025\/10\/screenshot-2025-10-28-at-141504.webp","contentUrl":"https:\/\/www.visital.no\/wp-content\/uploads\/2025\/10\/screenshot-2025-10-28-at-141504.webp","width":1490,"height":908},{"@type":"BreadcrumbList","@id":"https:\/\/www.visital.no\/arrangementer\/kjell-johannessen-keramisk-skulptur\/#breadcrumb","itemListElement":[{"@type":"ListItem","position":1,"name":"Home","item":"https:\/\/www.visital.no\/"},{"@type":"ListItem","position":2,"name":"Arrangementer","item":"https:\/\/www.visital.no\/arrangementer\/"},{"@type":"ListItem","position":3,"name":"Kjell Johannessen – Keramisk skulptur"}]},{"@type":"WebSite","@id":"https:\/\/www.visital.no\/#website","url":"https:\/\/www.visital.no\/","name":"Visit Ål","description":"","publisher":{"@id":"https:\/\/www.visital.no\/#organization"},"potentialAction":[{"@type":"SearchAction","target":{"@type":"EntryPoint","urlTemplate":"https:\/\/www.visital.no\/?s={search_term_string}"},"query-input":{"@type":"PropertyValueSpecification","valueRequired":true,"valueName":"search_term_string"}}],"inLanguage":"de-DE"},{"@type":"Organization","@id":"https:\/\/www.visital.no\/#organization","name":"Visit Ål","url":"https:\/\/www.visital.no\/","logo":{"@type":"ImageObject","inLanguage":"de-DE","@id":"https:\/\/www.visital.no\/#\/schema\/logo\/image\/","url":"https:\/\/www.visital.no\/wp-content\/uploads\/2024\/11\/al-i-hallingdal-logo.svg","contentUrl":"https:\/\/www.visital.no\/wp-content\/uploads\/2024\/11\/al-i-hallingdal-logo.svg","width":258,"height":100,"caption":"Visit Ål"},"image":{"@id":"https:\/\/www.visital.no\/#\/schema\/logo\/image\/"},"sameAs":["https:\/\/facebook.com\/visitalihallingdal\/","https:\/\/instagram.com\/visitalihallingdal\/","https:\/\/youtube.com\/user\/alutvikling"]}]}</script>

Kjell Johannessen – Keramisk skulptur - Visit Ål

Keramiker Kjell Johannessen stiller ut keramiske skulpturer i Galleri Syningen i perioden 10. oktober til 22. november 2026. Utstillingen presenterer arbeid med et sterkt og særpreget formspråk, der klassiske elementer møter frie, moderne uttrykk.

Visit Ål

Besuchen Sie Ål
