{"id":2545,"date":"2025-05-08T14:54:09","date_gmt":"2025-05-08T12:54:09","guid":{"rendered":"https:\/\/www.visital.no\/?post_type=tribe_events&#038;p=2545"},"modified":"2025-06-24T13:58:23","modified_gmt":"2025-06-24T11:58:23","slug":"riksteateret-laereren","status":"publish","type":"tribe_events","link":"https:\/\/www.visital.no\/de\/arrangementer\/riksteateret-laereren\/","title":{"rendered":"Das Nationaltheater: Die Lehrerin"},"content":{"rendered":"<p class=\"\" data-start=\"492\" data-end=\"923\">\"The Teacher\" ist ein scharfes und ehrliches St\u00fcck \u00fcber die gro\u00dfe Verantwortung, die der Lehrerberuf mit sich bringt. In diesem Monolog lernen wir Kristian kennen, einen neu eingestellten Vertretungslehrer, der mit einer problematischen f\u00fcnften Klasse konfrontiert wird. Er ist ein Mann mit vielen Rollen - als Lehrer, als Mensch und als Spiegelbild seiner Kindheit. Durch seine Begegnungen mit den jungen Sch\u00fclern wird er gezwungen, sich mit seinen eigenen Unsicherheiten und Erfahrungen mit dem Lehrerberuf auseinanderzusetzen.<\/p>\n<p class=\"\" data-start=\"925\" data-end=\"1218\">Fredrik H\u00f8yer, bekannt als Slam-Poet und Schauspieler, f\u00fchrt uns mit Humor und einfachen Beobachtungen durch ein spannendes Drama, das beleuchtet, wie wir uns selbst durch die Augen der anderen verstehen. H\u00f8yer hat sowohl Text als auch Musik geschrieben, und seine Performance ber\u00fchrt auf unerwartete Weise sowohl Ernsthaftigkeit als auch Humor.<\/p>\n<p class=\"\" data-start=\"1220\" data-end=\"1440\">W\u00e4hrend Kristian seine Sch\u00fcler kennenlernt, begegnet er sich selbst. Eine ehrliche Darstellung dessen, was es bedeutet, ein Lehrer zu sein, und wie wir alle eine Rolle im Leben der anderen spielen. Freuen Sie sich auf eine Auff\u00fchrung, die sowohl bewegt als auch herausfordert.<\/p>","protected":false},"excerpt":{"rendered":"<p>Fredrik H\u00f8yer steht allein auf der B\u00fchne in Riksteatrets \"Der Lehrer\", einer Inszenierung, die sich mit den Herausforderungen des Lehrerberufs und den inneren Konflikten besch\u00e4ftigt, die im Umgang mit jungen Menschen entstehen.<\/p>","protected":false},"author":3,"featured_media":2546,"template":"","meta":{"_acf_changed":false,"_tribe_events_status":"","_tribe_events_status_reason":"","footnotes":""},"tags":[],"tribe_events_cat":[82],"class_list":["post-2545","tribe_events","type-tribe_events","status-publish","has-post-thumbnail","hentry","tribe_events_cat-scenekunst","cat_scenekunst"],"acf":[],"yoast_head":"<title>Riksteateret: L\u00e6reren - Visit \u00c5l<\/title>\n<meta name=\"description\" content=\"Fredrik H\u00f8yer tar oss med p\u00e5 en tankevekkende reise gjennom l\u00e6reryrkets virkelighet i &quot;L\u00e6reren&quot;. En forestilling om ansvar, relasjoner og indre oppl\u00f8sning, som r\u00f8rer ved b\u00e5de humor og alvor.\" \/>\n<meta name=\"robots\" content=\"noindex, follow\" \/>\n<meta property=\"og:locale\" content=\"de_DE\" \/>\n<meta property=\"og:type\" content=\"article\" \/>\n<meta property=\"og:title\" content=\"Riksteateret: L\u00e6reren - Visit \u00c5l\" \/>\n<meta property=\"og:description\" content=\"Fredrik H\u00f8yer tar oss med p\u00e5 en tankevekkende reise gjennom l\u00e6reryrkets virkelighet i &quot;L\u00e6reren&quot;. En forestilling om ansvar, relasjoner og indre oppl\u00f8sning, som r\u00f8rer ved b\u00e5de humor og alvor.\" \/>\n<meta property=\"og:url\" content=\"https:\/\/www.visital.no\/de\/arrangementer\/riksteateret-laereren\/\" \/>\n<meta property=\"og:site_name\" content=\"Visit \u00c5l\" \/>\n<meta property=\"article:publisher\" content=\"https:\/\/facebook.com\/visitalihallingdal\/\" \/>\n<meta property=\"article:modified_time\" content=\"2025-06-24T11:58:23+00:00\" \/>\n<meta property=\"og:image\" content=\"https:\/\/www.visital.no\/wp-content\/uploads\/2025\/05\/173193-1024x576.jpg\" \/>\n\t<meta property=\"og:image:width\" content=\"1024\" \/>\n\t<meta property=\"og:image:height\" content=\"576\" \/>\n\t<meta property=\"og:image:type\" content=\"image\/jpeg\" \/>\n<meta name=\"twitter:card\" content=\"summary_large_image\" \/>\n<meta name=\"twitter:label1\" content=\"Est. reading time\" \/>\n\t<meta name=\"twitter:data1\" content=\"2 minutes\" \/>\n<script type=\"application\/ld+json\" class=\"yoast-schema-graph\">{\"@context\":\"https:\\\/\\\/schema.org\",\"@graph\":[{\"@type\":\"WebPage\",\"@id\":\"https:\\\/\\\/www.visital.no\\\/arrangementer\\\/riksteateret-laereren\\\/\",\"url\":\"https:\\\/\\\/www.visital.no\\\/arrangementer\\\/riksteateret-laereren\\\/\",\"name\":\"Riksteateret: L\u00e6reren - Visit \u00c5l\",\"isPartOf\":{\"@id\":\"https:\\\/\\\/www.visital.no\\\/#website\"},\"primaryImageOfPage\":{\"@id\":\"https:\\\/\\\/www.visital.no\\\/arrangementer\\\/riksteateret-laereren\\\/#primaryimage\"},\"image\":{\"@id\":\"https:\\\/\\\/www.visital.no\\\/arrangementer\\\/riksteateret-laereren\\\/#primaryimage\"},\"thumbnailUrl\":\"https:\\\/\\\/www.visital.no\\\/wp-content\\\/uploads\\\/2025\\\/05\\\/173193.jpg\",\"datePublished\":\"2025-05-08T12:54:09+00:00\",\"dateModified\":\"2025-06-24T11:58:23+00:00\",\"description\":\"Fredrik H\u00f8yer tar oss med p\u00e5 en tankevekkende reise gjennom l\u00e6reryrkets virkelighet i \\\"L\u00e6reren\\\". En forestilling om ansvar, relasjoner og indre oppl\u00f8sning, som r\u00f8rer ved b\u00e5de humor og alvor.\",\"breadcrumb\":{\"@id\":\"https:\\\/\\\/www.visital.no\\\/arrangementer\\\/riksteateret-laereren\\\/#breadcrumb\"},\"inLanguage\":\"de-DE\",\"potentialAction\":[{\"@type\":\"ReadAction\",\"target\":[\"https:\\\/\\\/www.visital.no\\\/arrangementer\\\/riksteateret-laereren\\\/\"]}]},{\"@type\":\"ImageObject\",\"inLanguage\":\"de-DE\",\"@id\":\"https:\\\/\\\/www.visital.no\\\/arrangementer\\\/riksteateret-laereren\\\/#primaryimage\",\"url\":\"https:\\\/\\\/www.visital.no\\\/wp-content\\\/uploads\\\/2025\\\/05\\\/173193.jpg\",\"contentUrl\":\"https:\\\/\\\/www.visital.no\\\/wp-content\\\/uploads\\\/2025\\\/05\\\/173193.jpg\",\"width\":8000,\"height\":4500},{\"@type\":\"BreadcrumbList\",\"@id\":\"https:\\\/\\\/www.visital.no\\\/arrangementer\\\/riksteateret-laereren\\\/#breadcrumb\",\"itemListElement\":[{\"@type\":\"ListItem\",\"position\":1,\"name\":\"Home\",\"item\":\"https:\\\/\\\/www.visital.no\\\/\"},{\"@type\":\"ListItem\",\"position\":2,\"name\":\"Arrangementer\",\"item\":\"https:\\\/\\\/www.visital.no\\\/arrangementer\\\/\"},{\"@type\":\"ListItem\",\"position\":3,\"name\":\"Riksteateret: L\u00e6reren\"}]},{\"@type\":\"WebSite\",\"@id\":\"https:\\\/\\\/www.visital.no\\\/#website\",\"url\":\"https:\\\/\\\/www.visital.no\\\/\",\"name\":\"Visit \u00c5l\",\"description\":\"\",\"publisher\":{\"@id\":\"https:\\\/\\\/www.visital.no\\\/#organization\"},\"potentialAction\":[{\"@type\":\"SearchAction\",\"target\":{\"@type\":\"EntryPoint\",\"urlTemplate\":\"https:\\\/\\\/www.visital.no\\\/?s={search_term_string}\"},\"query-input\":{\"@type\":\"PropertyValueSpecification\",\"valueRequired\":true,\"valueName\":\"search_term_string\"}}],\"inLanguage\":\"de-DE\"},{\"@type\":\"Organization\",\"@id\":\"https:\\\/\\\/www.visital.no\\\/#organization\",\"name\":\"Visit \u00c5l\",\"url\":\"https:\\\/\\\/www.visital.no\\\/\",\"logo\":{\"@type\":\"ImageObject\",\"inLanguage\":\"de-DE\",\"@id\":\"https:\\\/\\\/www.visital.no\\\/#\\\/schema\\\/logo\\\/image\\\/\",\"url\":\"https:\\\/\\\/www.visital.no\\\/wp-content\\\/uploads\\\/2024\\\/11\\\/al-i-hallingdal-logo.svg\",\"contentUrl\":\"https:\\\/\\\/www.visital.no\\\/wp-content\\\/uploads\\\/2024\\\/11\\\/al-i-hallingdal-logo.svg\",\"width\":258,\"height\":100,\"caption\":\"Visit \u00c5l\"},\"image\":{\"@id\":\"https:\\\/\\\/www.visital.no\\\/#\\\/schema\\\/logo\\\/image\\\/\"},\"sameAs\":[\"https:\\\/\\\/facebook.com\\\/visitalihallingdal\\\/\",\"https:\\\/\\\/instagram.com\\\/visitalihallingdal\\\/\",\"https:\\\/\\\/youtube.com\\\/user\\\/alutvikling\"]}]}<\/script>","yoast_head_json":{"title":"Riksteateret: L\u00e6reren - Visit \u00c5l","description":"Fredrik H\u00f8yer tar oss med p\u00e5 en tankevekkende reise gjennom l\u00e6reryrkets virkelighet i \"L\u00e6reren\". En forestilling om ansvar, relasjoner og indre oppl\u00f8sning, som r\u00f8rer ved b\u00e5de humor og alvor.","robots":{"index":"noindex","follow":"follow"},"og_locale":"de_DE","og_type":"article","og_title":"Riksteateret: L\u00e6reren - Visit \u00c5l","og_description":"Fredrik H\u00f8yer tar oss med p\u00e5 en tankevekkende reise gjennom l\u00e6reryrkets virkelighet i \"L\u00e6reren\". En forestilling om ansvar, relasjoner og indre oppl\u00f8sning, som r\u00f8rer ved b\u00e5de humor og alvor.","og_url":"https:\/\/www.visital.no\/de\/arrangementer\/riksteateret-laereren\/","og_site_name":"Visit \u00c5l","article_publisher":"https:\/\/facebook.com\/visitalihallingdal\/","article_modified_time":"2025-06-24T11:58:23+00:00","og_image":[{"width":1024,"height":576,"url":"https:\/\/www.visital.no\/wp-content\/uploads\/2025\/05\/173193-1024x576.jpg","type":"image\/jpeg"}],"twitter_card":"summary_large_image","twitter_misc":{"Est. reading time":"2 minutes"},"schema":{"@context":"https:\/\/schema.org","@graph":[{"@type":"WebPage","@id":"https:\/\/www.visital.no\/arrangementer\/riksteateret-laereren\/","url":"https:\/\/www.visital.no\/arrangementer\/riksteateret-laereren\/","name":"Riksteateret: L\u00e6reren - Visit \u00c5l","isPartOf":{"@id":"https:\/\/www.visital.no\/#website"},"primaryImageOfPage":{"@id":"https:\/\/www.visital.no\/arrangementer\/riksteateret-laereren\/#primaryimage"},"image":{"@id":"https:\/\/www.visital.no\/arrangementer\/riksteateret-laereren\/#primaryimage"},"thumbnailUrl":"https:\/\/www.visital.no\/wp-content\/uploads\/2025\/05\/173193.jpg","datePublished":"2025-05-08T12:54:09+00:00","dateModified":"2025-06-24T11:58:23+00:00","description":"Fredrik H\u00f8yer tar oss med p\u00e5 en tankevekkende reise gjennom l\u00e6reryrkets virkelighet i \"L\u00e6reren\". En forestilling om ansvar, relasjoner og indre oppl\u00f8sning, som r\u00f8rer ved b\u00e5de humor og alvor.","breadcrumb":{"@id":"https:\/\/www.visital.no\/arrangementer\/riksteateret-laereren\/#breadcrumb"},"inLanguage":"de-DE","potentialAction":[{"@type":"ReadAction","target":["https:\/\/www.visital.no\/arrangementer\/riksteateret-laereren\/"]}]},{"@type":"ImageObject","inLanguage":"de-DE","@id":"https:\/\/www.visital.no\/arrangementer\/riksteateret-laereren\/#primaryimage","url":"https:\/\/www.visital.no\/wp-content\/uploads\/2025\/05\/173193.jpg","contentUrl":"https:\/\/www.visital.no\/wp-content\/uploads\/2025\/05\/173193.jpg","width":8000,"height":4500},{"@type":"BreadcrumbList","@id":"https:\/\/www.visital.no\/arrangementer\/riksteateret-laereren\/#breadcrumb","itemListElement":[{"@type":"ListItem","position":1,"name":"Home","item":"https:\/\/www.visital.no\/"},{"@type":"ListItem","position":2,"name":"Arrangementer","item":"https:\/\/www.visital.no\/arrangementer\/"},{"@type":"ListItem","position":3,"name":"Riksteateret: L\u00e6reren"}]},{"@type":"WebSite","@id":"https:\/\/www.visital.no\/#website","url":"https:\/\/www.visital.no\/","name":"Besuchen Sie \u00c5l","description":"","publisher":{"@id":"https:\/\/www.visital.no\/#organization"},"potentialAction":[{"@type":"SearchAction","target":{"@type":"EntryPoint","urlTemplate":"https:\/\/www.visital.no\/?s={search_term_string}"},"query-input":{"@type":"PropertyValueSpecification","valueRequired":true,"valueName":"search_term_string"}}],"inLanguage":"de-DE"},{"@type":"Organization","@id":"https:\/\/www.visital.no\/#organization","name":"Besuchen Sie \u00c5l","url":"https:\/\/www.visital.no\/","logo":{"@type":"ImageObject","inLanguage":"de-DE","@id":"https:\/\/www.visital.no\/#\/schema\/logo\/image\/","url":"https:\/\/www.visital.no\/wp-content\/uploads\/2024\/11\/al-i-hallingdal-logo.svg","contentUrl":"https:\/\/www.visital.no\/wp-content\/uploads\/2024\/11\/al-i-hallingdal-logo.svg","width":258,"height":100,"caption":"Visit \u00c5l"},"image":{"@id":"https:\/\/www.visital.no\/#\/schema\/logo\/image\/"},"sameAs":["https:\/\/facebook.com\/visitalihallingdal\/","https:\/\/instagram.com\/visitalihallingdal\/","https:\/\/youtube.com\/user\/alutvikling"]}]}},"_links":{"self":[{"href":"https:\/\/www.visital.no\/de\/wp-json\/wp\/v2\/tribe_events\/2545","targetHints":{"allow":["GET"]}}],"collection":[{"href":"https:\/\/www.visital.no\/de\/wp-json\/wp\/v2\/tribe_events"}],"about":[{"href":"https:\/\/www.visital.no\/de\/wp-json\/wp\/v2\/types\/tribe_events"}],"author":[{"embeddable":true,"href":"https:\/\/www.visital.no\/de\/wp-json\/wp\/v2\/users\/3"}],"version-history":[{"count":1,"href":"https:\/\/www.visital.no\/de\/wp-json\/wp\/v2\/tribe_events\/2545\/revisions"}],"predecessor-version":[{"id":2547,"href":"https:\/\/www.visital.no\/de\/wp-json\/wp\/v2\/tribe_events\/2545\/revisions\/2547"}],"wp:featuredmedia":[{"embeddable":true,"href":"https:\/\/www.visital.no\/de\/wp-json\/wp\/v2\/media\/2546"}],"wp:attachment":[{"href":"https:\/\/www.visital.no\/de\/wp-json\/wp\/v2\/media?parent=2545"}],"wp:term":[{"taxonomy":"post_tag","embeddable":true,"href":"https:\/\/www.visital.no\/de\/wp-json\/wp\/v2\/tags?post=2545"},{"taxonomy":"tribe_events_cat","embeddable":true,"href":"https:\/\/www.visital.no\/de\/wp-json\/wp\/v2\/tribe_events_cat?post=2545"}],"curies":[{"name":"WordPress","href":"https:\/\/api.w.org\/{rel}","templated":true}]}}

<p class="" data-start="492" data-end="923">"The Teacher" ist ein scharfes und ehrliches Stück über die große Verantwortung, die der Lehrerberuf mit sich bringt. In diesem Monolog lernen wir Kristian kennen, einen neu eingestellten Vertretungslehrer, der mit einer problematischen fünften Klasse konfrontiert wird. Er ist ein Mann mit vielen Rollen - als Lehrer, als Mensch und als Spiegelbild seiner Kindheit. Durch seine Begegnungen mit den jungen Schülern wird er gezwungen, sich mit seinen eigenen Unsicherheiten und Erfahrungen mit dem Lehrerberuf auseinanderzusetzen.</p>
<p class="" data-start="925" data-end="1218">Fredrik Høyer, bekannt als Slam-Poet und Schauspieler, führt uns mit Humor und einfachen Beobachtungen durch ein spannendes Drama, das beleuchtet, wie wir uns selbst durch die Augen der anderen verstehen. Høyer hat sowohl Text als auch Musik geschrieben, und seine Performance berührt auf unerwartete Weise sowohl Ernsthaftigkeit als auch Humor.</p>
<p class="" data-start="1220" data-end="1440">Während Kristian seine Schüler kennenlernt, begegnet er sich selbst. Eine ehrliche Darstellung dessen, was es bedeutet, ein Lehrer zu sein, und wie wir alle eine Rolle im Leben der anderen spielen. Freuen Sie sich auf eine Aufführung, die sowohl bewegt als auch herausfordert.</p>

<p>Fredrik Høyer steht allein auf der Bühne in Riksteatrets "Der Lehrer", einer Inszenierung, die sich mit den Herausforderungen des Lehrerberufs und den inneren Konflikten beschäftigt, die im Umgang mit jungen Menschen entstehen.</p>

<title>Riksteateret: Læreren - Visit Ål</title>
<meta name="description" content="Fredrik Høyer tar oss med på en tankevekkende reise gjennom læreryrkets virkelighet i &quot;Læreren&quot;. En forestilling om ansvar, relasjoner og indre oppløsning, som rører ved både humor og alvor." />
<meta name="robots" content="noindex, follow" />
<meta property="og:locale" content="de_DE" />
<meta property="og:type" content="article" />
<meta property="og:title" content="Riksteateret: Læreren - Visit Ål" />
<meta property="og:description" content="Fredrik Høyer tar oss med på en tankevekkende reise gjennom læreryrkets virkelighet i &quot;Læreren&quot;. En forestilling om ansvar, relasjoner og indre oppløsning, som rører ved både humor og alvor." />
<meta property="og:url" content="https://www.visital.no/de/arrangementer/riksteateret-laereren/" />
<meta property="og:site_name" content="Visit Ål" />
<meta property="article:publisher" content="https://facebook.com/visitalihallingdal/" />
<meta property="article:modified_time" content="2025-06-24T11:58:23+00:00" />
<meta property="og:image" content="https://www.visital.no/wp-content/uploads/2025/05/173193-1024x576.jpg" />
	<meta property="og:image:width" content="1024" />
	<meta property="og:image:height" content="576" />
	<meta property="og:image:type" content="image/jpeg" />
<meta name="twitter:card" content="summary_large_image" />
<meta name="twitter:label1" content="Est. reading time" />
	<meta name="twitter:data1" content="2 minutes" />
<script type="application/ld+json" class="yoast-schema-graph">{"@context":"https:\/\/schema.org","@graph":[{"@type":"WebPage","@id":"https:\/\/www.visital.no\/arrangementer\/riksteateret-laereren\/","url":"https:\/\/www.visital.no\/arrangementer\/riksteateret-laereren\/","name":"Riksteateret: Læreren - Visit Ål","isPartOf":{"@id":"https:\/\/www.visital.no\/#website"},"primaryImageOfPage":{"@id":"https:\/\/www.visital.no\/arrangementer\/riksteateret-laereren\/#primaryimage"},"image":{"@id":"https:\/\/www.visital.no\/arrangementer\/riksteateret-laereren\/#primaryimage"},"thumbnailUrl":"https:\/\/www.visital.no\/wp-content\/uploads\/2025\/05\/173193.jpg","datePublished":"2025-05-08T12:54:09+00:00","dateModified":"2025-06-24T11:58:23+00:00","description":"Fredrik Høyer tar oss med på en tankevekkende reise gjennom læreryrkets virkelighet i \"Læreren\". En forestilling om ansvar, relasjoner og indre oppløsning, som rører ved både humor og alvor.","breadcrumb":{"@id":"https:\/\/www.visital.no\/arrangementer\/riksteateret-laereren\/#breadcrumb"},"inLanguage":"de-DE","potentialAction":[{"@type":"ReadAction","target":["https:\/\/www.visital.no\/arrangementer\/riksteateret-laereren\/"]}]},{"@type":"ImageObject","inLanguage":"de-DE","@id":"https:\/\/www.visital.no\/arrangementer\/riksteateret-laereren\/#primaryimage","url":"https:\/\/www.visital.no\/wp-content\/uploads\/2025\/05\/173193.jpg","contentUrl":"https:\/\/www.visital.no\/wp-content\/uploads\/2025\/05\/173193.jpg","width":8000,"height":4500},{"@type":"BreadcrumbList","@id":"https:\/\/www.visital.no\/arrangementer\/riksteateret-laereren\/#breadcrumb","itemListElement":[{"@type":"ListItem","position":1,"name":"Home","item":"https:\/\/www.visital.no\/"},{"@type":"ListItem","position":2,"name":"Arrangementer","item":"https:\/\/www.visital.no\/arrangementer\/"},{"@type":"ListItem","position":3,"name":"Riksteateret: Læreren"}]},{"@type":"WebSite","@id":"https:\/\/www.visital.no\/#website","url":"https:\/\/www.visital.no\/","name":"Visit Ål","description":"","publisher":{"@id":"https:\/\/www.visital.no\/#organization"},"potentialAction":[{"@type":"SearchAction","target":{"@type":"EntryPoint","urlTemplate":"https:\/\/www.visital.no\/?s={search_term_string}"},"query-input":{"@type":"PropertyValueSpecification","valueRequired":true,"valueName":"search_term_string"}}],"inLanguage":"de-DE"},{"@type":"Organization","@id":"https:\/\/www.visital.no\/#organization","name":"Visit Ål","url":"https:\/\/www.visital.no\/","logo":{"@type":"ImageObject","inLanguage":"de-DE","@id":"https:\/\/www.visital.no\/#\/schema\/logo\/image\/","url":"https:\/\/www.visital.no\/wp-content\/uploads\/2024\/11\/al-i-hallingdal-logo.svg","contentUrl":"https:\/\/www.visital.no\/wp-content\/uploads\/2024\/11\/al-i-hallingdal-logo.svg","width":258,"height":100,"caption":"Visit Ål"},"image":{"@id":"https:\/\/www.visital.no\/#\/schema\/logo\/image\/"},"sameAs":["https:\/\/facebook.com\/visitalihallingdal\/","https:\/\/instagram.com\/visitalihallingdal\/","https:\/\/youtube.com\/user\/alutvikling"]}]}</script>

Riksteateret: Læreren - Visit Ål

Fredrik Høyer tar oss med på en tankevekkende reise gjennom læreryrkets virkelighet i "Læreren". En forestilling om ansvar, relasjoner og indre oppløsning, som rører ved både humor og alvor.

Visit Ål

Riksteateret: Læreren

Besuchen Sie Ål
