{"id":1986,"date":"2025-04-02T13:55:29","date_gmt":"2025-04-02T11:55:29","guid":{"rendered":"https:\/\/www.visital.no\/?post_type=tribe_events&#038;p=1986"},"modified":"2025-06-24T13:58:26","modified_gmt":"2025-06-24T11:58:26","slug":"langfredagfest-med-konsert-og-musikkquiz","status":"publish","type":"tribe_events","link":"https:\/\/www.visital.no\/de\/arrangementer\/langfredagfest-med-konsert-og-musikkquiz\/","title":{"rendered":"Karfreitagsfeier mit Konzert und Musikquiz"},"content":{"rendered":"<div class=\"xdj266r x11i5rnm xat24cr x1mh8g0r x1vvkbs\">Machen Sie eine Pause von Klebstoff, Sonnencreme, Orangen und langatmigen Osterr\u00e4tseln - kommen Sie zur Karfreitagsparty im Topcamp Hallingdal. Die T\u00fcren \u00f6ffnen um 18.00 Uhr (und je fr\u00fcher Sie kommen, desto besser ist der Tisch!)<\/p>\n<\/div>\n<div class=\"x11i5rnm xat24cr x1mh8g0r x1vvkbs xtlvy1s\"><strong>Musik-Quiz<\/strong><br class=\"html-br\" \/>Um 19.00 Uhr findet ein informelles Musikquiz statt, bei dem Sie die M\u00f6glichkeit haben, AMAZING-Preise zu gewinnen. W\u00e4hrend des Quiz ist es m\u00f6glich, alkoholfreie Getr\u00e4nke und Snacks an der Bar zu kaufen.<\/p>\n<\/div>\n<div class=\"x11i5rnm xat24cr x1mh8g0r x1vvkbs xtlvy1s\"><strong>Live-Musik<\/strong><br class=\"html-br\" \/>Um 22.00 Uhr gibt es LIVE-Musik mit Kristoffer S\u00f8rensen - bekannt aus The Voice 2023! Machen Sie sich bereit f\u00fcr einen Abend voller bekannter und beliebter Songs, die die Stimmung garantiert auf ein neues Niveau heben werden!<\/div>\n<div class=\"x11i5rnm xat24cr x1mh8g0r x1vvkbs xtlvy1s\">\nACHTUNG! Wenn sie voll ist, ist sie ausverkauft. Wir empfehlen Ihnen daher, sich Ihr Ticket rechtzeitig zu sichern.<\/div>\n<div class=\"x11i5rnm xat24cr x1mh8g0r x1vvkbs xtlvy1s\">\nAltersgrenze 20 Jahre.<\/div>","protected":false},"excerpt":{"rendered":"<p>Karfreitagsparty im Topcamp in Hallingdal mit Musikquiz und Konzert mit Kristoffer S\u00f8rensen - bekannt aus The Voice 2023!<\/p>","protected":false},"author":3,"featured_media":1987,"template":"","meta":{"_acf_changed":false,"_tribe_events_status":"","_tribe_events_status_reason":"","footnotes":""},"tags":[],"tribe_events_cat":[100],"class_list":["post-1986","tribe_events","type-tribe_events","status-publish","has-post-thumbnail","hentry","tribe_events_cat-paske","cat_paske"],"acf":[],"yoast_head":"<title>Langfredagfest med konsert og musikkquiz - Visit \u00c5l<\/title>\n<meta name=\"robots\" content=\"noindex, follow\" \/>\n<meta property=\"og:locale\" content=\"de_DE\" \/>\n<meta property=\"og:type\" content=\"article\" \/>\n<meta property=\"og:title\" content=\"Langfredagfest med konsert og musikkquiz - Visit \u00c5l\" \/>\n<meta property=\"og:description\" content=\"Langfredagsfest p\u00e5 Topcamp i Hallingdal med musikkquiz og konsert med Kristoffer S\u00f8rensen - kjent fra the Voice 2023!\" \/>\n<meta property=\"og:url\" content=\"https:\/\/www.visital.no\/de\/arrangementer\/langfredagfest-med-konsert-og-musikkquiz\/\" \/>\n<meta property=\"og:site_name\" content=\"Visit \u00c5l\" \/>\n<meta property=\"article:publisher\" content=\"https:\/\/facebook.com\/visitalihallingdal\/\" \/>\n<meta property=\"article:modified_time\" content=\"2025-06-24T11:58:26+00:00\" \/>\n<meta property=\"og:image\" content=\"https:\/\/www.visital.no\/wp-content\/uploads\/2025\/04\/486369337-1099590062205599-3402571328547211379-n.jpg\" \/>\n\t<meta property=\"og:image:width\" content=\"2048\" \/>\n\t<meta property=\"og:image:height\" content=\"1365\" \/>\n\t<meta property=\"og:image:type\" content=\"image\/jpeg\" \/>\n<meta name=\"twitter:card\" content=\"summary_large_image\" \/>\n<meta name=\"twitter:label1\" content=\"Est. reading time\" \/>\n\t<meta name=\"twitter:data1\" content=\"1 minute\" \/>\n<script type=\"application\/ld+json\" class=\"yoast-schema-graph\">{\"@context\":\"https:\\\/\\\/schema.org\",\"@graph\":[{\"@type\":\"WebPage\",\"@id\":\"https:\\\/\\\/www.visital.no\\\/arrangementer\\\/langfredagfest-med-konsert-og-musikkquiz\\\/\",\"url\":\"https:\\\/\\\/www.visital.no\\\/arrangementer\\\/langfredagfest-med-konsert-og-musikkquiz\\\/\",\"name\":\"Langfredagfest med konsert og musikkquiz - Visit \u00c5l\",\"isPartOf\":{\"@id\":\"https:\\\/\\\/www.visital.no\\\/#website\"},\"primaryImageOfPage\":{\"@id\":\"https:\\\/\\\/www.visital.no\\\/arrangementer\\\/langfredagfest-med-konsert-og-musikkquiz\\\/#primaryimage\"},\"image\":{\"@id\":\"https:\\\/\\\/www.visital.no\\\/arrangementer\\\/langfredagfest-med-konsert-og-musikkquiz\\\/#primaryimage\"},\"thumbnailUrl\":\"https:\\\/\\\/www.visital.no\\\/wp-content\\\/uploads\\\/2025\\\/04\\\/486369337-1099590062205599-3402571328547211379-n.jpg\",\"datePublished\":\"2025-04-02T11:55:29+00:00\",\"dateModified\":\"2025-06-24T11:58:26+00:00\",\"breadcrumb\":{\"@id\":\"https:\\\/\\\/www.visital.no\\\/arrangementer\\\/langfredagfest-med-konsert-og-musikkquiz\\\/#breadcrumb\"},\"inLanguage\":\"de-DE\",\"potentialAction\":[{\"@type\":\"ReadAction\",\"target\":[\"https:\\\/\\\/www.visital.no\\\/arrangementer\\\/langfredagfest-med-konsert-og-musikkquiz\\\/\"]}]},{\"@type\":\"ImageObject\",\"inLanguage\":\"de-DE\",\"@id\":\"https:\\\/\\\/www.visital.no\\\/arrangementer\\\/langfredagfest-med-konsert-og-musikkquiz\\\/#primaryimage\",\"url\":\"https:\\\/\\\/www.visital.no\\\/wp-content\\\/uploads\\\/2025\\\/04\\\/486369337-1099590062205599-3402571328547211379-n.jpg\",\"contentUrl\":\"https:\\\/\\\/www.visital.no\\\/wp-content\\\/uploads\\\/2025\\\/04\\\/486369337-1099590062205599-3402571328547211379-n.jpg\",\"width\":2048,\"height\":1365,\"caption\":\"Kristoffer S\u00f8rensen fra The Voice 2023\"},{\"@type\":\"BreadcrumbList\",\"@id\":\"https:\\\/\\\/www.visital.no\\\/arrangementer\\\/langfredagfest-med-konsert-og-musikkquiz\\\/#breadcrumb\",\"itemListElement\":[{\"@type\":\"ListItem\",\"position\":1,\"name\":\"Home\",\"item\":\"https:\\\/\\\/www.visital.no\\\/\"},{\"@type\":\"ListItem\",\"position\":2,\"name\":\"Arrangementer\",\"item\":\"https:\\\/\\\/www.visital.no\\\/arrangementer\\\/\"},{\"@type\":\"ListItem\",\"position\":3,\"name\":\"Langfredagfest med konsert og musikkquiz\"}]},{\"@type\":\"WebSite\",\"@id\":\"https:\\\/\\\/www.visital.no\\\/#website\",\"url\":\"https:\\\/\\\/www.visital.no\\\/\",\"name\":\"Visit \u00c5l\",\"description\":\"\",\"publisher\":{\"@id\":\"https:\\\/\\\/www.visital.no\\\/#organization\"},\"potentialAction\":[{\"@type\":\"SearchAction\",\"target\":{\"@type\":\"EntryPoint\",\"urlTemplate\":\"https:\\\/\\\/www.visital.no\\\/?s={search_term_string}\"},\"query-input\":{\"@type\":\"PropertyValueSpecification\",\"valueRequired\":true,\"valueName\":\"search_term_string\"}}],\"inLanguage\":\"de-DE\"},{\"@type\":\"Organization\",\"@id\":\"https:\\\/\\\/www.visital.no\\\/#organization\",\"name\":\"Visit \u00c5l\",\"url\":\"https:\\\/\\\/www.visital.no\\\/\",\"logo\":{\"@type\":\"ImageObject\",\"inLanguage\":\"de-DE\",\"@id\":\"https:\\\/\\\/www.visital.no\\\/#\\\/schema\\\/logo\\\/image\\\/\",\"url\":\"https:\\\/\\\/www.visital.no\\\/wp-content\\\/uploads\\\/2024\\\/11\\\/al-i-hallingdal-logo.svg\",\"contentUrl\":\"https:\\\/\\\/www.visital.no\\\/wp-content\\\/uploads\\\/2024\\\/11\\\/al-i-hallingdal-logo.svg\",\"width\":258,\"height\":100,\"caption\":\"Visit \u00c5l\"},\"image\":{\"@id\":\"https:\\\/\\\/www.visital.no\\\/#\\\/schema\\\/logo\\\/image\\\/\"},\"sameAs\":[\"https:\\\/\\\/facebook.com\\\/visitalihallingdal\\\/\",\"https:\\\/\\\/instagram.com\\\/visitalihallingdal\\\/\",\"https:\\\/\\\/youtube.com\\\/user\\\/alutvikling\"]}]}<\/script>","yoast_head_json":{"title":"Langfredagfest med konsert og musikkquiz - Visit \u00c5l","robots":{"index":"noindex","follow":"follow"},"og_locale":"de_DE","og_type":"article","og_title":"Langfredagfest med konsert og musikkquiz - Visit \u00c5l","og_description":"Langfredagsfest p\u00e5 Topcamp i Hallingdal med musikkquiz og konsert med Kristoffer S\u00f8rensen - kjent fra the Voice 2023!","og_url":"https:\/\/www.visital.no\/de\/arrangementer\/langfredagfest-med-konsert-og-musikkquiz\/","og_site_name":"Visit \u00c5l","article_publisher":"https:\/\/facebook.com\/visitalihallingdal\/","article_modified_time":"2025-06-24T11:58:26+00:00","og_image":[{"width":2048,"height":1365,"url":"https:\/\/www.visital.no\/wp-content\/uploads\/2025\/04\/486369337-1099590062205599-3402571328547211379-n.jpg","type":"image\/jpeg"}],"twitter_card":"summary_large_image","twitter_misc":{"Est. reading time":"1 minute"},"schema":{"@context":"https:\/\/schema.org","@graph":[{"@type":"WebPage","@id":"https:\/\/www.visital.no\/arrangementer\/langfredagfest-med-konsert-og-musikkquiz\/","url":"https:\/\/www.visital.no\/arrangementer\/langfredagfest-med-konsert-og-musikkquiz\/","name":"Langfredagfest med konsert og musikkquiz - Visit \u00c5l","isPartOf":{"@id":"https:\/\/www.visital.no\/#website"},"primaryImageOfPage":{"@id":"https:\/\/www.visital.no\/arrangementer\/langfredagfest-med-konsert-og-musikkquiz\/#primaryimage"},"image":{"@id":"https:\/\/www.visital.no\/arrangementer\/langfredagfest-med-konsert-og-musikkquiz\/#primaryimage"},"thumbnailUrl":"https:\/\/www.visital.no\/wp-content\/uploads\/2025\/04\/486369337-1099590062205599-3402571328547211379-n.jpg","datePublished":"2025-04-02T11:55:29+00:00","dateModified":"2025-06-24T11:58:26+00:00","breadcrumb":{"@id":"https:\/\/www.visital.no\/arrangementer\/langfredagfest-med-konsert-og-musikkquiz\/#breadcrumb"},"inLanguage":"de-DE","potentialAction":[{"@type":"ReadAction","target":["https:\/\/www.visital.no\/arrangementer\/langfredagfest-med-konsert-og-musikkquiz\/"]}]},{"@type":"ImageObject","inLanguage":"de-DE","@id":"https:\/\/www.visital.no\/arrangementer\/langfredagfest-med-konsert-og-musikkquiz\/#primaryimage","url":"https:\/\/www.visital.no\/wp-content\/uploads\/2025\/04\/486369337-1099590062205599-3402571328547211379-n.jpg","contentUrl":"https:\/\/www.visital.no\/wp-content\/uploads\/2025\/04\/486369337-1099590062205599-3402571328547211379-n.jpg","width":2048,"height":1365,"caption":"Kristoffer S\u00f8rensen fra The Voice 2023"},{"@type":"BreadcrumbList","@id":"https:\/\/www.visital.no\/arrangementer\/langfredagfest-med-konsert-og-musikkquiz\/#breadcrumb","itemListElement":[{"@type":"ListItem","position":1,"name":"Home","item":"https:\/\/www.visital.no\/"},{"@type":"ListItem","position":2,"name":"Arrangementer","item":"https:\/\/www.visital.no\/arrangementer\/"},{"@type":"ListItem","position":3,"name":"Langfredagfest med konsert og musikkquiz"}]},{"@type":"WebSite","@id":"https:\/\/www.visital.no\/#website","url":"https:\/\/www.visital.no\/","name":"Besuchen Sie \u00c5l","description":"","publisher":{"@id":"https:\/\/www.visital.no\/#organization"},"potentialAction":[{"@type":"SearchAction","target":{"@type":"EntryPoint","urlTemplate":"https:\/\/www.visital.no\/?s={search_term_string}"},"query-input":{"@type":"PropertyValueSpecification","valueRequired":true,"valueName":"search_term_string"}}],"inLanguage":"de-DE"},{"@type":"Organization","@id":"https:\/\/www.visital.no\/#organization","name":"Besuchen Sie \u00c5l","url":"https:\/\/www.visital.no\/","logo":{"@type":"ImageObject","inLanguage":"de-DE","@id":"https:\/\/www.visital.no\/#\/schema\/logo\/image\/","url":"https:\/\/www.visital.no\/wp-content\/uploads\/2024\/11\/al-i-hallingdal-logo.svg","contentUrl":"https:\/\/www.visital.no\/wp-content\/uploads\/2024\/11\/al-i-hallingdal-logo.svg","width":258,"height":100,"caption":"Visit \u00c5l"},"image":{"@id":"https:\/\/www.visital.no\/#\/schema\/logo\/image\/"},"sameAs":["https:\/\/facebook.com\/visitalihallingdal\/","https:\/\/instagram.com\/visitalihallingdal\/","https:\/\/youtube.com\/user\/alutvikling"]}]}},"_links":{"self":[{"href":"https:\/\/www.visital.no\/de\/wp-json\/wp\/v2\/tribe_events\/1986","targetHints":{"allow":["GET"]}}],"collection":[{"href":"https:\/\/www.visital.no\/de\/wp-json\/wp\/v2\/tribe_events"}],"about":[{"href":"https:\/\/www.visital.no\/de\/wp-json\/wp\/v2\/types\/tribe_events"}],"author":[{"embeddable":true,"href":"https:\/\/www.visital.no\/de\/wp-json\/wp\/v2\/users\/3"}],"version-history":[{"count":1,"href":"https:\/\/www.visital.no\/de\/wp-json\/wp\/v2\/tribe_events\/1986\/revisions"}],"predecessor-version":[{"id":1990,"href":"https:\/\/www.visital.no\/de\/wp-json\/wp\/v2\/tribe_events\/1986\/revisions\/1990"}],"wp:featuredmedia":[{"embeddable":true,"href":"https:\/\/www.visital.no\/de\/wp-json\/wp\/v2\/media\/1987"}],"wp:attachment":[{"href":"https:\/\/www.visital.no\/de\/wp-json\/wp\/v2\/media?parent=1986"}],"wp:term":[{"taxonomy":"post_tag","embeddable":true,"href":"https:\/\/www.visital.no\/de\/wp-json\/wp\/v2\/tags?post=1986"},{"taxonomy":"tribe_events_cat","embeddable":true,"href":"https:\/\/www.visital.no\/de\/wp-json\/wp\/v2\/tribe_events_cat?post=1986"}],"curies":[{"name":"WordPress","href":"https:\/\/api.w.org\/{rel}","templated":true}]}}

<div class="xdj266r x11i5rnm xat24cr x1mh8g0r x1vvkbs">Machen Sie eine Pause von Klebstoff, Sonnencreme, Orangen und langatmigen Osterrätseln - kommen Sie zur Karfreitagsparty im Topcamp Hallingdal. Die Türen öffnen um 18.00 Uhr (und je früher Sie kommen, desto besser ist der Tisch!)</p>
</div>
<div class="x11i5rnm xat24cr x1mh8g0r x1vvkbs xtlvy1s"><strong>Musik-Quiz</strong><br class="html-br" />Um 19.00 Uhr findet ein informelles Musikquiz statt, bei dem Sie die Möglichkeit haben, AMAZING-Preise zu gewinnen. Während des Quiz ist es möglich, alkoholfreie Getränke und Snacks an der Bar zu kaufen.</p>
</div>
<div class="x11i5rnm xat24cr x1mh8g0r x1vvkbs xtlvy1s"><strong>Live-Musik</strong><br class="html-br" />Um 22.00 Uhr gibt es LIVE-Musik mit Kristoffer Sørensen - bekannt aus The Voice 2023! Machen Sie sich bereit für einen Abend voller bekannter und beliebter Songs, die die Stimmung garantiert auf ein neues Niveau heben werden!</div>
<div class="x11i5rnm xat24cr x1mh8g0r x1vvkbs xtlvy1s">
ACHTUNG! Wenn sie voll ist, ist sie ausverkauft. Wir empfehlen Ihnen daher, sich Ihr Ticket rechtzeitig zu sichern.</div>
<div class="x11i5rnm xat24cr x1mh8g0r x1vvkbs xtlvy1s">
Altersgrenze 20 Jahre.</div>

<p>Karfreitagsparty im Topcamp in Hallingdal mit Musikquiz und Konzert mit Kristoffer Sørensen - bekannt aus The Voice 2023!</p>

<title>Langfredagfest med konsert og musikkquiz - Visit Ål</title>
<meta name="robots" content="noindex, follow" />
<meta property="og:locale" content="de_DE" />
<meta property="og:type" content="article" />
<meta property="og:title" content="Langfredagfest med konsert og musikkquiz - Visit Ål" />
<meta property="og:description" content="Langfredagsfest på Topcamp i Hallingdal med musikkquiz og konsert med Kristoffer Sørensen - kjent fra the Voice 2023!" />
<meta property="og:url" content="https://www.visital.no/de/arrangementer/langfredagfest-med-konsert-og-musikkquiz/" />
<meta property="og:site_name" content="Visit Ål" />
<meta property="article:publisher" content="https://facebook.com/visitalihallingdal/" />
<meta property="article:modified_time" content="2025-06-24T11:58:26+00:00" />
<meta property="og:image" content="https://www.visital.no/wp-content/uploads/2025/04/486369337-1099590062205599-3402571328547211379-n.jpg" />
	<meta property="og:image:width" content="2048" />
	<meta property="og:image:height" content="1365" />
	<meta property="og:image:type" content="image/jpeg" />
<meta name="twitter:card" content="summary_large_image" />
<meta name="twitter:label1" content="Est. reading time" />
	<meta name="twitter:data1" content="1 minute" />
<script type="application/ld+json" class="yoast-schema-graph">{"@context":"https:\/\/schema.org","@graph":[{"@type":"WebPage","@id":"https:\/\/www.visital.no\/arrangementer\/langfredagfest-med-konsert-og-musikkquiz\/","url":"https:\/\/www.visital.no\/arrangementer\/langfredagfest-med-konsert-og-musikkquiz\/","name":"Langfredagfest med konsert og musikkquiz - Visit Ål","isPartOf":{"@id":"https:\/\/www.visital.no\/#website"},"primaryImageOfPage":{"@id":"https:\/\/www.visital.no\/arrangementer\/langfredagfest-med-konsert-og-musikkquiz\/#primaryimage"},"image":{"@id":"https:\/\/www.visital.no\/arrangementer\/langfredagfest-med-konsert-og-musikkquiz\/#primaryimage"},"thumbnailUrl":"https:\/\/www.visital.no\/wp-content\/uploads\/2025\/04\/486369337-1099590062205599-3402571328547211379-n.jpg","datePublished":"2025-04-02T11:55:29+00:00","dateModified":"2025-06-24T11:58:26+00:00","breadcrumb":{"@id":"https:\/\/www.visital.no\/arrangementer\/langfredagfest-med-konsert-og-musikkquiz\/#breadcrumb"},"inLanguage":"de-DE","potentialAction":[{"@type":"ReadAction","target":["https:\/\/www.visital.no\/arrangementer\/langfredagfest-med-konsert-og-musikkquiz\/"]}]},{"@type":"ImageObject","inLanguage":"de-DE","@id":"https:\/\/www.visital.no\/arrangementer\/langfredagfest-med-konsert-og-musikkquiz\/#primaryimage","url":"https:\/\/www.visital.no\/wp-content\/uploads\/2025\/04\/486369337-1099590062205599-3402571328547211379-n.jpg","contentUrl":"https:\/\/www.visital.no\/wp-content\/uploads\/2025\/04\/486369337-1099590062205599-3402571328547211379-n.jpg","width":2048,"height":1365,"caption":"Kristoffer Sørensen fra The Voice 2023"},{"@type":"BreadcrumbList","@id":"https:\/\/www.visital.no\/arrangementer\/langfredagfest-med-konsert-og-musikkquiz\/#breadcrumb","itemListElement":[{"@type":"ListItem","position":1,"name":"Home","item":"https:\/\/www.visital.no\/"},{"@type":"ListItem","position":2,"name":"Arrangementer","item":"https:\/\/www.visital.no\/arrangementer\/"},{"@type":"ListItem","position":3,"name":"Langfredagfest med konsert og musikkquiz"}]},{"@type":"WebSite","@id":"https:\/\/www.visital.no\/#website","url":"https:\/\/www.visital.no\/","name":"Visit Ål","description":"","publisher":{"@id":"https:\/\/www.visital.no\/#organization"},"potentialAction":[{"@type":"SearchAction","target":{"@type":"EntryPoint","urlTemplate":"https:\/\/www.visital.no\/?s={search_term_string}"},"query-input":{"@type":"PropertyValueSpecification","valueRequired":true,"valueName":"search_term_string"}}],"inLanguage":"de-DE"},{"@type":"Organization","@id":"https:\/\/www.visital.no\/#organization","name":"Visit Ål","url":"https:\/\/www.visital.no\/","logo":{"@type":"ImageObject","inLanguage":"de-DE","@id":"https:\/\/www.visital.no\/#\/schema\/logo\/image\/","url":"https:\/\/www.visital.no\/wp-content\/uploads\/2024\/11\/al-i-hallingdal-logo.svg","contentUrl":"https:\/\/www.visital.no\/wp-content\/uploads\/2024\/11\/al-i-hallingdal-logo.svg","width":258,"height":100,"caption":"Visit Ål"},"image":{"@id":"https:\/\/www.visital.no\/#\/schema\/logo\/image\/"},"sameAs":["https:\/\/facebook.com\/visitalihallingdal\/","https:\/\/instagram.com\/visitalihallingdal\/","https:\/\/youtube.com\/user\/alutvikling"]}]}</script>

Langfredagfest med konsert og musikkquiz - Visit Ål

Langfredagsfest på Topcamp i Hallingdal med musikkquiz og konsert med Kristoffer Sørensen - kjent fra the Voice 2023!

Visit Ål

Kristoffer Sørensen fra The Voice 2023

Besuchen Sie Ål
